{"id":5567,"date":"2024-03-27T00:00:00","date_gmt":"2024-03-27T00:00:00","guid":{"rendered":"https:\/\/mwc-cmm.org\/prayers\/pn-march-24-nepal-3\/"},"modified":"2024-12-06T19:15:20","modified_gmt":"2024-12-06T19:15:20","slug":"pn-march-24-nepal-3","status":"publish","type":"prayers","link":"https:\/\/mwc-cmm.org\/fr\/prayer\/pn-march-24-nepal-3\/","title":{"rendered":"PN-March-24-Nepal"},"content":{"rendered":"<p>28 maisons de membres de l\u00d5\u008eglise BIC Nepal et le b\u0089timent destin\u008e au culte ont \u008et\u008e d\u008etruits dans la municipalit\u008e de Rangeli, dans le district de Morang, au N\u008epal, apr\u008fs qu\u00d5un court-circuit \u008electrique ait d\u008eclench\u008e un important incendie.&nbsp;<\/p>\n<p>\u00c7&nbsp;Maintenant, ils n\u00d5ont plus d\u00d5abri pour vivre et plus rien \u0088 manger \u0088 part du riz br\u009el\u008e et m\u0090me la plupart de leurs ustensiles de cuisine sont endommag\u008es&nbsp;\u00c8, \u008ecrit Shemlal Hembrom, secr\u008etaire g\u008en\u008eral de l\u00d5\u008eglise BIC Nepal\/Brethren in Community Welfare Society. \u00d2Des habitants du village voisin et des membres du centre de jeunesse local ont fourni de la nourriture aux victimes. D\u00d5autres organisations et \u008eglises locales, dont l\u00d5\u0083glise BIC du N\u008epal, ont pr\u008evu de fournir \u0088 chaque famille un mois de nourriture, des ustensiles, du gaz de cuisine, une paire de v\u0090tements, des lits, des matelas, des draps de lit et deux tentes en plastique pour un abri temporaire.&nbsp;<\/p>\n<p>\u00c7&nbsp;Merci de prier pour toutes les victimes de l\u00d5incendie et que Dieu ouvre la voie pour aider nos fid\u008fles \u0088 reconstruire leurs maisons et le b\u0089timent de l\u00d5\u008eglise\u00d3.&nbsp;<\/p>\n<p><em>\u00c7&nbsp;Accorde-moi ta gr\u0089ce, mon Dieu, oui, fais-moi gr\u0089ce&nbsp;! Pr\u008fs de toi, je cherche refuge&nbsp;; je viens \u0088 l\u00d5abri, sous ta protection, jusqu\u00d5\u0088 ce que l\u00d5\u008epreuve soit pass\u008ee.&nbsp;\u00c8 \u00d0 Psaume 57,1&nbsp;<\/em><\/p>\n","protected":false},"excerpt":{"rendered":"<p>28 maisons de membres de l\u00d5\u008eglise BIC Nepal et le b\u0089timent destin\u008e au culte ont \u008et\u008e d\u008etruits dans la municipalit\u008e de Rangeli, dans le district de Morang, au N\u008epal, apr\u008fs qu\u00d5un court-circuit \u008electrique ait d\u008eclench\u008e un important incendie.&nbsp; \u00c7&nbsp;Maintenant, ils n\u00d5ont plus d\u00d5abri pour vivre et plus rien \u0088 manger \u0088 part du riz br\u009el\u008e [&hellip;]<\/p>\n","protected":false},"featured_media":75895,"template":"","class_list":["post-5567","prayers","type-prayers","status-publish","has-post-thumbnail","hentry"],"acf":[],"yoast_head":"<!-- This site is optimized with the Yoast SEO plugin v27.5 - https:\/\/yoast.com\/product\/yoast-seo-wordpress\/ -->\n<title>PN-March-24-Nepal - Mennonite World Conference<\/title>\n<meta name=\"robots\" content=\"index, follow, max-snippet:-1, max-image-preview:large, max-video-preview:-1\" \/>\n<link rel=\"canonical\" href=\"https:\/\/mwc-cmm.org\/fr\/prayer\/pn-march-24-nepal-3\/\" \/>\n<meta property=\"og:locale\" content=\"fr_FR\" \/>\n<meta property=\"og:type\" content=\"article\" \/>\n<meta property=\"og:title\" content=\"PN-March-24-Nepal - Mennonite World Conference\" \/>\n<meta property=\"og:description\" content=\"28 maisons de membres de l\u00d5\u008eglise BIC Nepal et le b\u0089timent destin\u008e au culte ont \u008et\u008e d\u008etruits dans la municipalit\u008e de Rangeli, dans le district de Morang, au N\u008epal, apr\u008fs qu\u00d5un court-circuit \u008electrique ait d\u008eclench\u008e un important incendie.&nbsp; \u00c7&nbsp;Maintenant, ils n\u00d5ont plus d\u00d5abri pour vivre et plus rien \u0088 manger \u0088 part du riz br\u009el\u008e [&hellip;]\" \/>\n<meta property=\"og:url\" content=\"https:\/\/mwc-cmm.org\/fr\/prayer\/pn-march-24-nepal-3\/\" \/>\n<meta property=\"og:site_name\" content=\"Mennonite World Conference\" \/>\n<meta property=\"article:publisher\" content=\"https:\/\/www.facebook.com\/MennoniteWorldConference\" \/>\n<meta property=\"article:modified_time\" content=\"2024-12-06T19:15:20+00:00\" \/>\n<meta property=\"og:image\" content=\"https:\/\/mwc-cmm.org\/wp-content\/uploads\/2024\/11\/whatsapp_image_2024-03-28_at_00.07.17_1.jpeg\" \/>\n\t<meta property=\"og:image:width\" content=\"1040\" \/>\n\t<meta property=\"og:image:height\" content=\"468\" \/>\n\t<meta property=\"og:image:type\" content=\"image\/jpeg\" \/>\n<script type=\"application\/ld+json\" class=\"yoast-schema-graph\">{\"@context\":\"https:\\\/\\\/schema.org\",\"@graph\":[{\"@type\":\"WebPage\",\"@id\":\"https:\\\/\\\/mwc-cmm.org\\\/fr\\\/prayer\\\/pn-march-24-nepal-3\\\/\",\"url\":\"https:\\\/\\\/mwc-cmm.org\\\/fr\\\/prayer\\\/pn-march-24-nepal-3\\\/\",\"name\":\"PN-March-24-Nepal - Mennonite World Conference\",\"isPartOf\":{\"@id\":\"https:\\\/\\\/mwc-cmm.org\\\/en\\\/#website\"},\"primaryImageOfPage\":{\"@id\":\"https:\\\/\\\/mwc-cmm.org\\\/fr\\\/prayer\\\/pn-march-24-nepal-3\\\/#primaryimage\"},\"image\":{\"@id\":\"https:\\\/\\\/mwc-cmm.org\\\/fr\\\/prayer\\\/pn-march-24-nepal-3\\\/#primaryimage\"},\"thumbnailUrl\":\"https:\\\/\\\/mwc-cmm.org\\\/wp-content\\\/uploads\\\/2024\\\/11\\\/whatsapp_image_2024-03-28_at_00.07.17_1.jpeg\",\"datePublished\":\"2024-03-27T00:00:00+00:00\",\"dateModified\":\"2024-12-06T19:15:20+00:00\",\"breadcrumb\":{\"@id\":\"https:\\\/\\\/mwc-cmm.org\\\/fr\\\/prayer\\\/pn-march-24-nepal-3\\\/#breadcrumb\"},\"inLanguage\":\"fr-FR\",\"potentialAction\":[{\"@type\":\"ReadAction\",\"target\":[\"https:\\\/\\\/mwc-cmm.org\\\/fr\\\/prayer\\\/pn-march-24-nepal-3\\\/\"]}]},{\"@type\":\"ImageObject\",\"inLanguage\":\"fr-FR\",\"@id\":\"https:\\\/\\\/mwc-cmm.org\\\/fr\\\/prayer\\\/pn-march-24-nepal-3\\\/#primaryimage\",\"url\":\"https:\\\/\\\/mwc-cmm.org\\\/wp-content\\\/uploads\\\/2024\\\/11\\\/whatsapp_image_2024-03-28_at_00.07.17_1.jpeg\",\"contentUrl\":\"https:\\\/\\\/mwc-cmm.org\\\/wp-content\\\/uploads\\\/2024\\\/11\\\/whatsapp_image_2024-03-28_at_00.07.17_1.jpeg\",\"width\":1040,\"height\":468},{\"@type\":\"BreadcrumbList\",\"@id\":\"https:\\\/\\\/mwc-cmm.org\\\/fr\\\/prayer\\\/pn-march-24-nepal-3\\\/#breadcrumb\",\"itemListElement\":[{\"@type\":\"ListItem\",\"position\":1,\"name\":\"Home\",\"item\":\"https:\\\/\\\/mwc-cmm.org\\\/fr\\\/\"},{\"@type\":\"ListItem\",\"position\":2,\"name\":\"Prayers\",\"item\":\"https:\\\/\\\/mwc-cmm.org\\\/en\\\/prayer\\\/\"},{\"@type\":\"ListItem\",\"position\":3,\"name\":\"PN-March-24-Nepal\"}]},{\"@type\":\"WebSite\",\"@id\":\"https:\\\/\\\/mwc-cmm.org\\\/en\\\/#website\",\"url\":\"https:\\\/\\\/mwc-cmm.org\\\/en\\\/\",\"name\":\"Mennonite World Conference\",\"description\":\"A communion of Anabaptist-related churches\",\"publisher\":{\"@id\":\"https:\\\/\\\/mwc-cmm.org\\\/en\\\/#organization\"},\"alternateName\":\"MWC\",\"potentialAction\":[{\"@type\":\"SearchAction\",\"target\":{\"@type\":\"EntryPoint\",\"urlTemplate\":\"https:\\\/\\\/mwc-cmm.org\\\/en\\\/?s={search_term_string}\"},\"query-input\":{\"@type\":\"PropertyValueSpecification\",\"valueRequired\":true,\"valueName\":\"search_term_string\"}}],\"inLanguage\":\"fr-FR\"},{\"@type\":\"Organization\",\"@id\":\"https:\\\/\\\/mwc-cmm.org\\\/en\\\/#organization\",\"name\":\"Mennonite World Conference\",\"alternateName\":\"MWC\",\"url\":\"https:\\\/\\\/mwc-cmm.org\\\/en\\\/\",\"logo\":{\"@type\":\"ImageObject\",\"inLanguage\":\"fr-FR\",\"@id\":\"https:\\\/\\\/mwc-cmm.org\\\/en\\\/#\\\/schema\\\/logo\\\/image\\\/\",\"url\":\"https:\\\/\\\/mwc-cmm.org\\\/wp-content\\\/uploads\\\/2026\\\/01\\\/MWC_Sig_Blue_Horiz_webheader1-logo.svg\",\"contentUrl\":\"https:\\\/\\\/mwc-cmm.org\\\/wp-content\\\/uploads\\\/2026\\\/01\\\/MWC_Sig_Blue_Horiz_webheader1-logo.svg\",\"width\":786,\"height\":82,\"caption\":\"Mennonite World Conference\"},\"image\":{\"@id\":\"https:\\\/\\\/mwc-cmm.org\\\/en\\\/#\\\/schema\\\/logo\\\/image\\\/\"},\"sameAs\":[\"https:\\\/\\\/www.facebook.com\\\/MennoniteWorldConference\",\"https:\\\/\\\/www.linkedin.com\\\/company\\\/mennonite-world-conference-mwc\\\/\",\"https:\\\/\\\/www.instagram.com\\\/mwcmm\\\/\",\"https:\\\/\\\/www.youtube.com\\\/user\\\/mwccmm\",\"https:\\\/\\\/bsky.app\\\/profile\\\/mwcmm.bsky.social\"]}]}<\/script>\n<!-- \/ Yoast SEO plugin. -->","yoast_head_json":{"title":"PN-March-24-Nepal - Mennonite World Conference","robots":{"index":"index","follow":"follow","max-snippet":"max-snippet:-1","max-image-preview":"max-image-preview:large","max-video-preview":"max-video-preview:-1"},"canonical":"https:\/\/mwc-cmm.org\/fr\/prayer\/pn-march-24-nepal-3\/","og_locale":"fr_FR","og_type":"article","og_title":"PN-March-24-Nepal - Mennonite World Conference","og_description":"28 maisons de membres de l\u00d5\u008eglise BIC Nepal et le b\u0089timent destin\u008e au culte ont \u008et\u008e d\u008etruits dans la municipalit\u008e de Rangeli, dans le district de Morang, au N\u008epal, apr\u008fs qu\u00d5un court-circuit \u008electrique ait d\u008eclench\u008e un important incendie.&nbsp; \u00c7&nbsp;Maintenant, ils n\u00d5ont plus d\u00d5abri pour vivre et plus rien \u0088 manger \u0088 part du riz br\u009el\u008e [&hellip;]","og_url":"https:\/\/mwc-cmm.org\/fr\/prayer\/pn-march-24-nepal-3\/","og_site_name":"Mennonite World Conference","article_publisher":"https:\/\/www.facebook.com\/MennoniteWorldConference","article_modified_time":"2024-12-06T19:15:20+00:00","og_image":[{"width":1040,"height":468,"url":"https:\/\/mwc-cmm.org\/wp-content\/uploads\/2024\/11\/whatsapp_image_2024-03-28_at_00.07.17_1.jpeg","type":"image\/jpeg"}],"schema":{"@context":"https:\/\/schema.org","@graph":[{"@type":"WebPage","@id":"https:\/\/mwc-cmm.org\/fr\/prayer\/pn-march-24-nepal-3\/","url":"https:\/\/mwc-cmm.org\/fr\/prayer\/pn-march-24-nepal-3\/","name":"PN-March-24-Nepal - Mennonite World Conference","isPartOf":{"@id":"https:\/\/mwc-cmm.org\/en\/#website"},"primaryImageOfPage":{"@id":"https:\/\/mwc-cmm.org\/fr\/prayer\/pn-march-24-nepal-3\/#primaryimage"},"image":{"@id":"https:\/\/mwc-cmm.org\/fr\/prayer\/pn-march-24-nepal-3\/#primaryimage"},"thumbnailUrl":"https:\/\/mwc-cmm.org\/wp-content\/uploads\/2024\/11\/whatsapp_image_2024-03-28_at_00.07.17_1.jpeg","datePublished":"2024-03-27T00:00:00+00:00","dateModified":"2024-12-06T19:15:20+00:00","breadcrumb":{"@id":"https:\/\/mwc-cmm.org\/fr\/prayer\/pn-march-24-nepal-3\/#breadcrumb"},"inLanguage":"fr-FR","potentialAction":[{"@type":"ReadAction","target":["https:\/\/mwc-cmm.org\/fr\/prayer\/pn-march-24-nepal-3\/"]}]},{"@type":"ImageObject","inLanguage":"fr-FR","@id":"https:\/\/mwc-cmm.org\/fr\/prayer\/pn-march-24-nepal-3\/#primaryimage","url":"https:\/\/mwc-cmm.org\/wp-content\/uploads\/2024\/11\/whatsapp_image_2024-03-28_at_00.07.17_1.jpeg","contentUrl":"https:\/\/mwc-cmm.org\/wp-content\/uploads\/2024\/11\/whatsapp_image_2024-03-28_at_00.07.17_1.jpeg","width":1040,"height":468},{"@type":"BreadcrumbList","@id":"https:\/\/mwc-cmm.org\/fr\/prayer\/pn-march-24-nepal-3\/#breadcrumb","itemListElement":[{"@type":"ListItem","position":1,"name":"Home","item":"https:\/\/mwc-cmm.org\/fr\/"},{"@type":"ListItem","position":2,"name":"Prayers","item":"https:\/\/mwc-cmm.org\/en\/prayer\/"},{"@type":"ListItem","position":3,"name":"PN-March-24-Nepal"}]},{"@type":"WebSite","@id":"https:\/\/mwc-cmm.org\/en\/#website","url":"https:\/\/mwc-cmm.org\/en\/","name":"Mennonite World Conference","description":"A communion of Anabaptist-related churches","publisher":{"@id":"https:\/\/mwc-cmm.org\/en\/#organization"},"alternateName":"MWC","potentialAction":[{"@type":"SearchAction","target":{"@type":"EntryPoint","urlTemplate":"https:\/\/mwc-cmm.org\/en\/?s={search_term_string}"},"query-input":{"@type":"PropertyValueSpecification","valueRequired":true,"valueName":"search_term_string"}}],"inLanguage":"fr-FR"},{"@type":"Organization","@id":"https:\/\/mwc-cmm.org\/en\/#organization","name":"Mennonite World Conference","alternateName":"MWC","url":"https:\/\/mwc-cmm.org\/en\/","logo":{"@type":"ImageObject","inLanguage":"fr-FR","@id":"https:\/\/mwc-cmm.org\/en\/#\/schema\/logo\/image\/","url":"https:\/\/mwc-cmm.org\/wp-content\/uploads\/2026\/01\/MWC_Sig_Blue_Horiz_webheader1-logo.svg","contentUrl":"https:\/\/mwc-cmm.org\/wp-content\/uploads\/2026\/01\/MWC_Sig_Blue_Horiz_webheader1-logo.svg","width":786,"height":82,"caption":"Mennonite World Conference"},"image":{"@id":"https:\/\/mwc-cmm.org\/en\/#\/schema\/logo\/image\/"},"sameAs":["https:\/\/www.facebook.com\/MennoniteWorldConference","https:\/\/www.linkedin.com\/company\/mennonite-world-conference-mwc\/","https:\/\/www.instagram.com\/mwcmm\/","https:\/\/www.youtube.com\/user\/mwccmm","https:\/\/bsky.app\/profile\/mwcmm.bsky.social"]}]}},"_links":{"self":[{"href":"https:\/\/mwc-cmm.org\/fr\/wp-json\/wp\/v2\/prayers\/5567","targetHints":{"allow":["GET"]}}],"collection":[{"href":"https:\/\/mwc-cmm.org\/fr\/wp-json\/wp\/v2\/prayers"}],"about":[{"href":"https:\/\/mwc-cmm.org\/fr\/wp-json\/wp\/v2\/types\/prayers"}],"wp:featuredmedia":[{"embeddable":true,"href":"https:\/\/mwc-cmm.org\/fr\/wp-json\/wp\/v2\/media\/75895"}],"wp:attachment":[{"href":"https:\/\/mwc-cmm.org\/fr\/wp-json\/wp\/v2\/media?parent=5567"}],"curies":[{"name":"wp","href":"https:\/\/api.w.org\/{rel}","templated":true}]}}

<p>28 maisons de membres de lÕglise BIC Nepal et le btiment destin au culte ont t dtruits dans la municipalit de Rangeli, dans le district de Morang, au Npal, aprs quÕun court-circuit lectrique ait dclench un important incendie.&nbsp;</p>
<p>Ç&nbsp;Maintenant, ils nÕont plus dÕabri pour vivre et plus rien  manger  part du riz brl et mme la plupart de leurs ustensiles de cuisine sont endommags&nbsp;È, crit Shemlal Hembrom, secrtaire gnral de lÕglise BIC Nepal/Brethren in Community Welfare Society. ÒDes habitants du village voisin et des membres du centre de jeunesse local ont fourni de la nourriture aux victimes. DÕautres organisations et glises locales, dont lÕglise BIC du Npal, ont prvu de fournir  chaque famille un mois de nourriture, des ustensiles, du gaz de cuisine, une paire de vtements, des lits, des matelas, des draps de lit et deux tentes en plastique pour un abri temporaire.&nbsp;</p>
<p>Ç&nbsp;Merci de prier pour toutes les victimes de lÕincendie et que Dieu ouvre la voie pour aider nos fidles  reconstruire leurs maisons et le btiment de lÕgliseÓ.&nbsp;</p>
<p><em>Ç&nbsp;Accorde-moi ta grce, mon Dieu, oui, fais-moi grce&nbsp;! Prs de toi, je cherche refuge&nbsp;; je viens  lÕabri, sous ta protection, jusquÕ ce que lÕpreuve soit passe.&nbsp;È Ð Psaume 57,1&nbsp;</em></p>

<p>28 maisons de membres de lÕglise BIC Nepal et le btiment destin au culte ont t dtruits dans la municipalit de Rangeli, dans le district de Morang, au Npal, aprs quÕun court-circuit lectrique ait dclench un important incendie.&nbsp; Ç&nbsp;Maintenant, ils nÕont plus dÕabri pour vivre et plus rien  manger  part du riz brl [&hellip;]</p>

<!-- This site is optimized with the Yoast SEO plugin v27.5 - https://yoast.com/product/yoast-seo-wordpress/ -->
<title>PN-March-24-Nepal - Mennonite World Conference</title>
<meta name="robots" content="index, follow, max-snippet:-1, max-image-preview:large, max-video-preview:-1" />
<link rel="canonical" href="https://mwc-cmm.org/fr/prayer/pn-march-24-nepal-3/" />
<meta property="og:locale" content="fr_FR" />
<meta property="og:type" content="article" />
<meta property="og:title" content="PN-March-24-Nepal - Mennonite World Conference" />
<meta property="og:description" content="28 maisons de membres de lÕglise BIC Nepal et le btiment destin au culte ont t dtruits dans la municipalit de Rangeli, dans le district de Morang, au Npal, aprs quÕun court-circuit lectrique ait dclench un important incendie.&nbsp; Ç&nbsp;Maintenant, ils nÕont plus dÕabri pour vivre et plus rien  manger  part du riz brl [&hellip;]" />
<meta property="og:url" content="https://mwc-cmm.org/fr/prayer/pn-march-24-nepal-3/" />
<meta property="og:site_name" content="Mennonite World Conference" />
<meta property="article:publisher" content="https://www.facebook.com/MennoniteWorldConference" />
<meta property="article:modified_time" content="2024-12-06T19:15:20+00:00" />
<meta property="og:image" content="https://mwc-cmm.org/wp-content/uploads/2024/11/whatsapp_image_2024-03-28_at_00.07.17_1.jpeg" />
	<meta property="og:image:width" content="1040" />
	<meta property="og:image:height" content="468" />
	<meta property="og:image:type" content="image/jpeg" />
<script type="application/ld+json" class="yoast-schema-graph">{"@context":"https:\/\/schema.org","@graph":[{"@type":"WebPage","@id":"https:\/\/mwc-cmm.org\/fr\/prayer\/pn-march-24-nepal-3\/","url":"https:\/\/mwc-cmm.org\/fr\/prayer\/pn-march-24-nepal-3\/","name":"PN-March-24-Nepal - Mennonite World Conference","isPartOf":{"@id":"https:\/\/mwc-cmm.org\/en\/#website"},"primaryImageOfPage":{"@id":"https:\/\/mwc-cmm.org\/fr\/prayer\/pn-march-24-nepal-3\/#primaryimage"},"image":{"@id":"https:\/\/mwc-cmm.org\/fr\/prayer\/pn-march-24-nepal-3\/#primaryimage"},"thumbnailUrl":"https:\/\/mwc-cmm.org\/wp-content\/uploads\/2024\/11\/whatsapp_image_2024-03-28_at_00.07.17_1.jpeg","datePublished":"2024-03-27T00:00:00+00:00","dateModified":"2024-12-06T19:15:20+00:00","breadcrumb":{"@id":"https:\/\/mwc-cmm.org\/fr\/prayer\/pn-march-24-nepal-3\/#breadcrumb"},"inLanguage":"fr-FR","potentialAction":[{"@type":"ReadAction","target":["https:\/\/mwc-cmm.org\/fr\/prayer\/pn-march-24-nepal-3\/"]}]},{"@type":"ImageObject","inLanguage":"fr-FR","@id":"https:\/\/mwc-cmm.org\/fr\/prayer\/pn-march-24-nepal-3\/#primaryimage","url":"https:\/\/mwc-cmm.org\/wp-content\/uploads\/2024\/11\/whatsapp_image_2024-03-28_at_00.07.17_1.jpeg","contentUrl":"https:\/\/mwc-cmm.org\/wp-content\/uploads\/2024\/11\/whatsapp_image_2024-03-28_at_00.07.17_1.jpeg","width":1040,"height":468},{"@type":"BreadcrumbList","@id":"https:\/\/mwc-cmm.org\/fr\/prayer\/pn-march-24-nepal-3\/#breadcrumb","itemListElement":[{"@type":"ListItem","position":1,"name":"Home","item":"https:\/\/mwc-cmm.org\/fr\/"},{"@type":"ListItem","position":2,"name":"Prayers","item":"https:\/\/mwc-cmm.org\/en\/prayer\/"},{"@type":"ListItem","position":3,"name":"PN-March-24-Nepal"}]},{"@type":"WebSite","@id":"https:\/\/mwc-cmm.org\/en\/#website","url":"https:\/\/mwc-cmm.org\/en\/","name":"Mennonite World Conference","description":"A communion of Anabaptist-related churches","publisher":{"@id":"https:\/\/mwc-cmm.org\/en\/#organization"},"alternateName":"MWC","potentialAction":[{"@type":"SearchAction","target":{"@type":"EntryPoint","urlTemplate":"https:\/\/mwc-cmm.org\/en\/?s={search_term_string}"},"query-input":{"@type":"PropertyValueSpecification","valueRequired":true,"valueName":"search_term_string"}}],"inLanguage":"fr-FR"},{"@type":"Organization","@id":"https:\/\/mwc-cmm.org\/en\/#organization","name":"Mennonite World Conference","alternateName":"MWC","url":"https:\/\/mwc-cmm.org\/en\/","logo":{"@type":"ImageObject","inLanguage":"fr-FR","@id":"https:\/\/mwc-cmm.org\/en\/#\/schema\/logo\/image\/","url":"https:\/\/mwc-cmm.org\/wp-content\/uploads\/2026\/01\/MWC_Sig_Blue_Horiz_webheader1-logo.svg","contentUrl":"https:\/\/mwc-cmm.org\/wp-content\/uploads\/2026\/01\/MWC_Sig_Blue_Horiz_webheader1-logo.svg","width":786,"height":82,"caption":"Mennonite World Conference"},"image":{"@id":"https:\/\/mwc-cmm.org\/en\/#\/schema\/logo\/image\/"},"sameAs":["https:\/\/www.facebook.com\/MennoniteWorldConference","https:\/\/www.linkedin.com\/company\/mennonite-world-conference-mwc\/","https:\/\/www.instagram.com\/mwcmm\/","https:\/\/www.youtube.com\/user\/mwccmm","https:\/\/bsky.app\/profile\/mwcmm.bsky.social"]}]}</script>
<!-- / Yoast SEO plugin. -->

28 maisons de membres de lÕglise BIC Nepal et le btiment destin au culte ont t dtruits dans la municipalit de Rangeli, dans le district de Morang, au Npal, aprs quÕun court-circuit lectrique ait dclench un important incendie.&nbsp; Ç&nbsp;Maintenant, ils nÕont plus dÕabri pour vivre et plus rien  manger  part du riz brl [&hellip;]
