{"id":5558,"date":"2024-02-05T00:00:00","date_gmt":"2024-02-05T00:00:00","guid":{"rendered":"https:\/\/mwc-cmm.org\/prayers\/pn-jan-24-ethiopia-3\/"},"modified":"2024-12-06T19:15:18","modified_gmt":"2024-12-06T19:15:18","slug":"pn-jan-24-ethiopia-3","status":"publish","type":"prayers","link":"https:\/\/mwc-cmm.org\/fr\/prayer\/pn-jan-24-ethiopia-3\/","title":{"rendered":"PN-Jan-24-Ethiopia"},"content":{"rendered":"<p>Prions pour la paix en \u0083thiopie, afin que les autorit\u008es puissent prendre des d\u008ecisions et des mesures qui apporteront l\u00d5unit\u008e entre les diff\u008erents groupes ethniques profond\u008ement divis\u008es. Prions pour les \u0083glises, afin qu\u00d5elles soient fortes et qu\u00d5elles suivent le Prince de la paix dans leurs attitudes et leurs actions, alors qu\u00d5elles sont confront\u008ees \u0088 une forte opposition. Prions pour les responsables du s\u008eminaire, les enseignants et les \u008etudiants, afin qu\u00d5un esprit de v\u008eritable fraternit\u008e chr\u008etienne puisse pr\u008evaloir et prot\u008eger l\u00d5unit\u008e donn\u008ee par le Christ. Prions pour les \u008etudiants dont les \u008etudes ont \u008et\u008e interrompues en raison de la violence dans leur r\u008egion d\u00d5origine, de difficult\u008es financi\u008fres et de d\u008etresse psychologique. Prions pour les millions de personnes qui souffrent encore de la famine dans certaines r\u008egions, et pour ceux qui cherchent \u0088 les aider dans leur grande d\u008etresse.\u00d1Newsletter de la MKC (Meserete Kristos Church, \u0083thiopie)<br \/>\n<span style=\"font-size:12px\">Photo : Tigist&nbsp;Tesfaye<\/span><\/p>\n","protected":false},"excerpt":{"rendered":"<p>Prions pour la paix en \u0083thiopie, afin que les autorit\u008es puissent prendre des d\u008ecisions et des mesures qui apporteront l\u00d5unit\u008e entre les diff\u008erents groupes ethniques profond\u008ement divis\u008es. Prions pour les \u0083glises, afin qu\u00d5elles soient fortes et qu\u00d5elles suivent le Prince de la paix dans leurs attitudes et leurs actions, alors qu\u00d5elles sont confront\u008ees \u0088 une [&hellip;]<\/p>\n","protected":false},"featured_media":75573,"template":"","class_list":["post-5558","prayers","type-prayers","status-publish","has-post-thumbnail","hentry"],"acf":[],"yoast_head":"<!-- This site is optimized with the Yoast SEO plugin v27.5 - https:\/\/yoast.com\/product\/yoast-seo-wordpress\/ -->\n<title>PN-Jan-24-Ethiopia - Mennonite World Conference<\/title>\n<meta name=\"robots\" content=\"index, follow, max-snippet:-1, max-image-preview:large, max-video-preview:-1\" \/>\n<link rel=\"canonical\" href=\"https:\/\/mwc-cmm.org\/en\/prayer\/pn-jan-24-ethiopia\/\" \/>\n<meta property=\"og:locale\" content=\"fr_FR\" \/>\n<meta property=\"og:type\" content=\"article\" \/>\n<meta property=\"og:title\" content=\"PN-Jan-24-Ethiopia - Mennonite World Conference\" \/>\n<meta property=\"og:description\" content=\"Prions pour la paix en \u0083thiopie, afin que les autorit\u008es puissent prendre des d\u008ecisions et des mesures qui apporteront l\u00d5unit\u008e entre les diff\u008erents groupes ethniques profond\u008ement divis\u008es. Prions pour les \u0083glises, afin qu\u00d5elles soient fortes et qu\u00d5elles suivent le Prince de la paix dans leurs attitudes et leurs actions, alors qu\u00d5elles sont confront\u008ees \u0088 une [&hellip;]\" \/>\n<meta property=\"og:url\" content=\"https:\/\/mwc-cmm.org\/en\/prayer\/pn-jan-24-ethiopia\/\" \/>\n<meta property=\"og:site_name\" content=\"Mennonite World Conference\" \/>\n<meta property=\"article:publisher\" content=\"https:\/\/www.facebook.com\/MennoniteWorldConference\" \/>\n<meta property=\"article:modified_time\" content=\"2024-12-06T19:15:18+00:00\" \/>\n<meta property=\"og:image\" content=\"https:\/\/mwc-cmm.org\/wp-content\/uploads\/2024\/11\/20230809tigisttesfaye.jpeg\" \/>\n\t<meta property=\"og:image:width\" content=\"1024\" \/>\n\t<meta property=\"og:image:height\" content=\"768\" \/>\n\t<meta property=\"og:image:type\" content=\"image\/jpeg\" \/>\n<script type=\"application\/ld+json\" class=\"yoast-schema-graph\">{\"@context\":\"https:\\\/\\\/schema.org\",\"@graph\":[{\"@type\":\"WebPage\",\"@id\":\"https:\\\/\\\/mwc-cmm.org\\\/en\\\/prayer\\\/pn-jan-24-ethiopia\\\/\",\"url\":\"https:\\\/\\\/mwc-cmm.org\\\/en\\\/prayer\\\/pn-jan-24-ethiopia\\\/\",\"name\":\"PN-Jan-24-Ethiopia - Mennonite World Conference\",\"isPartOf\":{\"@id\":\"https:\\\/\\\/mwc-cmm.org\\\/en\\\/#website\"},\"primaryImageOfPage\":{\"@id\":\"https:\\\/\\\/mwc-cmm.org\\\/en\\\/prayer\\\/pn-jan-24-ethiopia\\\/#primaryimage\"},\"image\":{\"@id\":\"https:\\\/\\\/mwc-cmm.org\\\/en\\\/prayer\\\/pn-jan-24-ethiopia\\\/#primaryimage\"},\"thumbnailUrl\":\"https:\\\/\\\/mwc-cmm.org\\\/wp-content\\\/uploads\\\/2024\\\/11\\\/20230809tigisttesfaye.jpeg\",\"datePublished\":\"2024-02-05T00:00:00+00:00\",\"dateModified\":\"2024-12-06T19:15:18+00:00\",\"breadcrumb\":{\"@id\":\"https:\\\/\\\/mwc-cmm.org\\\/en\\\/prayer\\\/pn-jan-24-ethiopia\\\/#breadcrumb\"},\"inLanguage\":\"fr-FR\",\"potentialAction\":[{\"@type\":\"ReadAction\",\"target\":[\"https:\\\/\\\/mwc-cmm.org\\\/en\\\/prayer\\\/pn-jan-24-ethiopia\\\/\"]}]},{\"@type\":\"ImageObject\",\"inLanguage\":\"fr-FR\",\"@id\":\"https:\\\/\\\/mwc-cmm.org\\\/en\\\/prayer\\\/pn-jan-24-ethiopia\\\/#primaryimage\",\"url\":\"https:\\\/\\\/mwc-cmm.org\\\/wp-content\\\/uploads\\\/2024\\\/11\\\/20230809tigisttesfaye.jpeg\",\"contentUrl\":\"https:\\\/\\\/mwc-cmm.org\\\/wp-content\\\/uploads\\\/2024\\\/11\\\/20230809tigisttesfaye.jpeg\",\"width\":1024,\"height\":768},{\"@type\":\"BreadcrumbList\",\"@id\":\"https:\\\/\\\/mwc-cmm.org\\\/en\\\/prayer\\\/pn-jan-24-ethiopia\\\/#breadcrumb\",\"itemListElement\":[{\"@type\":\"ListItem\",\"position\":1,\"name\":\"Home\",\"item\":\"https:\\\/\\\/mwc-cmm.org\\\/fr\\\/\"},{\"@type\":\"ListItem\",\"position\":2,\"name\":\"Prayers\",\"item\":\"https:\\\/\\\/mwc-cmm.org\\\/en\\\/prayer\\\/\"},{\"@type\":\"ListItem\",\"position\":3,\"name\":\"PN-Jan-24-Ethiopia\"}]},{\"@type\":\"WebSite\",\"@id\":\"https:\\\/\\\/mwc-cmm.org\\\/en\\\/#website\",\"url\":\"https:\\\/\\\/mwc-cmm.org\\\/en\\\/\",\"name\":\"Mennonite World Conference\",\"description\":\"A communion of Anabaptist-related churches\",\"publisher\":{\"@id\":\"https:\\\/\\\/mwc-cmm.org\\\/en\\\/#organization\"},\"alternateName\":\"MWC\",\"potentialAction\":[{\"@type\":\"SearchAction\",\"target\":{\"@type\":\"EntryPoint\",\"urlTemplate\":\"https:\\\/\\\/mwc-cmm.org\\\/en\\\/?s={search_term_string}\"},\"query-input\":{\"@type\":\"PropertyValueSpecification\",\"valueRequired\":true,\"valueName\":\"search_term_string\"}}],\"inLanguage\":\"fr-FR\"},{\"@type\":\"Organization\",\"@id\":\"https:\\\/\\\/mwc-cmm.org\\\/en\\\/#organization\",\"name\":\"Mennonite World Conference\",\"alternateName\":\"MWC\",\"url\":\"https:\\\/\\\/mwc-cmm.org\\\/en\\\/\",\"logo\":{\"@type\":\"ImageObject\",\"inLanguage\":\"fr-FR\",\"@id\":\"https:\\\/\\\/mwc-cmm.org\\\/en\\\/#\\\/schema\\\/logo\\\/image\\\/\",\"url\":\"https:\\\/\\\/mwc-cmm.org\\\/wp-content\\\/uploads\\\/2026\\\/01\\\/MWC_Sig_Blue_Horiz_webheader1-logo.svg\",\"contentUrl\":\"https:\\\/\\\/mwc-cmm.org\\\/wp-content\\\/uploads\\\/2026\\\/01\\\/MWC_Sig_Blue_Horiz_webheader1-logo.svg\",\"width\":786,\"height\":82,\"caption\":\"Mennonite World Conference\"},\"image\":{\"@id\":\"https:\\\/\\\/mwc-cmm.org\\\/en\\\/#\\\/schema\\\/logo\\\/image\\\/\"},\"sameAs\":[\"https:\\\/\\\/www.facebook.com\\\/MennoniteWorldConference\",\"https:\\\/\\\/www.linkedin.com\\\/company\\\/mennonite-world-conference-mwc\\\/\",\"https:\\\/\\\/www.instagram.com\\\/mwcmm\\\/\",\"https:\\\/\\\/www.youtube.com\\\/user\\\/mwccmm\",\"https:\\\/\\\/bsky.app\\\/profile\\\/mwcmm.bsky.social\"]}]}<\/script>\n<!-- \/ Yoast SEO plugin. -->","yoast_head_json":{"title":"PN-Jan-24-Ethiopia - Mennonite World Conference","robots":{"index":"index","follow":"follow","max-snippet":"max-snippet:-1","max-image-preview":"max-image-preview:large","max-video-preview":"max-video-preview:-1"},"canonical":"https:\/\/mwc-cmm.org\/en\/prayer\/pn-jan-24-ethiopia\/","og_locale":"fr_FR","og_type":"article","og_title":"PN-Jan-24-Ethiopia - Mennonite World Conference","og_description":"Prions pour la paix en \u0083thiopie, afin que les autorit\u008es puissent prendre des d\u008ecisions et des mesures qui apporteront l\u00d5unit\u008e entre les diff\u008erents groupes ethniques profond\u008ement divis\u008es. Prions pour les \u0083glises, afin qu\u00d5elles soient fortes et qu\u00d5elles suivent le Prince de la paix dans leurs attitudes et leurs actions, alors qu\u00d5elles sont confront\u008ees \u0088 une [&hellip;]","og_url":"https:\/\/mwc-cmm.org\/en\/prayer\/pn-jan-24-ethiopia\/","og_site_name":"Mennonite World Conference","article_publisher":"https:\/\/www.facebook.com\/MennoniteWorldConference","article_modified_time":"2024-12-06T19:15:18+00:00","og_image":[{"width":1024,"height":768,"url":"https:\/\/mwc-cmm.org\/wp-content\/uploads\/2024\/11\/20230809tigisttesfaye.jpeg","type":"image\/jpeg"}],"schema":{"@context":"https:\/\/schema.org","@graph":[{"@type":"WebPage","@id":"https:\/\/mwc-cmm.org\/en\/prayer\/pn-jan-24-ethiopia\/","url":"https:\/\/mwc-cmm.org\/en\/prayer\/pn-jan-24-ethiopia\/","name":"PN-Jan-24-Ethiopia - Mennonite World Conference","isPartOf":{"@id":"https:\/\/mwc-cmm.org\/en\/#website"},"primaryImageOfPage":{"@id":"https:\/\/mwc-cmm.org\/en\/prayer\/pn-jan-24-ethiopia\/#primaryimage"},"image":{"@id":"https:\/\/mwc-cmm.org\/en\/prayer\/pn-jan-24-ethiopia\/#primaryimage"},"thumbnailUrl":"https:\/\/mwc-cmm.org\/wp-content\/uploads\/2024\/11\/20230809tigisttesfaye.jpeg","datePublished":"2024-02-05T00:00:00+00:00","dateModified":"2024-12-06T19:15:18+00:00","breadcrumb":{"@id":"https:\/\/mwc-cmm.org\/en\/prayer\/pn-jan-24-ethiopia\/#breadcrumb"},"inLanguage":"fr-FR","potentialAction":[{"@type":"ReadAction","target":["https:\/\/mwc-cmm.org\/en\/prayer\/pn-jan-24-ethiopia\/"]}]},{"@type":"ImageObject","inLanguage":"fr-FR","@id":"https:\/\/mwc-cmm.org\/en\/prayer\/pn-jan-24-ethiopia\/#primaryimage","url":"https:\/\/mwc-cmm.org\/wp-content\/uploads\/2024\/11\/20230809tigisttesfaye.jpeg","contentUrl":"https:\/\/mwc-cmm.org\/wp-content\/uploads\/2024\/11\/20230809tigisttesfaye.jpeg","width":1024,"height":768},{"@type":"BreadcrumbList","@id":"https:\/\/mwc-cmm.org\/en\/prayer\/pn-jan-24-ethiopia\/#breadcrumb","itemListElement":[{"@type":"ListItem","position":1,"name":"Home","item":"https:\/\/mwc-cmm.org\/fr\/"},{"@type":"ListItem","position":2,"name":"Prayers","item":"https:\/\/mwc-cmm.org\/en\/prayer\/"},{"@type":"ListItem","position":3,"name":"PN-Jan-24-Ethiopia"}]},{"@type":"WebSite","@id":"https:\/\/mwc-cmm.org\/en\/#website","url":"https:\/\/mwc-cmm.org\/en\/","name":"Mennonite World Conference","description":"A communion of Anabaptist-related churches","publisher":{"@id":"https:\/\/mwc-cmm.org\/en\/#organization"},"alternateName":"MWC","potentialAction":[{"@type":"SearchAction","target":{"@type":"EntryPoint","urlTemplate":"https:\/\/mwc-cmm.org\/en\/?s={search_term_string}"},"query-input":{"@type":"PropertyValueSpecification","valueRequired":true,"valueName":"search_term_string"}}],"inLanguage":"fr-FR"},{"@type":"Organization","@id":"https:\/\/mwc-cmm.org\/en\/#organization","name":"Mennonite World Conference","alternateName":"MWC","url":"https:\/\/mwc-cmm.org\/en\/","logo":{"@type":"ImageObject","inLanguage":"fr-FR","@id":"https:\/\/mwc-cmm.org\/en\/#\/schema\/logo\/image\/","url":"https:\/\/mwc-cmm.org\/wp-content\/uploads\/2026\/01\/MWC_Sig_Blue_Horiz_webheader1-logo.svg","contentUrl":"https:\/\/mwc-cmm.org\/wp-content\/uploads\/2026\/01\/MWC_Sig_Blue_Horiz_webheader1-logo.svg","width":786,"height":82,"caption":"Mennonite World Conference"},"image":{"@id":"https:\/\/mwc-cmm.org\/en\/#\/schema\/logo\/image\/"},"sameAs":["https:\/\/www.facebook.com\/MennoniteWorldConference","https:\/\/www.linkedin.com\/company\/mennonite-world-conference-mwc\/","https:\/\/www.instagram.com\/mwcmm\/","https:\/\/www.youtube.com\/user\/mwccmm","https:\/\/bsky.app\/profile\/mwcmm.bsky.social"]}]}},"_links":{"self":[{"href":"https:\/\/mwc-cmm.org\/fr\/wp-json\/wp\/v2\/prayers\/5558","targetHints":{"allow":["GET"]}}],"collection":[{"href":"https:\/\/mwc-cmm.org\/fr\/wp-json\/wp\/v2\/prayers"}],"about":[{"href":"https:\/\/mwc-cmm.org\/fr\/wp-json\/wp\/v2\/types\/prayers"}],"wp:featuredmedia":[{"embeddable":true,"href":"https:\/\/mwc-cmm.org\/fr\/wp-json\/wp\/v2\/media\/75573"}],"wp:attachment":[{"href":"https:\/\/mwc-cmm.org\/fr\/wp-json\/wp\/v2\/media?parent=5558"}],"curies":[{"name":"wp","href":"https:\/\/api.w.org\/{rel}","templated":true}]}}

<p>Prions pour la paix en thiopie, afin que les autorits puissent prendre des dcisions et des mesures qui apporteront lÕunit entre les diffrents groupes ethniques profondment diviss. Prions pour les glises, afin quÕelles soient fortes et quÕelles suivent le Prince de la paix dans leurs attitudes et leurs actions, alors quÕelles sont confrontes  une forte opposition. Prions pour les responsables du sminaire, les enseignants et les tudiants, afin quÕun esprit de vritable fraternit chrtienne puisse prvaloir et protger lÕunit donne par le Christ. Prions pour les tudiants dont les tudes ont t interrompues en raison de la violence dans leur rgion dÕorigine, de difficults financires et de dtresse psychologique. Prions pour les millions de personnes qui souffrent encore de la famine dans certaines rgions, et pour ceux qui cherchent  les aider dans leur grande dtresse.ÑNewsletter de la MKC (Meserete Kristos Church, thiopie)<br />
<span style="font-size:12px">Photo : Tigist&nbsp;Tesfaye</span></p>

<p>Prions pour la paix en thiopie, afin que les autorits puissent prendre des dcisions et des mesures qui apporteront lÕunit entre les diffrents groupes ethniques profondment diviss. Prions pour les glises, afin quÕelles soient fortes et quÕelles suivent le Prince de la paix dans leurs attitudes et leurs actions, alors quÕelles sont confrontes  une [&hellip;]</p>

<!-- This site is optimized with the Yoast SEO plugin v27.5 - https://yoast.com/product/yoast-seo-wordpress/ -->
<title>PN-Jan-24-Ethiopia - Mennonite World Conference</title>
<meta name="robots" content="index, follow, max-snippet:-1, max-image-preview:large, max-video-preview:-1" />
<link rel="canonical" href="https://mwc-cmm.org/en/prayer/pn-jan-24-ethiopia/" />
<meta property="og:locale" content="fr_FR" />
<meta property="og:type" content="article" />
<meta property="og:title" content="PN-Jan-24-Ethiopia - Mennonite World Conference" />
<meta property="og:description" content="Prions pour la paix en thiopie, afin que les autorits puissent prendre des dcisions et des mesures qui apporteront lÕunit entre les diffrents groupes ethniques profondment diviss. Prions pour les glises, afin quÕelles soient fortes et quÕelles suivent le Prince de la paix dans leurs attitudes et leurs actions, alors quÕelles sont confrontes  une [&hellip;]" />
<meta property="og:url" content="https://mwc-cmm.org/en/prayer/pn-jan-24-ethiopia/" />
<meta property="og:site_name" content="Mennonite World Conference" />
<meta property="article:publisher" content="https://www.facebook.com/MennoniteWorldConference" />
<meta property="article:modified_time" content="2024-12-06T19:15:18+00:00" />
<meta property="og:image" content="https://mwc-cmm.org/wp-content/uploads/2024/11/20230809tigisttesfaye.jpeg" />
	<meta property="og:image:width" content="1024" />
	<meta property="og:image:height" content="768" />
	<meta property="og:image:type" content="image/jpeg" />
<script type="application/ld+json" class="yoast-schema-graph">{"@context":"https:\/\/schema.org","@graph":[{"@type":"WebPage","@id":"https:\/\/mwc-cmm.org\/en\/prayer\/pn-jan-24-ethiopia\/","url":"https:\/\/mwc-cmm.org\/en\/prayer\/pn-jan-24-ethiopia\/","name":"PN-Jan-24-Ethiopia - Mennonite World Conference","isPartOf":{"@id":"https:\/\/mwc-cmm.org\/en\/#website"},"primaryImageOfPage":{"@id":"https:\/\/mwc-cmm.org\/en\/prayer\/pn-jan-24-ethiopia\/#primaryimage"},"image":{"@id":"https:\/\/mwc-cmm.org\/en\/prayer\/pn-jan-24-ethiopia\/#primaryimage"},"thumbnailUrl":"https:\/\/mwc-cmm.org\/wp-content\/uploads\/2024\/11\/20230809tigisttesfaye.jpeg","datePublished":"2024-02-05T00:00:00+00:00","dateModified":"2024-12-06T19:15:18+00:00","breadcrumb":{"@id":"https:\/\/mwc-cmm.org\/en\/prayer\/pn-jan-24-ethiopia\/#breadcrumb"},"inLanguage":"fr-FR","potentialAction":[{"@type":"ReadAction","target":["https:\/\/mwc-cmm.org\/en\/prayer\/pn-jan-24-ethiopia\/"]}]},{"@type":"ImageObject","inLanguage":"fr-FR","@id":"https:\/\/mwc-cmm.org\/en\/prayer\/pn-jan-24-ethiopia\/#primaryimage","url":"https:\/\/mwc-cmm.org\/wp-content\/uploads\/2024\/11\/20230809tigisttesfaye.jpeg","contentUrl":"https:\/\/mwc-cmm.org\/wp-content\/uploads\/2024\/11\/20230809tigisttesfaye.jpeg","width":1024,"height":768},{"@type":"BreadcrumbList","@id":"https:\/\/mwc-cmm.org\/en\/prayer\/pn-jan-24-ethiopia\/#breadcrumb","itemListElement":[{"@type":"ListItem","position":1,"name":"Home","item":"https:\/\/mwc-cmm.org\/fr\/"},{"@type":"ListItem","position":2,"name":"Prayers","item":"https:\/\/mwc-cmm.org\/en\/prayer\/"},{"@type":"ListItem","position":3,"name":"PN-Jan-24-Ethiopia"}]},{"@type":"WebSite","@id":"https:\/\/mwc-cmm.org\/en\/#website","url":"https:\/\/mwc-cmm.org\/en\/","name":"Mennonite World Conference","description":"A communion of Anabaptist-related churches","publisher":{"@id":"https:\/\/mwc-cmm.org\/en\/#organization"},"alternateName":"MWC","potentialAction":[{"@type":"SearchAction","target":{"@type":"EntryPoint","urlTemplate":"https:\/\/mwc-cmm.org\/en\/?s={search_term_string}"},"query-input":{"@type":"PropertyValueSpecification","valueRequired":true,"valueName":"search_term_string"}}],"inLanguage":"fr-FR"},{"@type":"Organization","@id":"https:\/\/mwc-cmm.org\/en\/#organization","name":"Mennonite World Conference","alternateName":"MWC","url":"https:\/\/mwc-cmm.org\/en\/","logo":{"@type":"ImageObject","inLanguage":"fr-FR","@id":"https:\/\/mwc-cmm.org\/en\/#\/schema\/logo\/image\/","url":"https:\/\/mwc-cmm.org\/wp-content\/uploads\/2026\/01\/MWC_Sig_Blue_Horiz_webheader1-logo.svg","contentUrl":"https:\/\/mwc-cmm.org\/wp-content\/uploads\/2026\/01\/MWC_Sig_Blue_Horiz_webheader1-logo.svg","width":786,"height":82,"caption":"Mennonite World Conference"},"image":{"@id":"https:\/\/mwc-cmm.org\/en\/#\/schema\/logo\/image\/"},"sameAs":["https:\/\/www.facebook.com\/MennoniteWorldConference","https:\/\/www.linkedin.com\/company\/mennonite-world-conference-mwc\/","https:\/\/www.instagram.com\/mwcmm\/","https:\/\/www.youtube.com\/user\/mwccmm","https:\/\/bsky.app\/profile\/mwcmm.bsky.social"]}]}</script>
<!-- / Yoast SEO plugin. -->

Prions pour la paix en thiopie, afin que les autorits puissent prendre des dcisions et des mesures qui apporteront lÕunit entre les diffrents groupes ethniques profondment diviss. Prions pour les glises, afin quÕelles soient fortes et quÕelles suivent le Prince de la paix dans leurs attitudes et leurs actions, alors quÕelles sont confrontes  une [&hellip;]
