{"id":5491,"date":"2023-01-24T00:00:00","date_gmt":"2023-01-24T00:00:00","guid":{"rendered":"https:\/\/mwc-cmm.org\/prayers\/pn-jan-23-3\/"},"modified":"2024-12-06T19:14:46","modified_gmt":"2024-12-06T19:14:46","slug":"pn-jan-23-3","status":"publish","type":"prayers","link":"https:\/\/mwc-cmm.org\/fr\/prayer\/pn-jan-23-3\/","title":{"rendered":"PN-Jan-23"},"content":{"rendered":"<p><strong>Pri\u008fre pour les Anabaptistes-Mennonites autour du monde<\/strong><br \/>\nDieu le cr\u008eateur,<br \/>\npardonnes nos p\u008ech\u008es, car tu es celui qui donne. Tu n\u00d5as jamais fait de l\u00d5injustice. Nous voulons la paix au nom de J\u008esus-Christ qui est le sauveur. Tu connais tous les probl\u008fmes qui traverse nos fronti\u008fres, familles, pays, assembl\u008ee. Fortifie-nous par ton sang lib\u008erateur. C\u00d5est n\u00d5est pas par nos forces que nous pouvons tout faire mais tout d\u00d5abord par ta volont\u008e, nous vaincrons le mal par le bien. En J\u008esus-Christ nous sommes plus que vainqueur.<br \/>\n\u00d1envoy\u008e par Jean Mukula Kasenu, Communaut\u008e des Eglises Fr\u008fres Mennonites au Congo<br \/>\n<span style=\"font-size:12px\">Photo :&nbsp;Christen Kong<\/span><\/p>\n","protected":false},"excerpt":{"rendered":"<p>Pri\u008fre pour les Anabaptistes-Mennonites autour du monde Dieu le cr\u008eateur, pardonnes nos p\u008ech\u008es, car tu es celui qui donne. Tu n\u00d5as jamais fait de l\u00d5injustice. Nous voulons la paix au nom de J\u008esus-Christ qui est le sauveur. Tu connais tous les probl\u008fmes qui traverse nos fronti\u008fres, familles, pays, assembl\u008ee. Fortifie-nous par ton sang lib\u008erateur. C\u00d5est [&hellip;]<\/p>\n","protected":false},"featured_media":73274,"template":"","class_list":["post-5491","prayers","type-prayers","status-publish","has-post-thumbnail","hentry"],"acf":[],"yoast_head":"<!-- This site is optimized with the Yoast SEO plugin v27.2 - https:\/\/yoast.com\/product\/yoast-seo-wordpress\/ -->\n<title>PN-Jan-23 - Mennonite World Conference<\/title>\n<meta name=\"robots\" content=\"index, follow, max-snippet:-1, max-image-preview:large, max-video-preview:-1\" \/>\n<link rel=\"canonical\" href=\"https:\/\/mwc-cmm.org\/fr\/prayer\/pn-jan-23-3\/\" \/>\n<meta property=\"og:locale\" content=\"fr_FR\" \/>\n<meta property=\"og:type\" content=\"article\" \/>\n<meta property=\"og:title\" content=\"PN-Jan-23 - Mennonite World Conference\" \/>\n<meta property=\"og:description\" content=\"Pri\u008fre pour les Anabaptistes-Mennonites autour du monde Dieu le cr\u008eateur, pardonnes nos p\u008ech\u008es, car tu es celui qui donne. Tu n\u00d5as jamais fait de l\u00d5injustice. Nous voulons la paix au nom de J\u008esus-Christ qui est le sauveur. Tu connais tous les probl\u008fmes qui traverse nos fronti\u008fres, familles, pays, assembl\u008ee. Fortifie-nous par ton sang lib\u008erateur. C\u00d5est [&hellip;]\" \/>\n<meta property=\"og:url\" content=\"https:\/\/mwc-cmm.org\/fr\/prayer\/pn-jan-23-3\/\" \/>\n<meta property=\"og:site_name\" content=\"Mennonite World Conference\" \/>\n<meta property=\"article:publisher\" content=\"https:\/\/www.facebook.com\/MennoniteWorldConference\" \/>\n<meta property=\"article:modified_time\" content=\"2024-12-06T19:14:46+00:00\" \/>\n<meta property=\"og:image\" content=\"https:\/\/mwc-cmm.org\/wp-content\/uploads\/2024\/11\/52391380227_0adf8e30e4_k.jpg\" \/>\n\t<meta property=\"og:image:width\" content=\"2048\" \/>\n\t<meta property=\"og:image:height\" content=\"1536\" \/>\n\t<meta property=\"og:image:type\" content=\"image\/jpeg\" \/>\n<script type=\"application\/ld+json\" class=\"yoast-schema-graph\">{\"@context\":\"https:\/\/schema.org\",\"@graph\":[{\"@type\":\"WebPage\",\"@id\":\"https:\/\/mwc-cmm.org\/fr\/prayer\/pn-jan-23-3\/\",\"url\":\"https:\/\/mwc-cmm.org\/fr\/prayer\/pn-jan-23-3\/\",\"name\":\"PN-Jan-23 - Mennonite World Conference\",\"isPartOf\":{\"@id\":\"https:\/\/mwc-cmm.org\/en\/#website\"},\"primaryImageOfPage\":{\"@id\":\"https:\/\/mwc-cmm.org\/fr\/prayer\/pn-jan-23-3\/#primaryimage\"},\"image\":{\"@id\":\"https:\/\/mwc-cmm.org\/fr\/prayer\/pn-jan-23-3\/#primaryimage\"},\"thumbnailUrl\":\"https:\/\/mwc-cmm.org\/wp-content\/uploads\/2024\/11\/52391380227_0adf8e30e4_k.jpg\",\"datePublished\":\"2023-01-24T00:00:00+00:00\",\"dateModified\":\"2024-12-06T19:14:46+00:00\",\"breadcrumb\":{\"@id\":\"https:\/\/mwc-cmm.org\/fr\/prayer\/pn-jan-23-3\/#breadcrumb\"},\"inLanguage\":\"fr-FR\",\"potentialAction\":[{\"@type\":\"ReadAction\",\"target\":[\"https:\/\/mwc-cmm.org\/fr\/prayer\/pn-jan-23-3\/\"]}]},{\"@type\":\"ImageObject\",\"inLanguage\":\"fr-FR\",\"@id\":\"https:\/\/mwc-cmm.org\/fr\/prayer\/pn-jan-23-3\/#primaryimage\",\"url\":\"https:\/\/mwc-cmm.org\/wp-content\/uploads\/2024\/11\/52391380227_0adf8e30e4_k.jpg\",\"contentUrl\":\"https:\/\/mwc-cmm.org\/wp-content\/uploads\/2024\/11\/52391380227_0adf8e30e4_k.jpg\",\"width\":2048,\"height\":1536},{\"@type\":\"BreadcrumbList\",\"@id\":\"https:\/\/mwc-cmm.org\/fr\/prayer\/pn-jan-23-3\/#breadcrumb\",\"itemListElement\":[{\"@type\":\"ListItem\",\"position\":1,\"name\":\"Home\",\"item\":\"https:\/\/mwc-cmm.org\/fr\/\"},{\"@type\":\"ListItem\",\"position\":2,\"name\":\"Prayers\",\"item\":\"https:\/\/mwc-cmm.org\/en\/prayer\/\"},{\"@type\":\"ListItem\",\"position\":3,\"name\":\"PN-Jan-23\"}]},{\"@type\":\"WebSite\",\"@id\":\"https:\/\/mwc-cmm.org\/en\/#website\",\"url\":\"https:\/\/mwc-cmm.org\/en\/\",\"name\":\"Mennonite World Conference\",\"description\":\"A communion of Anabaptist-related churches\",\"publisher\":{\"@id\":\"https:\/\/mwc-cmm.org\/en\/#organization\"},\"alternateName\":\"MWC\",\"potentialAction\":[{\"@type\":\"SearchAction\",\"target\":{\"@type\":\"EntryPoint\",\"urlTemplate\":\"https:\/\/mwc-cmm.org\/en\/?s={search_term_string}\"},\"query-input\":{\"@type\":\"PropertyValueSpecification\",\"valueRequired\":true,\"valueName\":\"search_term_string\"}}],\"inLanguage\":\"fr-FR\"},{\"@type\":\"Organization\",\"@id\":\"https:\/\/mwc-cmm.org\/en\/#organization\",\"name\":\"Mennonite World Conference\",\"alternateName\":\"MWC\",\"url\":\"https:\/\/mwc-cmm.org\/en\/\",\"logo\":{\"@type\":\"ImageObject\",\"inLanguage\":\"fr-FR\",\"@id\":\"https:\/\/mwc-cmm.org\/en\/#\/schema\/logo\/image\/\",\"url\":\"https:\/\/mwc-cmm.org\/wp-content\/uploads\/2026\/01\/MWC_Sig_Blue_Horiz_webheader1-logo.svg\",\"contentUrl\":\"https:\/\/mwc-cmm.org\/wp-content\/uploads\/2026\/01\/MWC_Sig_Blue_Horiz_webheader1-logo.svg\",\"width\":786,\"height\":82,\"caption\":\"Mennonite World Conference\"},\"image\":{\"@id\":\"https:\/\/mwc-cmm.org\/en\/#\/schema\/logo\/image\/\"},\"sameAs\":[\"https:\/\/www.facebook.com\/MennoniteWorldConference\",\"https:\/\/www.linkedin.com\/company\/mennonite-world-conference-mwc\/\",\"https:\/\/www.instagram.com\/mwcmm\/\",\"https:\/\/www.youtube.com\/user\/mwccmm\",\"https:\/\/bsky.app\/profile\/mwcmm.bsky.social\"]}]}<\/script>\n<!-- \/ Yoast SEO plugin. -->","yoast_head_json":{"title":"PN-Jan-23 - Mennonite World Conference","robots":{"index":"index","follow":"follow","max-snippet":"max-snippet:-1","max-image-preview":"max-image-preview:large","max-video-preview":"max-video-preview:-1"},"canonical":"https:\/\/mwc-cmm.org\/fr\/prayer\/pn-jan-23-3\/","og_locale":"fr_FR","og_type":"article","og_title":"PN-Jan-23 - Mennonite World Conference","og_description":"Pri\u008fre pour les Anabaptistes-Mennonites autour du monde Dieu le cr\u008eateur, pardonnes nos p\u008ech\u008es, car tu es celui qui donne. Tu n\u00d5as jamais fait de l\u00d5injustice. Nous voulons la paix au nom de J\u008esus-Christ qui est le sauveur. Tu connais tous les probl\u008fmes qui traverse nos fronti\u008fres, familles, pays, assembl\u008ee. Fortifie-nous par ton sang lib\u008erateur. C\u00d5est [&hellip;]","og_url":"https:\/\/mwc-cmm.org\/fr\/prayer\/pn-jan-23-3\/","og_site_name":"Mennonite World Conference","article_publisher":"https:\/\/www.facebook.com\/MennoniteWorldConference","article_modified_time":"2024-12-06T19:14:46+00:00","og_image":[{"width":2048,"height":1536,"url":"https:\/\/mwc-cmm.org\/wp-content\/uploads\/2024\/11\/52391380227_0adf8e30e4_k.jpg","type":"image\/jpeg"}],"schema":{"@context":"https:\/\/schema.org","@graph":[{"@type":"WebPage","@id":"https:\/\/mwc-cmm.org\/fr\/prayer\/pn-jan-23-3\/","url":"https:\/\/mwc-cmm.org\/fr\/prayer\/pn-jan-23-3\/","name":"PN-Jan-23 - Mennonite World Conference","isPartOf":{"@id":"https:\/\/mwc-cmm.org\/en\/#website"},"primaryImageOfPage":{"@id":"https:\/\/mwc-cmm.org\/fr\/prayer\/pn-jan-23-3\/#primaryimage"},"image":{"@id":"https:\/\/mwc-cmm.org\/fr\/prayer\/pn-jan-23-3\/#primaryimage"},"thumbnailUrl":"https:\/\/mwc-cmm.org\/wp-content\/uploads\/2024\/11\/52391380227_0adf8e30e4_k.jpg","datePublished":"2023-01-24T00:00:00+00:00","dateModified":"2024-12-06T19:14:46+00:00","breadcrumb":{"@id":"https:\/\/mwc-cmm.org\/fr\/prayer\/pn-jan-23-3\/#breadcrumb"},"inLanguage":"fr-FR","potentialAction":[{"@type":"ReadAction","target":["https:\/\/mwc-cmm.org\/fr\/prayer\/pn-jan-23-3\/"]}]},{"@type":"ImageObject","inLanguage":"fr-FR","@id":"https:\/\/mwc-cmm.org\/fr\/prayer\/pn-jan-23-3\/#primaryimage","url":"https:\/\/mwc-cmm.org\/wp-content\/uploads\/2024\/11\/52391380227_0adf8e30e4_k.jpg","contentUrl":"https:\/\/mwc-cmm.org\/wp-content\/uploads\/2024\/11\/52391380227_0adf8e30e4_k.jpg","width":2048,"height":1536},{"@type":"BreadcrumbList","@id":"https:\/\/mwc-cmm.org\/fr\/prayer\/pn-jan-23-3\/#breadcrumb","itemListElement":[{"@type":"ListItem","position":1,"name":"Home","item":"https:\/\/mwc-cmm.org\/fr\/"},{"@type":"ListItem","position":2,"name":"Prayers","item":"https:\/\/mwc-cmm.org\/en\/prayer\/"},{"@type":"ListItem","position":3,"name":"PN-Jan-23"}]},{"@type":"WebSite","@id":"https:\/\/mwc-cmm.org\/en\/#website","url":"https:\/\/mwc-cmm.org\/en\/","name":"Mennonite World Conference","description":"A communion of Anabaptist-related churches","publisher":{"@id":"https:\/\/mwc-cmm.org\/en\/#organization"},"alternateName":"MWC","potentialAction":[{"@type":"SearchAction","target":{"@type":"EntryPoint","urlTemplate":"https:\/\/mwc-cmm.org\/en\/?s={search_term_string}"},"query-input":{"@type":"PropertyValueSpecification","valueRequired":true,"valueName":"search_term_string"}}],"inLanguage":"fr-FR"},{"@type":"Organization","@id":"https:\/\/mwc-cmm.org\/en\/#organization","name":"Mennonite World Conference","alternateName":"MWC","url":"https:\/\/mwc-cmm.org\/en\/","logo":{"@type":"ImageObject","inLanguage":"fr-FR","@id":"https:\/\/mwc-cmm.org\/en\/#\/schema\/logo\/image\/","url":"https:\/\/mwc-cmm.org\/wp-content\/uploads\/2026\/01\/MWC_Sig_Blue_Horiz_webheader1-logo.svg","contentUrl":"https:\/\/mwc-cmm.org\/wp-content\/uploads\/2026\/01\/MWC_Sig_Blue_Horiz_webheader1-logo.svg","width":786,"height":82,"caption":"Mennonite World Conference"},"image":{"@id":"https:\/\/mwc-cmm.org\/en\/#\/schema\/logo\/image\/"},"sameAs":["https:\/\/www.facebook.com\/MennoniteWorldConference","https:\/\/www.linkedin.com\/company\/mennonite-world-conference-mwc\/","https:\/\/www.instagram.com\/mwcmm\/","https:\/\/www.youtube.com\/user\/mwccmm","https:\/\/bsky.app\/profile\/mwcmm.bsky.social"]}]}},"_links":{"self":[{"href":"https:\/\/mwc-cmm.org\/fr\/wp-json\/wp\/v2\/prayers\/5491","targetHints":{"allow":["GET"]}}],"collection":[{"href":"https:\/\/mwc-cmm.org\/fr\/wp-json\/wp\/v2\/prayers"}],"about":[{"href":"https:\/\/mwc-cmm.org\/fr\/wp-json\/wp\/v2\/types\/prayers"}],"wp:featuredmedia":[{"embeddable":true,"href":"https:\/\/mwc-cmm.org\/fr\/wp-json\/wp\/v2\/media\/73274"}],"wp:attachment":[{"href":"https:\/\/mwc-cmm.org\/fr\/wp-json\/wp\/v2\/media?parent=5491"}],"curies":[{"name":"wp","href":"https:\/\/api.w.org\/{rel}","templated":true}]}}

<p><strong>Prire pour les Anabaptistes-Mennonites autour du monde</strong><br />
Dieu le crateur,<br />
pardonnes nos pchs, car tu es celui qui donne. Tu nÕas jamais fait de lÕinjustice. Nous voulons la paix au nom de Jsus-Christ qui est le sauveur. Tu connais tous les problmes qui traverse nos frontires, familles, pays, assemble. Fortifie-nous par ton sang librateur. CÕest nÕest pas par nos forces que nous pouvons tout faire mais tout dÕabord par ta volont, nous vaincrons le mal par le bien. En Jsus-Christ nous sommes plus que vainqueur.<br />
Ñenvoy par Jean Mukula Kasenu, Communaut des Eglises Frres Mennonites au Congo<br />
<span style="font-size:12px">Photo :&nbsp;Christen Kong</span></p>

<p>Prire pour les Anabaptistes-Mennonites autour du monde Dieu le crateur, pardonnes nos pchs, car tu es celui qui donne. Tu nÕas jamais fait de lÕinjustice. Nous voulons la paix au nom de Jsus-Christ qui est le sauveur. Tu connais tous les problmes qui traverse nos frontires, familles, pays, assemble. Fortifie-nous par ton sang librateur. CÕest [&hellip;]</p>

<!-- This site is optimized with the Yoast SEO plugin v27.2 - https://yoast.com/product/yoast-seo-wordpress/ -->
<title>PN-Jan-23 - Mennonite World Conference</title>
<meta name="robots" content="index, follow, max-snippet:-1, max-image-preview:large, max-video-preview:-1" />
<link rel="canonical" href="https://mwc-cmm.org/fr/prayer/pn-jan-23-3/" />
<meta property="og:locale" content="fr_FR" />
<meta property="og:type" content="article" />
<meta property="og:title" content="PN-Jan-23 - Mennonite World Conference" />
<meta property="og:description" content="Prire pour les Anabaptistes-Mennonites autour du monde Dieu le crateur, pardonnes nos pchs, car tu es celui qui donne. Tu nÕas jamais fait de lÕinjustice. Nous voulons la paix au nom de Jsus-Christ qui est le sauveur. Tu connais tous les problmes qui traverse nos frontires, familles, pays, assemble. Fortifie-nous par ton sang librateur. CÕest [&hellip;]" />
<meta property="og:url" content="https://mwc-cmm.org/fr/prayer/pn-jan-23-3/" />
<meta property="og:site_name" content="Mennonite World Conference" />
<meta property="article:publisher" content="https://www.facebook.com/MennoniteWorldConference" />
<meta property="article:modified_time" content="2024-12-06T19:14:46+00:00" />
<meta property="og:image" content="https://mwc-cmm.org/wp-content/uploads/2024/11/52391380227_0adf8e30e4_k.jpg" />
	<meta property="og:image:width" content="2048" />
	<meta property="og:image:height" content="1536" />
	<meta property="og:image:type" content="image/jpeg" />
<script type="application/ld+json" class="yoast-schema-graph">{"@context":"https://schema.org","@graph":[{"@type":"WebPage","@id":"https://mwc-cmm.org/fr/prayer/pn-jan-23-3/","url":"https://mwc-cmm.org/fr/prayer/pn-jan-23-3/","name":"PN-Jan-23 - Mennonite World Conference","isPartOf":{"@id":"https://mwc-cmm.org/en/#website"},"primaryImageOfPage":{"@id":"https://mwc-cmm.org/fr/prayer/pn-jan-23-3/#primaryimage"},"image":{"@id":"https://mwc-cmm.org/fr/prayer/pn-jan-23-3/#primaryimage"},"thumbnailUrl":"https://mwc-cmm.org/wp-content/uploads/2024/11/52391380227_0adf8e30e4_k.jpg","datePublished":"2023-01-24T00:00:00+00:00","dateModified":"2024-12-06T19:14:46+00:00","breadcrumb":{"@id":"https://mwc-cmm.org/fr/prayer/pn-jan-23-3/#breadcrumb"},"inLanguage":"fr-FR","potentialAction":[{"@type":"ReadAction","target":["https://mwc-cmm.org/fr/prayer/pn-jan-23-3/"]}]},{"@type":"ImageObject","inLanguage":"fr-FR","@id":"https://mwc-cmm.org/fr/prayer/pn-jan-23-3/#primaryimage","url":"https://mwc-cmm.org/wp-content/uploads/2024/11/52391380227_0adf8e30e4_k.jpg","contentUrl":"https://mwc-cmm.org/wp-content/uploads/2024/11/52391380227_0adf8e30e4_k.jpg","width":2048,"height":1536},{"@type":"BreadcrumbList","@id":"https://mwc-cmm.org/fr/prayer/pn-jan-23-3/#breadcrumb","itemListElement":[{"@type":"ListItem","position":1,"name":"Home","item":"https://mwc-cmm.org/fr/"},{"@type":"ListItem","position":2,"name":"Prayers","item":"https://mwc-cmm.org/en/prayer/"},{"@type":"ListItem","position":3,"name":"PN-Jan-23"}]},{"@type":"WebSite","@id":"https://mwc-cmm.org/en/#website","url":"https://mwc-cmm.org/en/","name":"Mennonite World Conference","description":"A communion of Anabaptist-related churches","publisher":{"@id":"https://mwc-cmm.org/en/#organization"},"alternateName":"MWC","potentialAction":[{"@type":"SearchAction","target":{"@type":"EntryPoint","urlTemplate":"https://mwc-cmm.org/en/?s={search_term_string}"},"query-input":{"@type":"PropertyValueSpecification","valueRequired":true,"valueName":"search_term_string"}}],"inLanguage":"fr-FR"},{"@type":"Organization","@id":"https://mwc-cmm.org/en/#organization","name":"Mennonite World Conference","alternateName":"MWC","url":"https://mwc-cmm.org/en/","logo":{"@type":"ImageObject","inLanguage":"fr-FR","@id":"https://mwc-cmm.org/en/#/schema/logo/image/","url":"https://mwc-cmm.org/wp-content/uploads/2026/01/MWC_Sig_Blue_Horiz_webheader1-logo.svg","contentUrl":"https://mwc-cmm.org/wp-content/uploads/2026/01/MWC_Sig_Blue_Horiz_webheader1-logo.svg","width":786,"height":82,"caption":"Mennonite World Conference"},"image":{"@id":"https://mwc-cmm.org/en/#/schema/logo/image/"},"sameAs":["https://www.facebook.com/MennoniteWorldConference","https://www.linkedin.com/company/mennonite-world-conference-mwc/","https://www.instagram.com/mwcmm/","https://www.youtube.com/user/mwccmm","https://bsky.app/profile/mwcmm.bsky.social"]}]}</script>
<!-- / Yoast SEO plugin. -->

Prire pour les Anabaptistes-Mennonites autour du monde Dieu le crateur, pardonnes nos pchs, car tu es celui qui donne. Tu nÕas jamais fait de lÕinjustice. Nous voulons la paix au nom de Jsus-Christ qui est le sauveur. Tu connais tous les problmes qui traverse nos frontires, familles, pays, assemble. Fortifie-nous par ton sang librateur. CÕest [&hellip;]
