{"id":5396,"date":"2021-04-15T00:00:00","date_gmt":"2021-04-15T00:00:00","guid":{"rendered":"https:\/\/mwc-cmm.org\/prayers\/myanmar-5\/"},"modified":"2024-12-06T19:14:08","modified_gmt":"2024-12-06T19:14:08","slug":"myanmar-5","status":"publish","type":"prayers","link":"https:\/\/mwc-cmm.org\/fr\/prayer\/myanmar-5\/","title":{"rendered":"Myanmar"},"content":{"rendered":"<p>\u00c7&nbsp;Des profondeurs je t\u00d5appelle, Seigneur : Seigneur, entends ma voix&nbsp;!&nbsp;\u00c8 (Psaume&nbsp;130)<\/p>\n<p>Nous avons lu des rapports de torture et d\u00d5assassinat de manifestants pacifiques par l\u00d5arm\u008ee ainsi que de maisons assaillies et saccag\u008ees, en Birmanie. Les autorit\u008es d\u008emocratiquement \u008elues ont \u008et\u008e d\u008emises de leurs fonctions. Le Covid-19 a provoqu\u008e souffrance et mort, et le peuple birman doit \u0088 pr\u008esent subir l\u00d5augmentation des prix de l\u00d5alimentation et de l\u00d5essence alors m\u0090me que le ch\u0099mage est tr\u008fs \u008elev\u008e.<\/p>\n<p>Seigneur, donne \u0088 nos s\u00cfurs et fr\u008fres la force de suivre la voie de J\u008esus, \u00c7&nbsp;rus\u008es comme les serpents et candides comme les colombes&nbsp;\u00c8 (Matthieu&nbsp;10\/16).<\/p>\n<p><em>Kyrie eleison,<\/em> Seigneur, prend piti\u008e&nbsp;!<\/p>\n<p>&nbsp;<\/p>\n<table style=\"width:300px\">\n<tbody>\n<tr>\n<td>\n<p><a href=\"\/fr\/node\/3971\">Cliquez ici pour lire la lettre pastorale du pr\u008esident adress\u008ee \u0088 l\u00d5\u0083glise en Birmanie <\/a><\/p>\n<\/td>\n<\/tr>\n<\/tbody>\n<\/table>\n","protected":false},"excerpt":{"rendered":"<p>\u00c7&nbsp;Des profondeurs je t\u00d5appelle, Seigneur : Seigneur, entends ma voix&nbsp;!&nbsp;\u00c8 (Psaume&nbsp;130) Nous avons lu des rapports de torture et d\u00d5assassinat de manifestants pacifiques par l\u00d5arm\u008ee ainsi que de maisons assaillies et saccag\u008ees, en Birmanie. Les autorit\u008es d\u008emocratiquement \u008elues ont \u008et\u008e d\u008emises de leurs fonctions. Le Covid-19 a provoqu\u008e souffrance et mort, et le peuple birman [&hellip;]<\/p>\n","protected":false},"featured_media":70631,"template":"","class_list":["post-5396","prayers","type-prayers","status-publish","has-post-thumbnail","hentry"],"acf":[],"yoast_head":"<!-- This site is optimized with the Yoast SEO plugin v27.5 - https:\/\/yoast.com\/product\/yoast-seo-wordpress\/ -->\n<title>Myanmar - Mennonite World Conference<\/title>\n<meta name=\"robots\" content=\"index, follow, max-snippet:-1, max-image-preview:large, max-video-preview:-1\" \/>\n<link rel=\"canonical\" href=\"https:\/\/mwc-cmm.org\/fr\/prayer\/myanmar-5\/\" \/>\n<meta property=\"og:locale\" content=\"fr_FR\" \/>\n<meta property=\"og:type\" content=\"article\" \/>\n<meta property=\"og:title\" content=\"Myanmar - Mennonite World Conference\" \/>\n<meta property=\"og:description\" content=\"\u00c7&nbsp;Des profondeurs je t\u00d5appelle, Seigneur : Seigneur, entends ma voix&nbsp;!&nbsp;\u00c8 (Psaume&nbsp;130) Nous avons lu des rapports de torture et d\u00d5assassinat de manifestants pacifiques par l\u00d5arm\u008ee ainsi que de maisons assaillies et saccag\u008ees, en Birmanie. Les autorit\u008es d\u008emocratiquement \u008elues ont \u008et\u008e d\u008emises de leurs fonctions. Le Covid-19 a provoqu\u008e souffrance et mort, et le peuple birman [&hellip;]\" \/>\n<meta property=\"og:url\" content=\"https:\/\/mwc-cmm.org\/fr\/prayer\/myanmar-5\/\" \/>\n<meta property=\"og:site_name\" content=\"Mennonite World Conference\" \/>\n<meta property=\"article:publisher\" content=\"https:\/\/www.facebook.com\/MennoniteWorldConference\" \/>\n<meta property=\"article:modified_time\" content=\"2024-12-06T19:14:08+00:00\" \/>\n<meta property=\"og:image\" content=\"https:\/\/mwc-cmm.org\/wp-content\/uploads\/2024\/11\/prayerroom-kt-ftn2.jpg\" \/>\n\t<meta property=\"og:image:width\" content=\"1536\" \/>\n\t<meta property=\"og:image:height\" content=\"2048\" \/>\n\t<meta property=\"og:image:type\" content=\"image\/jpeg\" \/>\n<script type=\"application\/ld+json\" class=\"yoast-schema-graph\">{\"@context\":\"https:\\\/\\\/schema.org\",\"@graph\":[{\"@type\":\"WebPage\",\"@id\":\"https:\\\/\\\/mwc-cmm.org\\\/fr\\\/prayer\\\/myanmar-5\\\/\",\"url\":\"https:\\\/\\\/mwc-cmm.org\\\/fr\\\/prayer\\\/myanmar-5\\\/\",\"name\":\"Myanmar - Mennonite World Conference\",\"isPartOf\":{\"@id\":\"https:\\\/\\\/mwc-cmm.org\\\/en\\\/#website\"},\"primaryImageOfPage\":{\"@id\":\"https:\\\/\\\/mwc-cmm.org\\\/fr\\\/prayer\\\/myanmar-5\\\/#primaryimage\"},\"image\":{\"@id\":\"https:\\\/\\\/mwc-cmm.org\\\/fr\\\/prayer\\\/myanmar-5\\\/#primaryimage\"},\"thumbnailUrl\":\"https:\\\/\\\/mwc-cmm.org\\\/wp-content\\\/uploads\\\/2024\\\/11\\\/prayerroom-kt-ftn2.jpg\",\"datePublished\":\"2021-04-15T00:00:00+00:00\",\"dateModified\":\"2024-12-06T19:14:08+00:00\",\"breadcrumb\":{\"@id\":\"https:\\\/\\\/mwc-cmm.org\\\/fr\\\/prayer\\\/myanmar-5\\\/#breadcrumb\"},\"inLanguage\":\"fr-FR\",\"potentialAction\":[{\"@type\":\"ReadAction\",\"target\":[\"https:\\\/\\\/mwc-cmm.org\\\/fr\\\/prayer\\\/myanmar-5\\\/\"]}]},{\"@type\":\"ImageObject\",\"inLanguage\":\"fr-FR\",\"@id\":\"https:\\\/\\\/mwc-cmm.org\\\/fr\\\/prayer\\\/myanmar-5\\\/#primaryimage\",\"url\":\"https:\\\/\\\/mwc-cmm.org\\\/wp-content\\\/uploads\\\/2024\\\/11\\\/prayerroom-kt-ftn2.jpg\",\"contentUrl\":\"https:\\\/\\\/mwc-cmm.org\\\/wp-content\\\/uploads\\\/2024\\\/11\\\/prayerroom-kt-ftn2.jpg\",\"width\":1536,\"height\":2048},{\"@type\":\"BreadcrumbList\",\"@id\":\"https:\\\/\\\/mwc-cmm.org\\\/fr\\\/prayer\\\/myanmar-5\\\/#breadcrumb\",\"itemListElement\":[{\"@type\":\"ListItem\",\"position\":1,\"name\":\"Home\",\"item\":\"https:\\\/\\\/mwc-cmm.org\\\/fr\\\/\"},{\"@type\":\"ListItem\",\"position\":2,\"name\":\"Prayers\",\"item\":\"https:\\\/\\\/mwc-cmm.org\\\/en\\\/prayer\\\/\"},{\"@type\":\"ListItem\",\"position\":3,\"name\":\"Myanmar\"}]},{\"@type\":\"WebSite\",\"@id\":\"https:\\\/\\\/mwc-cmm.org\\\/en\\\/#website\",\"url\":\"https:\\\/\\\/mwc-cmm.org\\\/en\\\/\",\"name\":\"Mennonite World Conference\",\"description\":\"A communion of Anabaptist-related churches\",\"publisher\":{\"@id\":\"https:\\\/\\\/mwc-cmm.org\\\/en\\\/#organization\"},\"alternateName\":\"MWC\",\"potentialAction\":[{\"@type\":\"SearchAction\",\"target\":{\"@type\":\"EntryPoint\",\"urlTemplate\":\"https:\\\/\\\/mwc-cmm.org\\\/en\\\/?s={search_term_string}\"},\"query-input\":{\"@type\":\"PropertyValueSpecification\",\"valueRequired\":true,\"valueName\":\"search_term_string\"}}],\"inLanguage\":\"fr-FR\"},{\"@type\":\"Organization\",\"@id\":\"https:\\\/\\\/mwc-cmm.org\\\/en\\\/#organization\",\"name\":\"Mennonite World Conference\",\"alternateName\":\"MWC\",\"url\":\"https:\\\/\\\/mwc-cmm.org\\\/en\\\/\",\"logo\":{\"@type\":\"ImageObject\",\"inLanguage\":\"fr-FR\",\"@id\":\"https:\\\/\\\/mwc-cmm.org\\\/en\\\/#\\\/schema\\\/logo\\\/image\\\/\",\"url\":\"https:\\\/\\\/mwc-cmm.org\\\/wp-content\\\/uploads\\\/2026\\\/01\\\/MWC_Sig_Blue_Horiz_webheader1-logo.svg\",\"contentUrl\":\"https:\\\/\\\/mwc-cmm.org\\\/wp-content\\\/uploads\\\/2026\\\/01\\\/MWC_Sig_Blue_Horiz_webheader1-logo.svg\",\"width\":786,\"height\":82,\"caption\":\"Mennonite World Conference\"},\"image\":{\"@id\":\"https:\\\/\\\/mwc-cmm.org\\\/en\\\/#\\\/schema\\\/logo\\\/image\\\/\"},\"sameAs\":[\"https:\\\/\\\/www.facebook.com\\\/MennoniteWorldConference\",\"https:\\\/\\\/www.linkedin.com\\\/company\\\/mennonite-world-conference-mwc\\\/\",\"https:\\\/\\\/www.instagram.com\\\/mwcmm\\\/\",\"https:\\\/\\\/www.youtube.com\\\/user\\\/mwccmm\",\"https:\\\/\\\/bsky.app\\\/profile\\\/mwcmm.bsky.social\"]}]}<\/script>\n<!-- \/ Yoast SEO plugin. -->","yoast_head_json":{"title":"Myanmar - Mennonite World Conference","robots":{"index":"index","follow":"follow","max-snippet":"max-snippet:-1","max-image-preview":"max-image-preview:large","max-video-preview":"max-video-preview:-1"},"canonical":"https:\/\/mwc-cmm.org\/fr\/prayer\/myanmar-5\/","og_locale":"fr_FR","og_type":"article","og_title":"Myanmar - Mennonite World Conference","og_description":"\u00c7&nbsp;Des profondeurs je t\u00d5appelle, Seigneur : Seigneur, entends ma voix&nbsp;!&nbsp;\u00c8 (Psaume&nbsp;130) Nous avons lu des rapports de torture et d\u00d5assassinat de manifestants pacifiques par l\u00d5arm\u008ee ainsi que de maisons assaillies et saccag\u008ees, en Birmanie. Les autorit\u008es d\u008emocratiquement \u008elues ont \u008et\u008e d\u008emises de leurs fonctions. Le Covid-19 a provoqu\u008e souffrance et mort, et le peuple birman [&hellip;]","og_url":"https:\/\/mwc-cmm.org\/fr\/prayer\/myanmar-5\/","og_site_name":"Mennonite World Conference","article_publisher":"https:\/\/www.facebook.com\/MennoniteWorldConference","article_modified_time":"2024-12-06T19:14:08+00:00","og_image":[{"width":1536,"height":2048,"url":"https:\/\/mwc-cmm.org\/wp-content\/uploads\/2024\/11\/prayerroom-kt-ftn2.jpg","type":"image\/jpeg"}],"schema":{"@context":"https:\/\/schema.org","@graph":[{"@type":"WebPage","@id":"https:\/\/mwc-cmm.org\/fr\/prayer\/myanmar-5\/","url":"https:\/\/mwc-cmm.org\/fr\/prayer\/myanmar-5\/","name":"Myanmar - Mennonite World Conference","isPartOf":{"@id":"https:\/\/mwc-cmm.org\/en\/#website"},"primaryImageOfPage":{"@id":"https:\/\/mwc-cmm.org\/fr\/prayer\/myanmar-5\/#primaryimage"},"image":{"@id":"https:\/\/mwc-cmm.org\/fr\/prayer\/myanmar-5\/#primaryimage"},"thumbnailUrl":"https:\/\/mwc-cmm.org\/wp-content\/uploads\/2024\/11\/prayerroom-kt-ftn2.jpg","datePublished":"2021-04-15T00:00:00+00:00","dateModified":"2024-12-06T19:14:08+00:00","breadcrumb":{"@id":"https:\/\/mwc-cmm.org\/fr\/prayer\/myanmar-5\/#breadcrumb"},"inLanguage":"fr-FR","potentialAction":[{"@type":"ReadAction","target":["https:\/\/mwc-cmm.org\/fr\/prayer\/myanmar-5\/"]}]},{"@type":"ImageObject","inLanguage":"fr-FR","@id":"https:\/\/mwc-cmm.org\/fr\/prayer\/myanmar-5\/#primaryimage","url":"https:\/\/mwc-cmm.org\/wp-content\/uploads\/2024\/11\/prayerroom-kt-ftn2.jpg","contentUrl":"https:\/\/mwc-cmm.org\/wp-content\/uploads\/2024\/11\/prayerroom-kt-ftn2.jpg","width":1536,"height":2048},{"@type":"BreadcrumbList","@id":"https:\/\/mwc-cmm.org\/fr\/prayer\/myanmar-5\/#breadcrumb","itemListElement":[{"@type":"ListItem","position":1,"name":"Home","item":"https:\/\/mwc-cmm.org\/fr\/"},{"@type":"ListItem","position":2,"name":"Prayers","item":"https:\/\/mwc-cmm.org\/en\/prayer\/"},{"@type":"ListItem","position":3,"name":"Myanmar"}]},{"@type":"WebSite","@id":"https:\/\/mwc-cmm.org\/en\/#website","url":"https:\/\/mwc-cmm.org\/en\/","name":"Mennonite World Conference","description":"A communion of Anabaptist-related churches","publisher":{"@id":"https:\/\/mwc-cmm.org\/en\/#organization"},"alternateName":"MWC","potentialAction":[{"@type":"SearchAction","target":{"@type":"EntryPoint","urlTemplate":"https:\/\/mwc-cmm.org\/en\/?s={search_term_string}"},"query-input":{"@type":"PropertyValueSpecification","valueRequired":true,"valueName":"search_term_string"}}],"inLanguage":"fr-FR"},{"@type":"Organization","@id":"https:\/\/mwc-cmm.org\/en\/#organization","name":"Mennonite World Conference","alternateName":"MWC","url":"https:\/\/mwc-cmm.org\/en\/","logo":{"@type":"ImageObject","inLanguage":"fr-FR","@id":"https:\/\/mwc-cmm.org\/en\/#\/schema\/logo\/image\/","url":"https:\/\/mwc-cmm.org\/wp-content\/uploads\/2026\/01\/MWC_Sig_Blue_Horiz_webheader1-logo.svg","contentUrl":"https:\/\/mwc-cmm.org\/wp-content\/uploads\/2026\/01\/MWC_Sig_Blue_Horiz_webheader1-logo.svg","width":786,"height":82,"caption":"Mennonite World Conference"},"image":{"@id":"https:\/\/mwc-cmm.org\/en\/#\/schema\/logo\/image\/"},"sameAs":["https:\/\/www.facebook.com\/MennoniteWorldConference","https:\/\/www.linkedin.com\/company\/mennonite-world-conference-mwc\/","https:\/\/www.instagram.com\/mwcmm\/","https:\/\/www.youtube.com\/user\/mwccmm","https:\/\/bsky.app\/profile\/mwcmm.bsky.social"]}]}},"_links":{"self":[{"href":"https:\/\/mwc-cmm.org\/fr\/wp-json\/wp\/v2\/prayers\/5396","targetHints":{"allow":["GET"]}}],"collection":[{"href":"https:\/\/mwc-cmm.org\/fr\/wp-json\/wp\/v2\/prayers"}],"about":[{"href":"https:\/\/mwc-cmm.org\/fr\/wp-json\/wp\/v2\/types\/prayers"}],"wp:featuredmedia":[{"embeddable":true,"href":"https:\/\/mwc-cmm.org\/fr\/wp-json\/wp\/v2\/media\/70631"}],"wp:attachment":[{"href":"https:\/\/mwc-cmm.org\/fr\/wp-json\/wp\/v2\/media?parent=5396"}],"curies":[{"name":"wp","href":"https:\/\/api.w.org\/{rel}","templated":true}]}}

<p>Ç&nbsp;Des profondeurs je tÕappelle, Seigneur : Seigneur, entends ma voix&nbsp;!&nbsp;È (Psaume&nbsp;130)</p>
<p>Nous avons lu des rapports de torture et dÕassassinat de manifestants pacifiques par lÕarme ainsi que de maisons assaillies et saccages, en Birmanie. Les autorits dmocratiquement lues ont t dmises de leurs fonctions. Le Covid-19 a provoqu souffrance et mort, et le peuple birman doit  prsent subir lÕaugmentation des prix de lÕalimentation et de lÕessence alors mme que le chmage est trs lev.</p>
<p>Seigneur, donne  nos sÏurs et frres la force de suivre la voie de Jsus, Ç&nbsp;russ comme les serpents et candides comme les colombes&nbsp;È (Matthieu&nbsp;10/16).</p>
<p><em>Kyrie eleison,</em> Seigneur, prend piti&nbsp;!</p>
<p>&nbsp;</p>
<table style="width:300px">
<tbody>
<tr>
<td>
<p><a href="/fr/node/3971">Cliquez ici pour lire la lettre pastorale du prsident adresse  lÕglise en Birmanie </a></p>
</td>
</tr>
</tbody>
</table>

<p>Ç&nbsp;Des profondeurs je tÕappelle, Seigneur : Seigneur, entends ma voix&nbsp;!&nbsp;È (Psaume&nbsp;130) Nous avons lu des rapports de torture et dÕassassinat de manifestants pacifiques par lÕarme ainsi que de maisons assaillies et saccages, en Birmanie. Les autorits dmocratiquement lues ont t dmises de leurs fonctions. Le Covid-19 a provoqu souffrance et mort, et le peuple birman [&hellip;]</p>

<!-- This site is optimized with the Yoast SEO plugin v27.5 - https://yoast.com/product/yoast-seo-wordpress/ -->
<title>Myanmar - Mennonite World Conference</title>
<meta name="robots" content="index, follow, max-snippet:-1, max-image-preview:large, max-video-preview:-1" />
<link rel="canonical" href="https://mwc-cmm.org/fr/prayer/myanmar-5/" />
<meta property="og:locale" content="fr_FR" />
<meta property="og:type" content="article" />
<meta property="og:title" content="Myanmar - Mennonite World Conference" />
<meta property="og:description" content="Ç&nbsp;Des profondeurs je tÕappelle, Seigneur : Seigneur, entends ma voix&nbsp;!&nbsp;È (Psaume&nbsp;130) Nous avons lu des rapports de torture et dÕassassinat de manifestants pacifiques par lÕarme ainsi que de maisons assaillies et saccages, en Birmanie. Les autorits dmocratiquement lues ont t dmises de leurs fonctions. Le Covid-19 a provoqu souffrance et mort, et le peuple birman [&hellip;]" />
<meta property="og:url" content="https://mwc-cmm.org/fr/prayer/myanmar-5/" />
<meta property="og:site_name" content="Mennonite World Conference" />
<meta property="article:publisher" content="https://www.facebook.com/MennoniteWorldConference" />
<meta property="article:modified_time" content="2024-12-06T19:14:08+00:00" />
<meta property="og:image" content="https://mwc-cmm.org/wp-content/uploads/2024/11/prayerroom-kt-ftn2.jpg" />
	<meta property="og:image:width" content="1536" />
	<meta property="og:image:height" content="2048" />
	<meta property="og:image:type" content="image/jpeg" />
<script type="application/ld+json" class="yoast-schema-graph">{"@context":"https:\/\/schema.org","@graph":[{"@type":"WebPage","@id":"https:\/\/mwc-cmm.org\/fr\/prayer\/myanmar-5\/","url":"https:\/\/mwc-cmm.org\/fr\/prayer\/myanmar-5\/","name":"Myanmar - Mennonite World Conference","isPartOf":{"@id":"https:\/\/mwc-cmm.org\/en\/#website"},"primaryImageOfPage":{"@id":"https:\/\/mwc-cmm.org\/fr\/prayer\/myanmar-5\/#primaryimage"},"image":{"@id":"https:\/\/mwc-cmm.org\/fr\/prayer\/myanmar-5\/#primaryimage"},"thumbnailUrl":"https:\/\/mwc-cmm.org\/wp-content\/uploads\/2024\/11\/prayerroom-kt-ftn2.jpg","datePublished":"2021-04-15T00:00:00+00:00","dateModified":"2024-12-06T19:14:08+00:00","breadcrumb":{"@id":"https:\/\/mwc-cmm.org\/fr\/prayer\/myanmar-5\/#breadcrumb"},"inLanguage":"fr-FR","potentialAction":[{"@type":"ReadAction","target":["https:\/\/mwc-cmm.org\/fr\/prayer\/myanmar-5\/"]}]},{"@type":"ImageObject","inLanguage":"fr-FR","@id":"https:\/\/mwc-cmm.org\/fr\/prayer\/myanmar-5\/#primaryimage","url":"https:\/\/mwc-cmm.org\/wp-content\/uploads\/2024\/11\/prayerroom-kt-ftn2.jpg","contentUrl":"https:\/\/mwc-cmm.org\/wp-content\/uploads\/2024\/11\/prayerroom-kt-ftn2.jpg","width":1536,"height":2048},{"@type":"BreadcrumbList","@id":"https:\/\/mwc-cmm.org\/fr\/prayer\/myanmar-5\/#breadcrumb","itemListElement":[{"@type":"ListItem","position":1,"name":"Home","item":"https:\/\/mwc-cmm.org\/fr\/"},{"@type":"ListItem","position":2,"name":"Prayers","item":"https:\/\/mwc-cmm.org\/en\/prayer\/"},{"@type":"ListItem","position":3,"name":"Myanmar"}]},{"@type":"WebSite","@id":"https:\/\/mwc-cmm.org\/en\/#website","url":"https:\/\/mwc-cmm.org\/en\/","name":"Mennonite World Conference","description":"A communion of Anabaptist-related churches","publisher":{"@id":"https:\/\/mwc-cmm.org\/en\/#organization"},"alternateName":"MWC","potentialAction":[{"@type":"SearchAction","target":{"@type":"EntryPoint","urlTemplate":"https:\/\/mwc-cmm.org\/en\/?s={search_term_string}"},"query-input":{"@type":"PropertyValueSpecification","valueRequired":true,"valueName":"search_term_string"}}],"inLanguage":"fr-FR"},{"@type":"Organization","@id":"https:\/\/mwc-cmm.org\/en\/#organization","name":"Mennonite World Conference","alternateName":"MWC","url":"https:\/\/mwc-cmm.org\/en\/","logo":{"@type":"ImageObject","inLanguage":"fr-FR","@id":"https:\/\/mwc-cmm.org\/en\/#\/schema\/logo\/image\/","url":"https:\/\/mwc-cmm.org\/wp-content\/uploads\/2026\/01\/MWC_Sig_Blue_Horiz_webheader1-logo.svg","contentUrl":"https:\/\/mwc-cmm.org\/wp-content\/uploads\/2026\/01\/MWC_Sig_Blue_Horiz_webheader1-logo.svg","width":786,"height":82,"caption":"Mennonite World Conference"},"image":{"@id":"https:\/\/mwc-cmm.org\/en\/#\/schema\/logo\/image\/"},"sameAs":["https:\/\/www.facebook.com\/MennoniteWorldConference","https:\/\/www.linkedin.com\/company\/mennonite-world-conference-mwc\/","https:\/\/www.instagram.com\/mwcmm\/","https:\/\/www.youtube.com\/user\/mwccmm","https:\/\/bsky.app\/profile\/mwcmm.bsky.social"]}]}</script>
<!-- / Yoast SEO plugin. -->

Ç&nbsp;Des profondeurs je tÕappelle, Seigneur : Seigneur, entends ma voix&nbsp;!&nbsp;È (Psaume&nbsp;130) Nous avons lu des rapports de torture et dÕassassinat de manifestants pacifiques par lÕarme ainsi que de maisons assaillies et saccages, en Birmanie. Les autorits dmocratiquement lues ont t dmises de leurs fonctions. Le Covid-19 a provoqu souffrance et mort, et le peuple birman [&hellip;]
