{"id":5375,"date":"2020-12-15T00:00:00","date_gmt":"2020-12-15T00:00:00","guid":{"rendered":"https:\/\/mwc-cmm.org\/prayers\/awfs-21-assembly-3\/"},"modified":"2024-12-06T19:13:59","modified_gmt":"2024-12-06T19:13:59","slug":"awfs-21-assembly-3","status":"publish","type":"prayers","link":"https:\/\/mwc-cmm.org\/fr\/prayer\/awfs-21-assembly-3\/","title":{"rendered":"AWFS-21-Assembly"},"content":{"rendered":"<p>Prions pour la prochaine Assembl\u008ee r\u008eunie en Indon\u008esie. Prions les organisateurs qui doivent discerner la date \u0088 laquelle l\u00d5assembl\u008ee pourra se tenir sans danger et s\u00d5adapter pour appliquer des mesures de s\u008ecurit\u008e alors qu\u00d5ils attendent plusieurs milliers de participants \u0088 Semarang. Prions pour que l\u00d5Esprit soit \u0088 l\u00d5\u00cfuvre dans les c\u00cfurs et les esprits de tous les participants unis dans l\u00d5Esprit.<\/p>\n","protected":false},"excerpt":{"rendered":"<p>Prions pour la prochaine Assembl\u008ee r\u008eunie en Indon\u008esie. Prions les organisateurs qui doivent discerner la date \u0088 laquelle l\u00d5assembl\u008ee pourra se tenir sans danger et s\u00d5adapter pour appliquer des mesures de s\u008ecurit\u008e alors qu\u00d5ils attendent plusieurs milliers de participants \u0088 Semarang. Prions pour que l\u00d5Esprit soit \u0088 l\u00d5\u00cfuvre dans les c\u00cfurs et les esprits de [&hellip;]<\/p>\n","protected":false},"featured_media":64879,"template":"","class_list":["post-5375","prayers","type-prayers","status-publish","has-post-thumbnail","hentry"],"acf":[],"yoast_head":"<!-- This site is optimized with the Yoast SEO plugin v27.2 - https:\/\/yoast.com\/product\/yoast-seo-wordpress\/ -->\n<title>AWFS-21-Assembly - Mennonite World Conference<\/title>\n<meta name=\"robots\" content=\"index, follow, max-snippet:-1, max-image-preview:large, max-video-preview:-1\" \/>\n<link rel=\"canonical\" href=\"https:\/\/mwc-cmm.org\/fr\/prayer\/awfs-21-assembly-3\/\" \/>\n<meta property=\"og:locale\" content=\"fr_FR\" \/>\n<meta property=\"og:type\" content=\"article\" \/>\n<meta property=\"og:title\" content=\"AWFS-21-Assembly - Mennonite World Conference\" \/>\n<meta property=\"og:description\" content=\"Prions pour la prochaine Assembl\u008ee r\u008eunie en Indon\u008esie. Prions les organisateurs qui doivent discerner la date \u0088 laquelle l\u00d5assembl\u008ee pourra se tenir sans danger et s\u00d5adapter pour appliquer des mesures de s\u008ecurit\u008e alors qu\u00d5ils attendent plusieurs milliers de participants \u0088 Semarang. Prions pour que l\u00d5Esprit soit \u0088 l\u00d5\u00cfuvre dans les c\u00cfurs et les esprits de [&hellip;]\" \/>\n<meta property=\"og:url\" content=\"https:\/\/mwc-cmm.org\/fr\/prayer\/awfs-21-assembly-3\/\" \/>\n<meta property=\"og:site_name\" content=\"Mennonite World Conference\" \/>\n<meta property=\"article:publisher\" content=\"https:\/\/www.facebook.com\/MennoniteWorldConference\" \/>\n<meta property=\"article:modified_time\" content=\"2024-12-06T19:13:59+00:00\" \/>\n<meta property=\"og:image\" content=\"https:\/\/mwc-cmm.org\/wp-content\/uploads\/2024\/11\/assemblyorchestrafol920_edited-5-scaled.jpg\" \/>\n\t<meta property=\"og:image:width\" content=\"2560\" \/>\n\t<meta property=\"og:image:height\" content=\"1708\" \/>\n\t<meta property=\"og:image:type\" content=\"image\/jpeg\" \/>\n<script type=\"application\/ld+json\" class=\"yoast-schema-graph\">{\"@context\":\"https:\/\/schema.org\",\"@graph\":[{\"@type\":\"WebPage\",\"@id\":\"https:\/\/mwc-cmm.org\/fr\/prayer\/awfs-21-assembly-3\/\",\"url\":\"https:\/\/mwc-cmm.org\/fr\/prayer\/awfs-21-assembly-3\/\",\"name\":\"AWFS-21-Assembly - Mennonite World Conference\",\"isPartOf\":{\"@id\":\"https:\/\/mwc-cmm.org\/en\/#website\"},\"primaryImageOfPage\":{\"@id\":\"https:\/\/mwc-cmm.org\/fr\/prayer\/awfs-21-assembly-3\/#primaryimage\"},\"image\":{\"@id\":\"https:\/\/mwc-cmm.org\/fr\/prayer\/awfs-21-assembly-3\/#primaryimage\"},\"thumbnailUrl\":\"https:\/\/mwc-cmm.org\/wp-content\/uploads\/2024\/11\/assemblyorchestrafol920_edited-5-scaled.jpg\",\"datePublished\":\"2020-12-15T00:00:00+00:00\",\"dateModified\":\"2024-12-06T19:13:59+00:00\",\"breadcrumb\":{\"@id\":\"https:\/\/mwc-cmm.org\/fr\/prayer\/awfs-21-assembly-3\/#breadcrumb\"},\"inLanguage\":\"fr-FR\",\"potentialAction\":[{\"@type\":\"ReadAction\",\"target\":[\"https:\/\/mwc-cmm.org\/fr\/prayer\/awfs-21-assembly-3\/\"]}]},{\"@type\":\"ImageObject\",\"inLanguage\":\"fr-FR\",\"@id\":\"https:\/\/mwc-cmm.org\/fr\/prayer\/awfs-21-assembly-3\/#primaryimage\",\"url\":\"https:\/\/mwc-cmm.org\/wp-content\/uploads\/2024\/11\/assemblyorchestrafol920_edited-5-scaled.jpg\",\"contentUrl\":\"https:\/\/mwc-cmm.org\/wp-content\/uploads\/2024\/11\/assemblyorchestrafol920_edited-5-scaled.jpg\",\"width\":2560,\"height\":1708},{\"@type\":\"BreadcrumbList\",\"@id\":\"https:\/\/mwc-cmm.org\/fr\/prayer\/awfs-21-assembly-3\/#breadcrumb\",\"itemListElement\":[{\"@type\":\"ListItem\",\"position\":1,\"name\":\"Home\",\"item\":\"https:\/\/mwc-cmm.org\/fr\/\"},{\"@type\":\"ListItem\",\"position\":2,\"name\":\"Prayers\",\"item\":\"https:\/\/mwc-cmm.org\/en\/prayer\/\"},{\"@type\":\"ListItem\",\"position\":3,\"name\":\"AWFS-21-Assembly\"}]},{\"@type\":\"WebSite\",\"@id\":\"https:\/\/mwc-cmm.org\/en\/#website\",\"url\":\"https:\/\/mwc-cmm.org\/en\/\",\"name\":\"Mennonite World Conference\",\"description\":\"A communion of Anabaptist-related churches\",\"publisher\":{\"@id\":\"https:\/\/mwc-cmm.org\/en\/#organization\"},\"alternateName\":\"MWC\",\"potentialAction\":[{\"@type\":\"SearchAction\",\"target\":{\"@type\":\"EntryPoint\",\"urlTemplate\":\"https:\/\/mwc-cmm.org\/en\/?s={search_term_string}\"},\"query-input\":{\"@type\":\"PropertyValueSpecification\",\"valueRequired\":true,\"valueName\":\"search_term_string\"}}],\"inLanguage\":\"fr-FR\"},{\"@type\":\"Organization\",\"@id\":\"https:\/\/mwc-cmm.org\/en\/#organization\",\"name\":\"Mennonite World Conference\",\"alternateName\":\"MWC\",\"url\":\"https:\/\/mwc-cmm.org\/en\/\",\"logo\":{\"@type\":\"ImageObject\",\"inLanguage\":\"fr-FR\",\"@id\":\"https:\/\/mwc-cmm.org\/en\/#\/schema\/logo\/image\/\",\"url\":\"https:\/\/mwc-cmm.org\/wp-content\/uploads\/2026\/01\/MWC_Sig_Blue_Horiz_webheader1-logo.svg\",\"contentUrl\":\"https:\/\/mwc-cmm.org\/wp-content\/uploads\/2026\/01\/MWC_Sig_Blue_Horiz_webheader1-logo.svg\",\"width\":786,\"height\":82,\"caption\":\"Mennonite World Conference\"},\"image\":{\"@id\":\"https:\/\/mwc-cmm.org\/en\/#\/schema\/logo\/image\/\"},\"sameAs\":[\"https:\/\/www.facebook.com\/MennoniteWorldConference\",\"https:\/\/www.linkedin.com\/company\/mennonite-world-conference-mwc\/\",\"https:\/\/www.instagram.com\/mwcmm\/\",\"https:\/\/www.youtube.com\/user\/mwccmm\",\"https:\/\/bsky.app\/profile\/mwcmm.bsky.social\"]}]}<\/script>\n<!-- \/ Yoast SEO plugin. -->","yoast_head_json":{"title":"AWFS-21-Assembly - Mennonite World Conference","robots":{"index":"index","follow":"follow","max-snippet":"max-snippet:-1","max-image-preview":"max-image-preview:large","max-video-preview":"max-video-preview:-1"},"canonical":"https:\/\/mwc-cmm.org\/fr\/prayer\/awfs-21-assembly-3\/","og_locale":"fr_FR","og_type":"article","og_title":"AWFS-21-Assembly - Mennonite World Conference","og_description":"Prions pour la prochaine Assembl\u008ee r\u008eunie en Indon\u008esie. Prions les organisateurs qui doivent discerner la date \u0088 laquelle l\u00d5assembl\u008ee pourra se tenir sans danger et s\u00d5adapter pour appliquer des mesures de s\u008ecurit\u008e alors qu\u00d5ils attendent plusieurs milliers de participants \u0088 Semarang. Prions pour que l\u00d5Esprit soit \u0088 l\u00d5\u00cfuvre dans les c\u00cfurs et les esprits de [&hellip;]","og_url":"https:\/\/mwc-cmm.org\/fr\/prayer\/awfs-21-assembly-3\/","og_site_name":"Mennonite World Conference","article_publisher":"https:\/\/www.facebook.com\/MennoniteWorldConference","article_modified_time":"2024-12-06T19:13:59+00:00","og_image":[{"width":2560,"height":1708,"url":"https:\/\/mwc-cmm.org\/wp-content\/uploads\/2024\/11\/assemblyorchestrafol920_edited-5-scaled.jpg","type":"image\/jpeg"}],"schema":{"@context":"https:\/\/schema.org","@graph":[{"@type":"WebPage","@id":"https:\/\/mwc-cmm.org\/fr\/prayer\/awfs-21-assembly-3\/","url":"https:\/\/mwc-cmm.org\/fr\/prayer\/awfs-21-assembly-3\/","name":"AWFS-21-Assembly - Mennonite World Conference","isPartOf":{"@id":"https:\/\/mwc-cmm.org\/en\/#website"},"primaryImageOfPage":{"@id":"https:\/\/mwc-cmm.org\/fr\/prayer\/awfs-21-assembly-3\/#primaryimage"},"image":{"@id":"https:\/\/mwc-cmm.org\/fr\/prayer\/awfs-21-assembly-3\/#primaryimage"},"thumbnailUrl":"https:\/\/mwc-cmm.org\/wp-content\/uploads\/2024\/11\/assemblyorchestrafol920_edited-5-scaled.jpg","datePublished":"2020-12-15T00:00:00+00:00","dateModified":"2024-12-06T19:13:59+00:00","breadcrumb":{"@id":"https:\/\/mwc-cmm.org\/fr\/prayer\/awfs-21-assembly-3\/#breadcrumb"},"inLanguage":"fr-FR","potentialAction":[{"@type":"ReadAction","target":["https:\/\/mwc-cmm.org\/fr\/prayer\/awfs-21-assembly-3\/"]}]},{"@type":"ImageObject","inLanguage":"fr-FR","@id":"https:\/\/mwc-cmm.org\/fr\/prayer\/awfs-21-assembly-3\/#primaryimage","url":"https:\/\/mwc-cmm.org\/wp-content\/uploads\/2024\/11\/assemblyorchestrafol920_edited-5-scaled.jpg","contentUrl":"https:\/\/mwc-cmm.org\/wp-content\/uploads\/2024\/11\/assemblyorchestrafol920_edited-5-scaled.jpg","width":2560,"height":1708},{"@type":"BreadcrumbList","@id":"https:\/\/mwc-cmm.org\/fr\/prayer\/awfs-21-assembly-3\/#breadcrumb","itemListElement":[{"@type":"ListItem","position":1,"name":"Home","item":"https:\/\/mwc-cmm.org\/fr\/"},{"@type":"ListItem","position":2,"name":"Prayers","item":"https:\/\/mwc-cmm.org\/en\/prayer\/"},{"@type":"ListItem","position":3,"name":"AWFS-21-Assembly"}]},{"@type":"WebSite","@id":"https:\/\/mwc-cmm.org\/en\/#website","url":"https:\/\/mwc-cmm.org\/en\/","name":"Mennonite World Conference","description":"A communion of Anabaptist-related churches","publisher":{"@id":"https:\/\/mwc-cmm.org\/en\/#organization"},"alternateName":"MWC","potentialAction":[{"@type":"SearchAction","target":{"@type":"EntryPoint","urlTemplate":"https:\/\/mwc-cmm.org\/en\/?s={search_term_string}"},"query-input":{"@type":"PropertyValueSpecification","valueRequired":true,"valueName":"search_term_string"}}],"inLanguage":"fr-FR"},{"@type":"Organization","@id":"https:\/\/mwc-cmm.org\/en\/#organization","name":"Mennonite World Conference","alternateName":"MWC","url":"https:\/\/mwc-cmm.org\/en\/","logo":{"@type":"ImageObject","inLanguage":"fr-FR","@id":"https:\/\/mwc-cmm.org\/en\/#\/schema\/logo\/image\/","url":"https:\/\/mwc-cmm.org\/wp-content\/uploads\/2026\/01\/MWC_Sig_Blue_Horiz_webheader1-logo.svg","contentUrl":"https:\/\/mwc-cmm.org\/wp-content\/uploads\/2026\/01\/MWC_Sig_Blue_Horiz_webheader1-logo.svg","width":786,"height":82,"caption":"Mennonite World Conference"},"image":{"@id":"https:\/\/mwc-cmm.org\/en\/#\/schema\/logo\/image\/"},"sameAs":["https:\/\/www.facebook.com\/MennoniteWorldConference","https:\/\/www.linkedin.com\/company\/mennonite-world-conference-mwc\/","https:\/\/www.instagram.com\/mwcmm\/","https:\/\/www.youtube.com\/user\/mwccmm","https:\/\/bsky.app\/profile\/mwcmm.bsky.social"]}]}},"_links":{"self":[{"href":"https:\/\/mwc-cmm.org\/fr\/wp-json\/wp\/v2\/prayers\/5375","targetHints":{"allow":["GET"]}}],"collection":[{"href":"https:\/\/mwc-cmm.org\/fr\/wp-json\/wp\/v2\/prayers"}],"about":[{"href":"https:\/\/mwc-cmm.org\/fr\/wp-json\/wp\/v2\/types\/prayers"}],"wp:featuredmedia":[{"embeddable":true,"href":"https:\/\/mwc-cmm.org\/fr\/wp-json\/wp\/v2\/media\/64879"}],"wp:attachment":[{"href":"https:\/\/mwc-cmm.org\/fr\/wp-json\/wp\/v2\/media?parent=5375"}],"curies":[{"name":"wp","href":"https:\/\/api.w.org\/{rel}","templated":true}]}}

<p>Prions pour la prochaine Assemble runie en Indonsie. Prions les organisateurs qui doivent discerner la date  laquelle lÕassemble pourra se tenir sans danger et sÕadapter pour appliquer des mesures de scurit alors quÕils attendent plusieurs milliers de participants  Semarang. Prions pour que lÕEsprit soit  lÕÏuvre dans les cÏurs et les esprits de tous les participants unis dans lÕEsprit.</p>

<p>Prions pour la prochaine Assemble runie en Indonsie. Prions les organisateurs qui doivent discerner la date  laquelle lÕassemble pourra se tenir sans danger et sÕadapter pour appliquer des mesures de scurit alors quÕils attendent plusieurs milliers de participants  Semarang. Prions pour que lÕEsprit soit  lÕÏuvre dans les cÏurs et les esprits de [&hellip;]</p>

<!-- This site is optimized with the Yoast SEO plugin v27.2 - https://yoast.com/product/yoast-seo-wordpress/ -->
<title>AWFS-21-Assembly - Mennonite World Conference</title>
<meta name="robots" content="index, follow, max-snippet:-1, max-image-preview:large, max-video-preview:-1" />
<link rel="canonical" href="https://mwc-cmm.org/fr/prayer/awfs-21-assembly-3/" />
<meta property="og:locale" content="fr_FR" />
<meta property="og:type" content="article" />
<meta property="og:title" content="AWFS-21-Assembly - Mennonite World Conference" />
<meta property="og:description" content="Prions pour la prochaine Assemble runie en Indonsie. Prions les organisateurs qui doivent discerner la date  laquelle lÕassemble pourra se tenir sans danger et sÕadapter pour appliquer des mesures de scurit alors quÕils attendent plusieurs milliers de participants  Semarang. Prions pour que lÕEsprit soit  lÕÏuvre dans les cÏurs et les esprits de [&hellip;]" />
<meta property="og:url" content="https://mwc-cmm.org/fr/prayer/awfs-21-assembly-3/" />
<meta property="og:site_name" content="Mennonite World Conference" />
<meta property="article:publisher" content="https://www.facebook.com/MennoniteWorldConference" />
<meta property="article:modified_time" content="2024-12-06T19:13:59+00:00" />
<meta property="og:image" content="https://mwc-cmm.org/wp-content/uploads/2024/11/assemblyorchestrafol920_edited-5-scaled.jpg" />
	<meta property="og:image:width" content="2560" />
	<meta property="og:image:height" content="1708" />
	<meta property="og:image:type" content="image/jpeg" />
<script type="application/ld+json" class="yoast-schema-graph">{"@context":"https://schema.org","@graph":[{"@type":"WebPage","@id":"https://mwc-cmm.org/fr/prayer/awfs-21-assembly-3/","url":"https://mwc-cmm.org/fr/prayer/awfs-21-assembly-3/","name":"AWFS-21-Assembly - Mennonite World Conference","isPartOf":{"@id":"https://mwc-cmm.org/en/#website"},"primaryImageOfPage":{"@id":"https://mwc-cmm.org/fr/prayer/awfs-21-assembly-3/#primaryimage"},"image":{"@id":"https://mwc-cmm.org/fr/prayer/awfs-21-assembly-3/#primaryimage"},"thumbnailUrl":"https://mwc-cmm.org/wp-content/uploads/2024/11/assemblyorchestrafol920_edited-5-scaled.jpg","datePublished":"2020-12-15T00:00:00+00:00","dateModified":"2024-12-06T19:13:59+00:00","breadcrumb":{"@id":"https://mwc-cmm.org/fr/prayer/awfs-21-assembly-3/#breadcrumb"},"inLanguage":"fr-FR","potentialAction":[{"@type":"ReadAction","target":["https://mwc-cmm.org/fr/prayer/awfs-21-assembly-3/"]}]},{"@type":"ImageObject","inLanguage":"fr-FR","@id":"https://mwc-cmm.org/fr/prayer/awfs-21-assembly-3/#primaryimage","url":"https://mwc-cmm.org/wp-content/uploads/2024/11/assemblyorchestrafol920_edited-5-scaled.jpg","contentUrl":"https://mwc-cmm.org/wp-content/uploads/2024/11/assemblyorchestrafol920_edited-5-scaled.jpg","width":2560,"height":1708},{"@type":"BreadcrumbList","@id":"https://mwc-cmm.org/fr/prayer/awfs-21-assembly-3/#breadcrumb","itemListElement":[{"@type":"ListItem","position":1,"name":"Home","item":"https://mwc-cmm.org/fr/"},{"@type":"ListItem","position":2,"name":"Prayers","item":"https://mwc-cmm.org/en/prayer/"},{"@type":"ListItem","position":3,"name":"AWFS-21-Assembly"}]},{"@type":"WebSite","@id":"https://mwc-cmm.org/en/#website","url":"https://mwc-cmm.org/en/","name":"Mennonite World Conference","description":"A communion of Anabaptist-related churches","publisher":{"@id":"https://mwc-cmm.org/en/#organization"},"alternateName":"MWC","potentialAction":[{"@type":"SearchAction","target":{"@type":"EntryPoint","urlTemplate":"https://mwc-cmm.org/en/?s={search_term_string}"},"query-input":{"@type":"PropertyValueSpecification","valueRequired":true,"valueName":"search_term_string"}}],"inLanguage":"fr-FR"},{"@type":"Organization","@id":"https://mwc-cmm.org/en/#organization","name":"Mennonite World Conference","alternateName":"MWC","url":"https://mwc-cmm.org/en/","logo":{"@type":"ImageObject","inLanguage":"fr-FR","@id":"https://mwc-cmm.org/en/#/schema/logo/image/","url":"https://mwc-cmm.org/wp-content/uploads/2026/01/MWC_Sig_Blue_Horiz_webheader1-logo.svg","contentUrl":"https://mwc-cmm.org/wp-content/uploads/2026/01/MWC_Sig_Blue_Horiz_webheader1-logo.svg","width":786,"height":82,"caption":"Mennonite World Conference"},"image":{"@id":"https://mwc-cmm.org/en/#/schema/logo/image/"},"sameAs":["https://www.facebook.com/MennoniteWorldConference","https://www.linkedin.com/company/mennonite-world-conference-mwc/","https://www.instagram.com/mwcmm/","https://www.youtube.com/user/mwccmm","https://bsky.app/profile/mwcmm.bsky.social"]}]}</script>
<!-- / Yoast SEO plugin. -->

Prions pour la prochaine Assemble runie en Indonsie. Prions les organisateurs qui doivent discerner la date  laquelle lÕassemble pourra se tenir sans danger et sÕadapter pour appliquer des mesures de scurit alors quÕils attendent plusieurs milliers de participants  Semarang. Prions pour que lÕEsprit soit  lÕÏuvre dans les cÏurs et les esprits de [&hellip;]
