{"id":122469,"date":"2025-12-23T04:31:42","date_gmt":"2025-12-23T04:31:42","guid":{"rendered":"https:\/\/mwc-cmm.org\/prayer\/pn-nov-25-india\/"},"modified":"2025-12-23T04:33:07","modified_gmt":"2025-12-23T04:33:07","slug":"pn-nov-25-india","status":"publish","type":"prayers","link":"https:\/\/mwc-cmm.org\/fr\/prayer\/pn-nov-25-india\/","title":{"rendered":"PN-Nov-25-India"},"content":{"rendered":"\n<p>Veuillez prier pour que les \u00c9glises mennonites et Fr\u00e8res en Christ en Inde manifestent l\u2019amour du Christ \u00e0 ceux qui les pers\u00e9cutent. Dans de nombreux endroits, les chr\u00e9tiens sont confront\u00e9s \u00e0 l\u2019opposition de groupes radicaux. Priez tout particuli\u00e8rement pour l\u2019\u00c9tat du Chhattisgarh, o\u00f9 les \u00e9glises sont attaqu\u00e9es chaque dimanche. Priez pour que les nouveaux croyants restent fermes dans leur foi en Christ et pour que les \u00e9glises les soutiennent dans ces situations difficiles. Priez \u00e9galement pour que Dieu change le c\u0153ur de ceux qui nous pers\u00e9cutent et qu\u2019ils viennent \u00e0 conna\u00eetre l\u2019amour de Dieu.<\/p>\n\n<p><em>\u2014\u202fVikal Pravin Rao et Bhavana Masih, Inde <\/em><\/p>\n\n<p>Photo : Bethel Mennonite Church Jagdeeshpur, India<\/p>\n\n<p><\/p>\n","protected":false},"excerpt":{"rendered":"<p>Veuillez prier pour que les \u00c9glises mennonites et Fr\u00e8res en Christ en Inde manifestent l\u2019amour du Christ \u00e0 ceux qui les pers\u00e9cutent. Dans de nombreux endroits, les chr\u00e9tiens sont confront\u00e9s \u00e0 l\u2019opposition de groupes radicaux. Priez tout particuli\u00e8rement pour l\u2019\u00c9tat du Chhattisgarh, o\u00f9 les \u00e9glises sont attaqu\u00e9es chaque dimanche. Priez pour que les nouveaux croyants [&hellip;]<\/p>\n","protected":false},"featured_media":122456,"template":"","class_list":["post-122469","prayers","type-prayers","status-publish","has-post-thumbnail","hentry"],"acf":[],"yoast_head":"<!-- This site is optimized with the Yoast SEO plugin v27.2 - https:\/\/yoast.com\/product\/yoast-seo-wordpress\/ -->\n<title>PN-Nov-25-India - Mennonite World Conference<\/title>\n<meta name=\"robots\" content=\"index, follow, max-snippet:-1, max-image-preview:large, max-video-preview:-1\" \/>\n<link rel=\"canonical\" href=\"https:\/\/mwc-cmm.org\/en\/prayer\/pn-nov-25-india\/\" \/>\n<meta property=\"og:locale\" content=\"fr_FR\" \/>\n<meta property=\"og:type\" content=\"article\" \/>\n<meta property=\"og:title\" content=\"PN-Nov-25-India - Mennonite World Conference\" \/>\n<meta property=\"og:description\" content=\"Veuillez prier pour que les \u00c9glises mennonites et Fr\u00e8res en Christ en Inde manifestent l\u2019amour du Christ \u00e0 ceux qui les pers\u00e9cutent. Dans de nombreux endroits, les chr\u00e9tiens sont confront\u00e9s \u00e0 l\u2019opposition de groupes radicaux. Priez tout particuli\u00e8rement pour l\u2019\u00c9tat du Chhattisgarh, o\u00f9 les \u00e9glises sont attaqu\u00e9es chaque dimanche. Priez pour que les nouveaux croyants [&hellip;]\" \/>\n<meta property=\"og:url\" content=\"https:\/\/mwc-cmm.org\/en\/prayer\/pn-nov-25-india\/\" \/>\n<meta property=\"og:site_name\" content=\"Mennonite World Conference\" \/>\n<meta property=\"article:publisher\" content=\"https:\/\/www.facebook.com\/MennoniteWorldConference\" \/>\n<meta property=\"article:modified_time\" content=\"2025-12-23T04:33:07+00:00\" \/>\n<meta property=\"og:image\" content=\"https:\/\/mwc-cmm.org\/wp-content\/uploads\/2025\/12\/20250928MosesKuldeep-DSC_0286-scaled.jpg\" \/>\n\t<meta property=\"og:image:width\" content=\"2560\" \/>\n\t<meta property=\"og:image:height\" content=\"1707\" \/>\n\t<meta property=\"og:image:type\" content=\"image\/jpeg\" \/>\n<script type=\"application\/ld+json\" class=\"yoast-schema-graph\">{\"@context\":\"https:\/\/schema.org\",\"@graph\":[{\"@type\":\"WebPage\",\"@id\":\"https:\/\/mwc-cmm.org\/en\/prayer\/pn-nov-25-india\/\",\"url\":\"https:\/\/mwc-cmm.org\/en\/prayer\/pn-nov-25-india\/\",\"name\":\"PN-Nov-25-India - Mennonite World Conference\",\"isPartOf\":{\"@id\":\"https:\/\/mwc-cmm.org\/en\/#website\"},\"primaryImageOfPage\":{\"@id\":\"https:\/\/mwc-cmm.org\/en\/prayer\/pn-nov-25-india\/#primaryimage\"},\"image\":{\"@id\":\"https:\/\/mwc-cmm.org\/en\/prayer\/pn-nov-25-india\/#primaryimage\"},\"thumbnailUrl\":\"https:\/\/mwc-cmm.org\/wp-content\/uploads\/2025\/12\/20250928MosesKuldeep-DSC_0286-scaled.jpg\",\"datePublished\":\"2025-12-23T04:31:42+00:00\",\"dateModified\":\"2025-12-23T04:33:07+00:00\",\"breadcrumb\":{\"@id\":\"https:\/\/mwc-cmm.org\/en\/prayer\/pn-nov-25-india\/#breadcrumb\"},\"inLanguage\":\"fr-FR\",\"potentialAction\":[{\"@type\":\"ReadAction\",\"target\":[\"https:\/\/mwc-cmm.org\/en\/prayer\/pn-nov-25-india\/\"]}]},{\"@type\":\"ImageObject\",\"inLanguage\":\"fr-FR\",\"@id\":\"https:\/\/mwc-cmm.org\/en\/prayer\/pn-nov-25-india\/#primaryimage\",\"url\":\"https:\/\/mwc-cmm.org\/wp-content\/uploads\/2025\/12\/20250928MosesKuldeep-DSC_0286-scaled.jpg\",\"contentUrl\":\"https:\/\/mwc-cmm.org\/wp-content\/uploads\/2025\/12\/20250928MosesKuldeep-DSC_0286-scaled.jpg\",\"width\":2560,\"height\":1707,\"caption\":\"Indian women praying\"},{\"@type\":\"BreadcrumbList\",\"@id\":\"https:\/\/mwc-cmm.org\/en\/prayer\/pn-nov-25-india\/#breadcrumb\",\"itemListElement\":[{\"@type\":\"ListItem\",\"position\":1,\"name\":\"Home\",\"item\":\"https:\/\/mwc-cmm.org\/fr\/\"},{\"@type\":\"ListItem\",\"position\":2,\"name\":\"Prayers\",\"item\":\"https:\/\/mwc-cmm.org\/en\/prayer\/\"},{\"@type\":\"ListItem\",\"position\":3,\"name\":\"PN-Nov-25-India\"}]},{\"@type\":\"WebSite\",\"@id\":\"https:\/\/mwc-cmm.org\/en\/#website\",\"url\":\"https:\/\/mwc-cmm.org\/en\/\",\"name\":\"Mennonite World Conference\",\"description\":\"A communion of Anabaptist-related churches\",\"publisher\":{\"@id\":\"https:\/\/mwc-cmm.org\/en\/#organization\"},\"alternateName\":\"MWC\",\"potentialAction\":[{\"@type\":\"SearchAction\",\"target\":{\"@type\":\"EntryPoint\",\"urlTemplate\":\"https:\/\/mwc-cmm.org\/en\/?s={search_term_string}\"},\"query-input\":{\"@type\":\"PropertyValueSpecification\",\"valueRequired\":true,\"valueName\":\"search_term_string\"}}],\"inLanguage\":\"fr-FR\"},{\"@type\":\"Organization\",\"@id\":\"https:\/\/mwc-cmm.org\/en\/#organization\",\"name\":\"Mennonite World Conference\",\"alternateName\":\"MWC\",\"url\":\"https:\/\/mwc-cmm.org\/en\/\",\"logo\":{\"@type\":\"ImageObject\",\"inLanguage\":\"fr-FR\",\"@id\":\"https:\/\/mwc-cmm.org\/en\/#\/schema\/logo\/image\/\",\"url\":\"https:\/\/mwc-cmm.org\/wp-content\/uploads\/2026\/01\/MWC_Sig_Blue_Horiz_webheader1-logo.svg\",\"contentUrl\":\"https:\/\/mwc-cmm.org\/wp-content\/uploads\/2026\/01\/MWC_Sig_Blue_Horiz_webheader1-logo.svg\",\"width\":786,\"height\":82,\"caption\":\"Mennonite World Conference\"},\"image\":{\"@id\":\"https:\/\/mwc-cmm.org\/en\/#\/schema\/logo\/image\/\"},\"sameAs\":[\"https:\/\/www.facebook.com\/MennoniteWorldConference\",\"https:\/\/www.linkedin.com\/company\/mennonite-world-conference-mwc\/\",\"https:\/\/www.instagram.com\/mwcmm\/\",\"https:\/\/www.youtube.com\/user\/mwccmm\",\"https:\/\/bsky.app\/profile\/mwcmm.bsky.social\"]}]}<\/script>\n<!-- \/ Yoast SEO plugin. -->","yoast_head_json":{"title":"PN-Nov-25-India - Mennonite World Conference","robots":{"index":"index","follow":"follow","max-snippet":"max-snippet:-1","max-image-preview":"max-image-preview:large","max-video-preview":"max-video-preview:-1"},"canonical":"https:\/\/mwc-cmm.org\/en\/prayer\/pn-nov-25-india\/","og_locale":"fr_FR","og_type":"article","og_title":"PN-Nov-25-India - Mennonite World Conference","og_description":"Veuillez prier pour que les \u00c9glises mennonites et Fr\u00e8res en Christ en Inde manifestent l\u2019amour du Christ \u00e0 ceux qui les pers\u00e9cutent. Dans de nombreux endroits, les chr\u00e9tiens sont confront\u00e9s \u00e0 l\u2019opposition de groupes radicaux. Priez tout particuli\u00e8rement pour l\u2019\u00c9tat du Chhattisgarh, o\u00f9 les \u00e9glises sont attaqu\u00e9es chaque dimanche. Priez pour que les nouveaux croyants [&hellip;]","og_url":"https:\/\/mwc-cmm.org\/en\/prayer\/pn-nov-25-india\/","og_site_name":"Mennonite World Conference","article_publisher":"https:\/\/www.facebook.com\/MennoniteWorldConference","article_modified_time":"2025-12-23T04:33:07+00:00","og_image":[{"width":2560,"height":1707,"url":"https:\/\/mwc-cmm.org\/wp-content\/uploads\/2025\/12\/20250928MosesKuldeep-DSC_0286-scaled.jpg","type":"image\/jpeg"}],"schema":{"@context":"https:\/\/schema.org","@graph":[{"@type":"WebPage","@id":"https:\/\/mwc-cmm.org\/en\/prayer\/pn-nov-25-india\/","url":"https:\/\/mwc-cmm.org\/en\/prayer\/pn-nov-25-india\/","name":"PN-Nov-25-India - Mennonite World Conference","isPartOf":{"@id":"https:\/\/mwc-cmm.org\/en\/#website"},"primaryImageOfPage":{"@id":"https:\/\/mwc-cmm.org\/en\/prayer\/pn-nov-25-india\/#primaryimage"},"image":{"@id":"https:\/\/mwc-cmm.org\/en\/prayer\/pn-nov-25-india\/#primaryimage"},"thumbnailUrl":"https:\/\/mwc-cmm.org\/wp-content\/uploads\/2025\/12\/20250928MosesKuldeep-DSC_0286-scaled.jpg","datePublished":"2025-12-23T04:31:42+00:00","dateModified":"2025-12-23T04:33:07+00:00","breadcrumb":{"@id":"https:\/\/mwc-cmm.org\/en\/prayer\/pn-nov-25-india\/#breadcrumb"},"inLanguage":"fr-FR","potentialAction":[{"@type":"ReadAction","target":["https:\/\/mwc-cmm.org\/en\/prayer\/pn-nov-25-india\/"]}]},{"@type":"ImageObject","inLanguage":"fr-FR","@id":"https:\/\/mwc-cmm.org\/en\/prayer\/pn-nov-25-india\/#primaryimage","url":"https:\/\/mwc-cmm.org\/wp-content\/uploads\/2025\/12\/20250928MosesKuldeep-DSC_0286-scaled.jpg","contentUrl":"https:\/\/mwc-cmm.org\/wp-content\/uploads\/2025\/12\/20250928MosesKuldeep-DSC_0286-scaled.jpg","width":2560,"height":1707,"caption":"Indian women praying"},{"@type":"BreadcrumbList","@id":"https:\/\/mwc-cmm.org\/en\/prayer\/pn-nov-25-india\/#breadcrumb","itemListElement":[{"@type":"ListItem","position":1,"name":"Home","item":"https:\/\/mwc-cmm.org\/fr\/"},{"@type":"ListItem","position":2,"name":"Prayers","item":"https:\/\/mwc-cmm.org\/en\/prayer\/"},{"@type":"ListItem","position":3,"name":"PN-Nov-25-India"}]},{"@type":"WebSite","@id":"https:\/\/mwc-cmm.org\/en\/#website","url":"https:\/\/mwc-cmm.org\/en\/","name":"Mennonite World Conference","description":"A communion of Anabaptist-related churches","publisher":{"@id":"https:\/\/mwc-cmm.org\/en\/#organization"},"alternateName":"MWC","potentialAction":[{"@type":"SearchAction","target":{"@type":"EntryPoint","urlTemplate":"https:\/\/mwc-cmm.org\/en\/?s={search_term_string}"},"query-input":{"@type":"PropertyValueSpecification","valueRequired":true,"valueName":"search_term_string"}}],"inLanguage":"fr-FR"},{"@type":"Organization","@id":"https:\/\/mwc-cmm.org\/en\/#organization","name":"Mennonite World Conference","alternateName":"MWC","url":"https:\/\/mwc-cmm.org\/en\/","logo":{"@type":"ImageObject","inLanguage":"fr-FR","@id":"https:\/\/mwc-cmm.org\/en\/#\/schema\/logo\/image\/","url":"https:\/\/mwc-cmm.org\/wp-content\/uploads\/2026\/01\/MWC_Sig_Blue_Horiz_webheader1-logo.svg","contentUrl":"https:\/\/mwc-cmm.org\/wp-content\/uploads\/2026\/01\/MWC_Sig_Blue_Horiz_webheader1-logo.svg","width":786,"height":82,"caption":"Mennonite World Conference"},"image":{"@id":"https:\/\/mwc-cmm.org\/en\/#\/schema\/logo\/image\/"},"sameAs":["https:\/\/www.facebook.com\/MennoniteWorldConference","https:\/\/www.linkedin.com\/company\/mennonite-world-conference-mwc\/","https:\/\/www.instagram.com\/mwcmm\/","https:\/\/www.youtube.com\/user\/mwccmm","https:\/\/bsky.app\/profile\/mwcmm.bsky.social"]}]}},"_links":{"self":[{"href":"https:\/\/mwc-cmm.org\/fr\/wp-json\/wp\/v2\/prayers\/122469","targetHints":{"allow":["GET"]}}],"collection":[{"href":"https:\/\/mwc-cmm.org\/fr\/wp-json\/wp\/v2\/prayers"}],"about":[{"href":"https:\/\/mwc-cmm.org\/fr\/wp-json\/wp\/v2\/types\/prayers"}],"wp:featuredmedia":[{"embeddable":true,"href":"https:\/\/mwc-cmm.org\/fr\/wp-json\/wp\/v2\/media\/122456"}],"wp:attachment":[{"href":"https:\/\/mwc-cmm.org\/fr\/wp-json\/wp\/v2\/media?parent=122469"}],"curies":[{"name":"wp","href":"https:\/\/api.w.org\/{rel}","templated":true}]}}

<p>Veuillez prier pour que les Églises mennonites et Frères en Christ en Inde manifestent l’amour du Christ à ceux qui les persécutent. Dans de nombreux endroits, les chrétiens sont confrontés à l’opposition de groupes radicaux. Priez tout particulièrement pour l’État du Chhattisgarh, où les églises sont attaquées chaque dimanche. Priez pour que les nouveaux croyants restent fermes dans leur foi en Christ et pour que les églises les soutiennent dans ces situations difficiles. Priez également pour que Dieu change le cœur de ceux qui nous persécutent et qu’ils viennent à connaître l’amour de Dieu.</p>

<p><em>— Vikal Pravin Rao et Bhavana Masih, Inde </em></p>

<p>Photo : Bethel Mennonite Church Jagdeeshpur, India</p>

<p></p>

<p>Veuillez prier pour que les Églises mennonites et Frères en Christ en Inde manifestent l’amour du Christ à ceux qui les persécutent. Dans de nombreux endroits, les chrétiens sont confrontés à l’opposition de groupes radicaux. Priez tout particulièrement pour l’État du Chhattisgarh, où les églises sont attaquées chaque dimanche. Priez pour que les nouveaux croyants [&hellip;]</p>

<!-- This site is optimized with the Yoast SEO plugin v27.2 - https://yoast.com/product/yoast-seo-wordpress/ -->
<title>PN-Nov-25-India - Mennonite World Conference</title>
<meta name="robots" content="index, follow, max-snippet:-1, max-image-preview:large, max-video-preview:-1" />
<link rel="canonical" href="https://mwc-cmm.org/en/prayer/pn-nov-25-india/" />
<meta property="og:locale" content="fr_FR" />
<meta property="og:type" content="article" />
<meta property="og:title" content="PN-Nov-25-India - Mennonite World Conference" />
<meta property="og:description" content="Veuillez prier pour que les Églises mennonites et Frères en Christ en Inde manifestent l’amour du Christ à ceux qui les persécutent. Dans de nombreux endroits, les chrétiens sont confrontés à l’opposition de groupes radicaux. Priez tout particulièrement pour l’État du Chhattisgarh, où les églises sont attaquées chaque dimanche. Priez pour que les nouveaux croyants [&hellip;]" />
<meta property="og:url" content="https://mwc-cmm.org/en/prayer/pn-nov-25-india/" />
<meta property="og:site_name" content="Mennonite World Conference" />
<meta property="article:publisher" content="https://www.facebook.com/MennoniteWorldConference" />
<meta property="article:modified_time" content="2025-12-23T04:33:07+00:00" />
<meta property="og:image" content="https://mwc-cmm.org/wp-content/uploads/2025/12/20250928MosesKuldeep-DSC_0286-scaled.jpg" />
	<meta property="og:image:width" content="2560" />
	<meta property="og:image:height" content="1707" />
	<meta property="og:image:type" content="image/jpeg" />
<script type="application/ld+json" class="yoast-schema-graph">{"@context":"https://schema.org","@graph":[{"@type":"WebPage","@id":"https://mwc-cmm.org/en/prayer/pn-nov-25-india/","url":"https://mwc-cmm.org/en/prayer/pn-nov-25-india/","name":"PN-Nov-25-India - Mennonite World Conference","isPartOf":{"@id":"https://mwc-cmm.org/en/#website"},"primaryImageOfPage":{"@id":"https://mwc-cmm.org/en/prayer/pn-nov-25-india/#primaryimage"},"image":{"@id":"https://mwc-cmm.org/en/prayer/pn-nov-25-india/#primaryimage"},"thumbnailUrl":"https://mwc-cmm.org/wp-content/uploads/2025/12/20250928MosesKuldeep-DSC_0286-scaled.jpg","datePublished":"2025-12-23T04:31:42+00:00","dateModified":"2025-12-23T04:33:07+00:00","breadcrumb":{"@id":"https://mwc-cmm.org/en/prayer/pn-nov-25-india/#breadcrumb"},"inLanguage":"fr-FR","potentialAction":[{"@type":"ReadAction","target":["https://mwc-cmm.org/en/prayer/pn-nov-25-india/"]}]},{"@type":"ImageObject","inLanguage":"fr-FR","@id":"https://mwc-cmm.org/en/prayer/pn-nov-25-india/#primaryimage","url":"https://mwc-cmm.org/wp-content/uploads/2025/12/20250928MosesKuldeep-DSC_0286-scaled.jpg","contentUrl":"https://mwc-cmm.org/wp-content/uploads/2025/12/20250928MosesKuldeep-DSC_0286-scaled.jpg","width":2560,"height":1707,"caption":"Indian women praying"},{"@type":"BreadcrumbList","@id":"https://mwc-cmm.org/en/prayer/pn-nov-25-india/#breadcrumb","itemListElement":[{"@type":"ListItem","position":1,"name":"Home","item":"https://mwc-cmm.org/fr/"},{"@type":"ListItem","position":2,"name":"Prayers","item":"https://mwc-cmm.org/en/prayer/"},{"@type":"ListItem","position":3,"name":"PN-Nov-25-India"}]},{"@type":"WebSite","@id":"https://mwc-cmm.org/en/#website","url":"https://mwc-cmm.org/en/","name":"Mennonite World Conference","description":"A communion of Anabaptist-related churches","publisher":{"@id":"https://mwc-cmm.org/en/#organization"},"alternateName":"MWC","potentialAction":[{"@type":"SearchAction","target":{"@type":"EntryPoint","urlTemplate":"https://mwc-cmm.org/en/?s={search_term_string}"},"query-input":{"@type":"PropertyValueSpecification","valueRequired":true,"valueName":"search_term_string"}}],"inLanguage":"fr-FR"},{"@type":"Organization","@id":"https://mwc-cmm.org/en/#organization","name":"Mennonite World Conference","alternateName":"MWC","url":"https://mwc-cmm.org/en/","logo":{"@type":"ImageObject","inLanguage":"fr-FR","@id":"https://mwc-cmm.org/en/#/schema/logo/image/","url":"https://mwc-cmm.org/wp-content/uploads/2026/01/MWC_Sig_Blue_Horiz_webheader1-logo.svg","contentUrl":"https://mwc-cmm.org/wp-content/uploads/2026/01/MWC_Sig_Blue_Horiz_webheader1-logo.svg","width":786,"height":82,"caption":"Mennonite World Conference"},"image":{"@id":"https://mwc-cmm.org/en/#/schema/logo/image/"},"sameAs":["https://www.facebook.com/MennoniteWorldConference","https://www.linkedin.com/company/mennonite-world-conference-mwc/","https://www.instagram.com/mwcmm/","https://www.youtube.com/user/mwccmm","https://bsky.app/profile/mwcmm.bsky.social"]}]}</script>
<!-- / Yoast SEO plugin. -->

Veuillez prier pour que les Églises mennonites et Frères en Christ en Inde manifestent l’amour du Christ à ceux qui les persécutent. Dans de nombreux endroits, les chrétiens sont confrontés à l’opposition de groupes radicaux. Priez tout particulièrement pour l’État du Chhattisgarh, où les églises sont attaquées chaque dimanche. Priez pour que les nouveaux croyants [&hellip;]
