{"id":120613,"date":"2025-11-11T08:58:16","date_gmt":"2025-11-11T08:58:16","guid":{"rendered":"https:\/\/mwc-cmm.org\/prayer\/pn-sept-25-india\/"},"modified":"2025-11-11T09:00:16","modified_gmt":"2025-11-11T09:00:16","slug":"pn-sept-25-india","status":"publish","type":"prayers","link":"https:\/\/mwc-cmm.org\/fr\/prayer\/pn-sept-25-india\/","title":{"rendered":"PN-Sept-25-India"},"content":{"rendered":"\n<p>Dans de nombreux \u00c9tats indiens, la proclamation de l\u2019\u00c9vangile est interdite et la pers\u00e9cution des nouveaux fr\u00e8res et s\u0153urs qui se convertissent \u00e0 la foi s\u2019intensifie. Priez pour que Dieu change le c\u0153ur de ceux qui pers\u00e9cutent et qu\u2019ils viennent \u00e0 conna\u00eetre l\u2019amour de Dieu.<\/p>\n\n<p>\u2014Bhavana Masih, \u00c9glise mennonite Bhartiya General Conference<\/p>\n\n<p>Photo : Eve Franklin\/Mennonite Church Durg Chhattisgarh, India<\/p>\n\n<p><\/p>\n","protected":false},"excerpt":{"rendered":"<p>Dans de nombreux \u00c9tats indiens, la proclamation de l\u2019\u00c9vangile est interdite et la pers\u00e9cution des nouveaux fr\u00e8res et s\u0153urs qui se convertissent \u00e0 la foi s\u2019intensifie. Priez pour que Dieu change le c\u0153ur de ceux qui pers\u00e9cutent et qu\u2019ils viennent \u00e0 conna\u00eetre l\u2019amour de Dieu. \u2014Bhavana Masih, \u00c9glise mennonite Bhartiya General Conference Photo : Eve [&hellip;]<\/p>\n","protected":false},"featured_media":111665,"template":"","class_list":["post-120613","prayers","type-prayers","status-publish","has-post-thumbnail","hentry"],"acf":[],"yoast_head":"<!-- This site is optimized with the Yoast SEO plugin v27.2 - https:\/\/yoast.com\/product\/yoast-seo-wordpress\/ -->\n<title>PN-Sept-25-India - Mennonite World Conference<\/title>\n<meta name=\"robots\" content=\"index, follow, max-snippet:-1, max-image-preview:large, max-video-preview:-1\" \/>\n<link rel=\"canonical\" href=\"https:\/\/mwc-cmm.org\/en\/prayer\/pn-sept-25-india\/\" \/>\n<meta property=\"og:locale\" content=\"fr_FR\" \/>\n<meta property=\"og:type\" content=\"article\" \/>\n<meta property=\"og:title\" content=\"PN-Sept-25-India - Mennonite World Conference\" \/>\n<meta property=\"og:description\" content=\"Dans de nombreux \u00c9tats indiens, la proclamation de l\u2019\u00c9vangile est interdite et la pers\u00e9cution des nouveaux fr\u00e8res et s\u0153urs qui se convertissent \u00e0 la foi s\u2019intensifie. Priez pour que Dieu change le c\u0153ur de ceux qui pers\u00e9cutent et qu\u2019ils viennent \u00e0 conna\u00eetre l\u2019amour de Dieu. \u2014Bhavana Masih, \u00c9glise mennonite Bhartiya General Conference Photo : Eve [&hellip;]\" \/>\n<meta property=\"og:url\" content=\"https:\/\/mwc-cmm.org\/en\/prayer\/pn-sept-25-india\/\" \/>\n<meta property=\"og:site_name\" content=\"Mennonite World Conference\" \/>\n<meta property=\"article:publisher\" content=\"https:\/\/www.facebook.com\/MennoniteWorldConference\" \/>\n<meta property=\"article:modified_time\" content=\"2025-11-11T09:00:16+00:00\" \/>\n<meta property=\"og:image\" content=\"https:\/\/mwc-cmm.org\/wp-content\/uploads\/2025\/04\/202406EveFranklinimg_5147-scaled.jpeg\" \/>\n\t<meta property=\"og:image:width\" content=\"2560\" \/>\n\t<meta property=\"og:image:height\" content=\"1920\" \/>\n\t<meta property=\"og:image:type\" content=\"image\/jpeg\" \/>\n<script type=\"application\/ld+json\" class=\"yoast-schema-graph\">{\"@context\":\"https:\/\/schema.org\",\"@graph\":[{\"@type\":\"WebPage\",\"@id\":\"https:\/\/mwc-cmm.org\/en\/prayer\/pn-sept-25-india\/\",\"url\":\"https:\/\/mwc-cmm.org\/en\/prayer\/pn-sept-25-india\/\",\"name\":\"PN-Sept-25-India - Mennonite World Conference\",\"isPartOf\":{\"@id\":\"https:\/\/mwc-cmm.org\/en\/#website\"},\"primaryImageOfPage\":{\"@id\":\"https:\/\/mwc-cmm.org\/en\/prayer\/pn-sept-25-india\/#primaryimage\"},\"image\":{\"@id\":\"https:\/\/mwc-cmm.org\/en\/prayer\/pn-sept-25-india\/#primaryimage\"},\"thumbnailUrl\":\"https:\/\/mwc-cmm.org\/wp-content\/uploads\/2025\/04\/202406EveFranklinimg_5147-scaled.jpeg\",\"datePublished\":\"2025-11-11T08:58:16+00:00\",\"dateModified\":\"2025-11-11T09:00:16+00:00\",\"breadcrumb\":{\"@id\":\"https:\/\/mwc-cmm.org\/en\/prayer\/pn-sept-25-india\/#breadcrumb\"},\"inLanguage\":\"fr-FR\",\"potentialAction\":[{\"@type\":\"ReadAction\",\"target\":[\"https:\/\/mwc-cmm.org\/en\/prayer\/pn-sept-25-india\/\"]}]},{\"@type\":\"ImageObject\",\"inLanguage\":\"fr-FR\",\"@id\":\"https:\/\/mwc-cmm.org\/en\/prayer\/pn-sept-25-india\/#primaryimage\",\"url\":\"https:\/\/mwc-cmm.org\/wp-content\/uploads\/2025\/04\/202406EveFranklinimg_5147-scaled.jpeg\",\"contentUrl\":\"https:\/\/mwc-cmm.org\/wp-content\/uploads\/2025\/04\/202406EveFranklinimg_5147-scaled.jpeg\",\"width\":2560,\"height\":1920,\"caption\":\"India youth group praying\"},{\"@type\":\"BreadcrumbList\",\"@id\":\"https:\/\/mwc-cmm.org\/en\/prayer\/pn-sept-25-india\/#breadcrumb\",\"itemListElement\":[{\"@type\":\"ListItem\",\"position\":1,\"name\":\"Home\",\"item\":\"https:\/\/mwc-cmm.org\/fr\/\"},{\"@type\":\"ListItem\",\"position\":2,\"name\":\"Prayers\",\"item\":\"https:\/\/mwc-cmm.org\/en\/prayer\/\"},{\"@type\":\"ListItem\",\"position\":3,\"name\":\"PN-Sept-25-India\"}]},{\"@type\":\"WebSite\",\"@id\":\"https:\/\/mwc-cmm.org\/en\/#website\",\"url\":\"https:\/\/mwc-cmm.org\/en\/\",\"name\":\"Mennonite World Conference\",\"description\":\"A communion of Anabaptist-related churches\",\"publisher\":{\"@id\":\"https:\/\/mwc-cmm.org\/en\/#organization\"},\"alternateName\":\"MWC\",\"potentialAction\":[{\"@type\":\"SearchAction\",\"target\":{\"@type\":\"EntryPoint\",\"urlTemplate\":\"https:\/\/mwc-cmm.org\/en\/?s={search_term_string}\"},\"query-input\":{\"@type\":\"PropertyValueSpecification\",\"valueRequired\":true,\"valueName\":\"search_term_string\"}}],\"inLanguage\":\"fr-FR\"},{\"@type\":\"Organization\",\"@id\":\"https:\/\/mwc-cmm.org\/en\/#organization\",\"name\":\"Mennonite World Conference\",\"alternateName\":\"MWC\",\"url\":\"https:\/\/mwc-cmm.org\/en\/\",\"logo\":{\"@type\":\"ImageObject\",\"inLanguage\":\"fr-FR\",\"@id\":\"https:\/\/mwc-cmm.org\/en\/#\/schema\/logo\/image\/\",\"url\":\"https:\/\/mwc-cmm.org\/wp-content\/uploads\/2026\/01\/MWC_Sig_Blue_Horiz_webheader1-logo.svg\",\"contentUrl\":\"https:\/\/mwc-cmm.org\/wp-content\/uploads\/2026\/01\/MWC_Sig_Blue_Horiz_webheader1-logo.svg\",\"width\":786,\"height\":82,\"caption\":\"Mennonite World Conference\"},\"image\":{\"@id\":\"https:\/\/mwc-cmm.org\/en\/#\/schema\/logo\/image\/\"},\"sameAs\":[\"https:\/\/www.facebook.com\/MennoniteWorldConference\",\"https:\/\/www.linkedin.com\/company\/mennonite-world-conference-mwc\/\",\"https:\/\/www.instagram.com\/mwcmm\/\",\"https:\/\/www.youtube.com\/user\/mwccmm\",\"https:\/\/bsky.app\/profile\/mwcmm.bsky.social\"]}]}<\/script>\n<!-- \/ Yoast SEO plugin. -->","yoast_head_json":{"title":"PN-Sept-25-India - Mennonite World Conference","robots":{"index":"index","follow":"follow","max-snippet":"max-snippet:-1","max-image-preview":"max-image-preview:large","max-video-preview":"max-video-preview:-1"},"canonical":"https:\/\/mwc-cmm.org\/en\/prayer\/pn-sept-25-india\/","og_locale":"fr_FR","og_type":"article","og_title":"PN-Sept-25-India - Mennonite World Conference","og_description":"Dans de nombreux \u00c9tats indiens, la proclamation de l\u2019\u00c9vangile est interdite et la pers\u00e9cution des nouveaux fr\u00e8res et s\u0153urs qui se convertissent \u00e0 la foi s\u2019intensifie. Priez pour que Dieu change le c\u0153ur de ceux qui pers\u00e9cutent et qu\u2019ils viennent \u00e0 conna\u00eetre l\u2019amour de Dieu. \u2014Bhavana Masih, \u00c9glise mennonite Bhartiya General Conference Photo : Eve [&hellip;]","og_url":"https:\/\/mwc-cmm.org\/en\/prayer\/pn-sept-25-india\/","og_site_name":"Mennonite World Conference","article_publisher":"https:\/\/www.facebook.com\/MennoniteWorldConference","article_modified_time":"2025-11-11T09:00:16+00:00","og_image":[{"width":2560,"height":1920,"url":"https:\/\/mwc-cmm.org\/wp-content\/uploads\/2025\/04\/202406EveFranklinimg_5147-scaled.jpeg","type":"image\/jpeg"}],"schema":{"@context":"https:\/\/schema.org","@graph":[{"@type":"WebPage","@id":"https:\/\/mwc-cmm.org\/en\/prayer\/pn-sept-25-india\/","url":"https:\/\/mwc-cmm.org\/en\/prayer\/pn-sept-25-india\/","name":"PN-Sept-25-India - Mennonite World Conference","isPartOf":{"@id":"https:\/\/mwc-cmm.org\/en\/#website"},"primaryImageOfPage":{"@id":"https:\/\/mwc-cmm.org\/en\/prayer\/pn-sept-25-india\/#primaryimage"},"image":{"@id":"https:\/\/mwc-cmm.org\/en\/prayer\/pn-sept-25-india\/#primaryimage"},"thumbnailUrl":"https:\/\/mwc-cmm.org\/wp-content\/uploads\/2025\/04\/202406EveFranklinimg_5147-scaled.jpeg","datePublished":"2025-11-11T08:58:16+00:00","dateModified":"2025-11-11T09:00:16+00:00","breadcrumb":{"@id":"https:\/\/mwc-cmm.org\/en\/prayer\/pn-sept-25-india\/#breadcrumb"},"inLanguage":"fr-FR","potentialAction":[{"@type":"ReadAction","target":["https:\/\/mwc-cmm.org\/en\/prayer\/pn-sept-25-india\/"]}]},{"@type":"ImageObject","inLanguage":"fr-FR","@id":"https:\/\/mwc-cmm.org\/en\/prayer\/pn-sept-25-india\/#primaryimage","url":"https:\/\/mwc-cmm.org\/wp-content\/uploads\/2025\/04\/202406EveFranklinimg_5147-scaled.jpeg","contentUrl":"https:\/\/mwc-cmm.org\/wp-content\/uploads\/2025\/04\/202406EveFranklinimg_5147-scaled.jpeg","width":2560,"height":1920,"caption":"India youth group praying"},{"@type":"BreadcrumbList","@id":"https:\/\/mwc-cmm.org\/en\/prayer\/pn-sept-25-india\/#breadcrumb","itemListElement":[{"@type":"ListItem","position":1,"name":"Home","item":"https:\/\/mwc-cmm.org\/fr\/"},{"@type":"ListItem","position":2,"name":"Prayers","item":"https:\/\/mwc-cmm.org\/en\/prayer\/"},{"@type":"ListItem","position":3,"name":"PN-Sept-25-India"}]},{"@type":"WebSite","@id":"https:\/\/mwc-cmm.org\/en\/#website","url":"https:\/\/mwc-cmm.org\/en\/","name":"Mennonite World Conference","description":"A communion of Anabaptist-related churches","publisher":{"@id":"https:\/\/mwc-cmm.org\/en\/#organization"},"alternateName":"MWC","potentialAction":[{"@type":"SearchAction","target":{"@type":"EntryPoint","urlTemplate":"https:\/\/mwc-cmm.org\/en\/?s={search_term_string}"},"query-input":{"@type":"PropertyValueSpecification","valueRequired":true,"valueName":"search_term_string"}}],"inLanguage":"fr-FR"},{"@type":"Organization","@id":"https:\/\/mwc-cmm.org\/en\/#organization","name":"Mennonite World Conference","alternateName":"MWC","url":"https:\/\/mwc-cmm.org\/en\/","logo":{"@type":"ImageObject","inLanguage":"fr-FR","@id":"https:\/\/mwc-cmm.org\/en\/#\/schema\/logo\/image\/","url":"https:\/\/mwc-cmm.org\/wp-content\/uploads\/2026\/01\/MWC_Sig_Blue_Horiz_webheader1-logo.svg","contentUrl":"https:\/\/mwc-cmm.org\/wp-content\/uploads\/2026\/01\/MWC_Sig_Blue_Horiz_webheader1-logo.svg","width":786,"height":82,"caption":"Mennonite World Conference"},"image":{"@id":"https:\/\/mwc-cmm.org\/en\/#\/schema\/logo\/image\/"},"sameAs":["https:\/\/www.facebook.com\/MennoniteWorldConference","https:\/\/www.linkedin.com\/company\/mennonite-world-conference-mwc\/","https:\/\/www.instagram.com\/mwcmm\/","https:\/\/www.youtube.com\/user\/mwccmm","https:\/\/bsky.app\/profile\/mwcmm.bsky.social"]}]}},"_links":{"self":[{"href":"https:\/\/mwc-cmm.org\/fr\/wp-json\/wp\/v2\/prayers\/120613","targetHints":{"allow":["GET"]}}],"collection":[{"href":"https:\/\/mwc-cmm.org\/fr\/wp-json\/wp\/v2\/prayers"}],"about":[{"href":"https:\/\/mwc-cmm.org\/fr\/wp-json\/wp\/v2\/types\/prayers"}],"wp:featuredmedia":[{"embeddable":true,"href":"https:\/\/mwc-cmm.org\/fr\/wp-json\/wp\/v2\/media\/111665"}],"wp:attachment":[{"href":"https:\/\/mwc-cmm.org\/fr\/wp-json\/wp\/v2\/media?parent=120613"}],"curies":[{"name":"wp","href":"https:\/\/api.w.org\/{rel}","templated":true}]}}

<p>Dans de nombreux États indiens, la proclamation de l’Évangile est interdite et la persécution des nouveaux frères et sœurs qui se convertissent à la foi s’intensifie. Priez pour que Dieu change le cœur de ceux qui persécutent et qu’ils viennent à connaître l’amour de Dieu.</p>

<p>—Bhavana Masih, Église mennonite Bhartiya General Conference</p>

<p>Photo : Eve Franklin/Mennonite Church Durg Chhattisgarh, India</p>

<p></p>

<p>Dans de nombreux États indiens, la proclamation de l’Évangile est interdite et la persécution des nouveaux frères et sœurs qui se convertissent à la foi s’intensifie. Priez pour que Dieu change le cœur de ceux qui persécutent et qu’ils viennent à connaître l’amour de Dieu. —Bhavana Masih, Église mennonite Bhartiya General Conference Photo : Eve [&hellip;]</p>

<!-- This site is optimized with the Yoast SEO plugin v27.2 - https://yoast.com/product/yoast-seo-wordpress/ -->
<title>PN-Sept-25-India - Mennonite World Conference</title>
<meta name="robots" content="index, follow, max-snippet:-1, max-image-preview:large, max-video-preview:-1" />
<link rel="canonical" href="https://mwc-cmm.org/en/prayer/pn-sept-25-india/" />
<meta property="og:locale" content="fr_FR" />
<meta property="og:type" content="article" />
<meta property="og:title" content="PN-Sept-25-India - Mennonite World Conference" />
<meta property="og:description" content="Dans de nombreux États indiens, la proclamation de l’Évangile est interdite et la persécution des nouveaux frères et sœurs qui se convertissent à la foi s’intensifie. Priez pour que Dieu change le cœur de ceux qui persécutent et qu’ils viennent à connaître l’amour de Dieu. —Bhavana Masih, Église mennonite Bhartiya General Conference Photo : Eve [&hellip;]" />
<meta property="og:url" content="https://mwc-cmm.org/en/prayer/pn-sept-25-india/" />
<meta property="og:site_name" content="Mennonite World Conference" />
<meta property="article:publisher" content="https://www.facebook.com/MennoniteWorldConference" />
<meta property="article:modified_time" content="2025-11-11T09:00:16+00:00" />
<meta property="og:image" content="https://mwc-cmm.org/wp-content/uploads/2025/04/202406EveFranklinimg_5147-scaled.jpeg" />
	<meta property="og:image:width" content="2560" />
	<meta property="og:image:height" content="1920" />
	<meta property="og:image:type" content="image/jpeg" />
<script type="application/ld+json" class="yoast-schema-graph">{"@context":"https://schema.org","@graph":[{"@type":"WebPage","@id":"https://mwc-cmm.org/en/prayer/pn-sept-25-india/","url":"https://mwc-cmm.org/en/prayer/pn-sept-25-india/","name":"PN-Sept-25-India - Mennonite World Conference","isPartOf":{"@id":"https://mwc-cmm.org/en/#website"},"primaryImageOfPage":{"@id":"https://mwc-cmm.org/en/prayer/pn-sept-25-india/#primaryimage"},"image":{"@id":"https://mwc-cmm.org/en/prayer/pn-sept-25-india/#primaryimage"},"thumbnailUrl":"https://mwc-cmm.org/wp-content/uploads/2025/04/202406EveFranklinimg_5147-scaled.jpeg","datePublished":"2025-11-11T08:58:16+00:00","dateModified":"2025-11-11T09:00:16+00:00","breadcrumb":{"@id":"https://mwc-cmm.org/en/prayer/pn-sept-25-india/#breadcrumb"},"inLanguage":"fr-FR","potentialAction":[{"@type":"ReadAction","target":["https://mwc-cmm.org/en/prayer/pn-sept-25-india/"]}]},{"@type":"ImageObject","inLanguage":"fr-FR","@id":"https://mwc-cmm.org/en/prayer/pn-sept-25-india/#primaryimage","url":"https://mwc-cmm.org/wp-content/uploads/2025/04/202406EveFranklinimg_5147-scaled.jpeg","contentUrl":"https://mwc-cmm.org/wp-content/uploads/2025/04/202406EveFranklinimg_5147-scaled.jpeg","width":2560,"height":1920,"caption":"India youth group praying"},{"@type":"BreadcrumbList","@id":"https://mwc-cmm.org/en/prayer/pn-sept-25-india/#breadcrumb","itemListElement":[{"@type":"ListItem","position":1,"name":"Home","item":"https://mwc-cmm.org/fr/"},{"@type":"ListItem","position":2,"name":"Prayers","item":"https://mwc-cmm.org/en/prayer/"},{"@type":"ListItem","position":3,"name":"PN-Sept-25-India"}]},{"@type":"WebSite","@id":"https://mwc-cmm.org/en/#website","url":"https://mwc-cmm.org/en/","name":"Mennonite World Conference","description":"A communion of Anabaptist-related churches","publisher":{"@id":"https://mwc-cmm.org/en/#organization"},"alternateName":"MWC","potentialAction":[{"@type":"SearchAction","target":{"@type":"EntryPoint","urlTemplate":"https://mwc-cmm.org/en/?s={search_term_string}"},"query-input":{"@type":"PropertyValueSpecification","valueRequired":true,"valueName":"search_term_string"}}],"inLanguage":"fr-FR"},{"@type":"Organization","@id":"https://mwc-cmm.org/en/#organization","name":"Mennonite World Conference","alternateName":"MWC","url":"https://mwc-cmm.org/en/","logo":{"@type":"ImageObject","inLanguage":"fr-FR","@id":"https://mwc-cmm.org/en/#/schema/logo/image/","url":"https://mwc-cmm.org/wp-content/uploads/2026/01/MWC_Sig_Blue_Horiz_webheader1-logo.svg","contentUrl":"https://mwc-cmm.org/wp-content/uploads/2026/01/MWC_Sig_Blue_Horiz_webheader1-logo.svg","width":786,"height":82,"caption":"Mennonite World Conference"},"image":{"@id":"https://mwc-cmm.org/en/#/schema/logo/image/"},"sameAs":["https://www.facebook.com/MennoniteWorldConference","https://www.linkedin.com/company/mennonite-world-conference-mwc/","https://www.instagram.com/mwcmm/","https://www.youtube.com/user/mwccmm","https://bsky.app/profile/mwcmm.bsky.social"]}]}</script>
<!-- / Yoast SEO plugin. -->

Dans de nombreux États indiens, la proclamation de l’Évangile est interdite et la persécution des nouveaux frères et sœurs qui se convertissent à la foi s’intensifie. Priez pour que Dieu change le cœur de ceux qui persécutent et qu’ils viennent à connaître l’amour de Dieu. —Bhavana Masih, Église mennonite Bhartiya General Conference Photo : Eve [&hellip;]
