{"id":118327,"date":"2025-09-02T09:55:37","date_gmt":"2025-09-02T09:55:37","guid":{"rendered":"https:\/\/mwc-cmm.org\/prayer\/pn-july-25-africa\/"},"modified":"2025-09-02T10:10:26","modified_gmt":"2025-09-02T10:10:26","slug":"pn-july-25-africa","status":"publish","type":"prayers","link":"https:\/\/mwc-cmm.org\/fr\/prayer\/pn-july-25-africa\/","title":{"rendered":"PN-July-25-Africa"},"content":{"rendered":"\n<p>Si la religiosit\u00e9 est tr\u00e8s r\u00e9pandue, la pi\u00e9t\u00e9 est rare. L\u2019\u00e9tude approfondie de la Bible et l\u2019\u00e9ducation chr\u00e9tienne sont plus que jamais n\u00e9cessaires, afin que les jeunes chr\u00e9tiens soient capables de r\u00e9sister aux pressions du r\u00e9veil charismatique et de stabiliser leur foi et leur croissance dans la connaissance de J\u00e9sus Christ.<\/p>\n\n\n\n<p><em>\u2014soumis par les membres pour l\u2019Afrique au CE<\/em><\/p>\n\n\n\n<p>Photo : Evangelical Mennonite Church of Tanzania<\/p>\n\n\n\n<p><\/p>\n","protected":false},"excerpt":{"rendered":"<p>Si la religiosit\u00e9 est tr\u00e8s r\u00e9pandue, la pi\u00e9t\u00e9 est rare. L\u2019\u00e9tude approfondie de la Bible et l\u2019\u00e9ducation chr\u00e9tienne sont plus que jamais n\u00e9cessaires, afin que les jeunes chr\u00e9tiens soient capables de r\u00e9sister aux pressions du r\u00e9veil charismatique et de stabiliser leur foi et leur croissance dans la connaissance de J\u00e9sus Christ. \u2014soumis par les membres [&hellip;]<\/p>\n","protected":false},"featured_media":118314,"template":"","class_list":["post-118327","prayers","type-prayers","status-publish","has-post-thumbnail","hentry"],"acf":[],"yoast_head":"<!-- This site is optimized with the Yoast SEO plugin v27.5 - https:\/\/yoast.com\/product\/yoast-seo-wordpress\/ -->\n<title>PN-July-25-Africa - Mennonite World Conference<\/title>\n<meta name=\"robots\" content=\"index, follow, max-snippet:-1, max-image-preview:large, max-video-preview:-1\" \/>\n<link rel=\"canonical\" href=\"https:\/\/mwc-cmm.org\/fr\/prayer\/pn-july-25-africa\/\" \/>\n<meta property=\"og:locale\" content=\"fr_FR\" \/>\n<meta property=\"og:type\" content=\"article\" \/>\n<meta property=\"og:title\" content=\"PN-July-25-Africa - Mennonite World Conference\" \/>\n<meta property=\"og:description\" content=\"Si la religiosit\u00e9 est tr\u00e8s r\u00e9pandue, la pi\u00e9t\u00e9 est rare. L\u2019\u00e9tude approfondie de la Bible et l\u2019\u00e9ducation chr\u00e9tienne sont plus que jamais n\u00e9cessaires, afin que les jeunes chr\u00e9tiens soient capables de r\u00e9sister aux pressions du r\u00e9veil charismatique et de stabiliser leur foi et leur croissance dans la connaissance de J\u00e9sus Christ. \u2014soumis par les membres [&hellip;]\" \/>\n<meta property=\"og:url\" content=\"https:\/\/mwc-cmm.org\/fr\/prayer\/pn-july-25-africa\/\" \/>\n<meta property=\"og:site_name\" content=\"Mennonite World Conference\" \/>\n<meta property=\"article:publisher\" content=\"https:\/\/www.facebook.com\/MennoniteWorldConference\" \/>\n<meta property=\"article:modified_time\" content=\"2025-09-02T10:10:26+00:00\" \/>\n<meta property=\"og:image\" content=\"https:\/\/mwc-cmm.org\/wp-content\/uploads\/2025\/09\/202409EvangelicalMennoniteChurchofTanzaniaimg-20240605-wa0000.jpg\" \/>\n\t<meta property=\"og:image:width\" content=\"1280\" \/>\n\t<meta property=\"og:image:height\" content=\"720\" \/>\n\t<meta property=\"og:image:type\" content=\"image\/jpeg\" \/>\n<script type=\"application\/ld+json\" class=\"yoast-schema-graph\">{\"@context\":\"https:\\\/\\\/schema.org\",\"@graph\":[{\"@type\":\"WebPage\",\"@id\":\"https:\\\/\\\/mwc-cmm.org\\\/fr\\\/prayer\\\/pn-july-25-africa\\\/\",\"url\":\"https:\\\/\\\/mwc-cmm.org\\\/fr\\\/prayer\\\/pn-july-25-africa\\\/\",\"name\":\"PN-July-25-Africa - Mennonite World Conference\",\"isPartOf\":{\"@id\":\"https:\\\/\\\/mwc-cmm.org\\\/en\\\/#website\"},\"primaryImageOfPage\":{\"@id\":\"https:\\\/\\\/mwc-cmm.org\\\/fr\\\/prayer\\\/pn-july-25-africa\\\/#primaryimage\"},\"image\":{\"@id\":\"https:\\\/\\\/mwc-cmm.org\\\/fr\\\/prayer\\\/pn-july-25-africa\\\/#primaryimage\"},\"thumbnailUrl\":\"https:\\\/\\\/mwc-cmm.org\\\/wp-content\\\/uploads\\\/2025\\\/09\\\/202409EvangelicalMennoniteChurchofTanzaniaimg-20240605-wa0000.jpg\",\"datePublished\":\"2025-09-02T09:55:37+00:00\",\"dateModified\":\"2025-09-02T10:10:26+00:00\",\"breadcrumb\":{\"@id\":\"https:\\\/\\\/mwc-cmm.org\\\/fr\\\/prayer\\\/pn-july-25-africa\\\/#breadcrumb\"},\"inLanguage\":\"fr-FR\",\"potentialAction\":[{\"@type\":\"ReadAction\",\"target\":[\"https:\\\/\\\/mwc-cmm.org\\\/fr\\\/prayer\\\/pn-july-25-africa\\\/\"]}]},{\"@type\":\"ImageObject\",\"inLanguage\":\"fr-FR\",\"@id\":\"https:\\\/\\\/mwc-cmm.org\\\/fr\\\/prayer\\\/pn-july-25-africa\\\/#primaryimage\",\"url\":\"https:\\\/\\\/mwc-cmm.org\\\/wp-content\\\/uploads\\\/2025\\\/09\\\/202409EvangelicalMennoniteChurchofTanzaniaimg-20240605-wa0000.jpg\",\"contentUrl\":\"https:\\\/\\\/mwc-cmm.org\\\/wp-content\\\/uploads\\\/2025\\\/09\\\/202409EvangelicalMennoniteChurchofTanzaniaimg-20240605-wa0000.jpg\",\"width\":1280,\"height\":720,\"caption\":\"Evangelical Mennonite church of Tanzania\"},{\"@type\":\"BreadcrumbList\",\"@id\":\"https:\\\/\\\/mwc-cmm.org\\\/fr\\\/prayer\\\/pn-july-25-africa\\\/#breadcrumb\",\"itemListElement\":[{\"@type\":\"ListItem\",\"position\":1,\"name\":\"Home\",\"item\":\"https:\\\/\\\/mwc-cmm.org\\\/fr\\\/\"},{\"@type\":\"ListItem\",\"position\":2,\"name\":\"Prayers\",\"item\":\"https:\\\/\\\/mwc-cmm.org\\\/en\\\/prayer\\\/\"},{\"@type\":\"ListItem\",\"position\":3,\"name\":\"PN-July-25-Africa\"}]},{\"@type\":\"WebSite\",\"@id\":\"https:\\\/\\\/mwc-cmm.org\\\/en\\\/#website\",\"url\":\"https:\\\/\\\/mwc-cmm.org\\\/en\\\/\",\"name\":\"Mennonite World Conference\",\"description\":\"A communion of Anabaptist-related churches\",\"publisher\":{\"@id\":\"https:\\\/\\\/mwc-cmm.org\\\/en\\\/#organization\"},\"alternateName\":\"MWC\",\"potentialAction\":[{\"@type\":\"SearchAction\",\"target\":{\"@type\":\"EntryPoint\",\"urlTemplate\":\"https:\\\/\\\/mwc-cmm.org\\\/en\\\/?s={search_term_string}\"},\"query-input\":{\"@type\":\"PropertyValueSpecification\",\"valueRequired\":true,\"valueName\":\"search_term_string\"}}],\"inLanguage\":\"fr-FR\"},{\"@type\":\"Organization\",\"@id\":\"https:\\\/\\\/mwc-cmm.org\\\/en\\\/#organization\",\"name\":\"Mennonite World Conference\",\"alternateName\":\"MWC\",\"url\":\"https:\\\/\\\/mwc-cmm.org\\\/en\\\/\",\"logo\":{\"@type\":\"ImageObject\",\"inLanguage\":\"fr-FR\",\"@id\":\"https:\\\/\\\/mwc-cmm.org\\\/en\\\/#\\\/schema\\\/logo\\\/image\\\/\",\"url\":\"https:\\\/\\\/mwc-cmm.org\\\/wp-content\\\/uploads\\\/2026\\\/01\\\/MWC_Sig_Blue_Horiz_webheader1-logo.svg\",\"contentUrl\":\"https:\\\/\\\/mwc-cmm.org\\\/wp-content\\\/uploads\\\/2026\\\/01\\\/MWC_Sig_Blue_Horiz_webheader1-logo.svg\",\"width\":786,\"height\":82,\"caption\":\"Mennonite World Conference\"},\"image\":{\"@id\":\"https:\\\/\\\/mwc-cmm.org\\\/en\\\/#\\\/schema\\\/logo\\\/image\\\/\"},\"sameAs\":[\"https:\\\/\\\/www.facebook.com\\\/MennoniteWorldConference\",\"https:\\\/\\\/www.linkedin.com\\\/company\\\/mennonite-world-conference-mwc\\\/\",\"https:\\\/\\\/www.instagram.com\\\/mwcmm\\\/\",\"https:\\\/\\\/www.youtube.com\\\/user\\\/mwccmm\",\"https:\\\/\\\/bsky.app\\\/profile\\\/mwcmm.bsky.social\"]}]}<\/script>\n<!-- \/ Yoast SEO plugin. -->","yoast_head_json":{"title":"PN-July-25-Africa - Mennonite World Conference","robots":{"index":"index","follow":"follow","max-snippet":"max-snippet:-1","max-image-preview":"max-image-preview:large","max-video-preview":"max-video-preview:-1"},"canonical":"https:\/\/mwc-cmm.org\/fr\/prayer\/pn-july-25-africa\/","og_locale":"fr_FR","og_type":"article","og_title":"PN-July-25-Africa - Mennonite World Conference","og_description":"Si la religiosit\u00e9 est tr\u00e8s r\u00e9pandue, la pi\u00e9t\u00e9 est rare. L\u2019\u00e9tude approfondie de la Bible et l\u2019\u00e9ducation chr\u00e9tienne sont plus que jamais n\u00e9cessaires, afin que les jeunes chr\u00e9tiens soient capables de r\u00e9sister aux pressions du r\u00e9veil charismatique et de stabiliser leur foi et leur croissance dans la connaissance de J\u00e9sus Christ. \u2014soumis par les membres [&hellip;]","og_url":"https:\/\/mwc-cmm.org\/fr\/prayer\/pn-july-25-africa\/","og_site_name":"Mennonite World Conference","article_publisher":"https:\/\/www.facebook.com\/MennoniteWorldConference","article_modified_time":"2025-09-02T10:10:26+00:00","og_image":[{"width":1280,"height":720,"url":"https:\/\/mwc-cmm.org\/wp-content\/uploads\/2025\/09\/202409EvangelicalMennoniteChurchofTanzaniaimg-20240605-wa0000.jpg","type":"image\/jpeg"}],"schema":{"@context":"https:\/\/schema.org","@graph":[{"@type":"WebPage","@id":"https:\/\/mwc-cmm.org\/fr\/prayer\/pn-july-25-africa\/","url":"https:\/\/mwc-cmm.org\/fr\/prayer\/pn-july-25-africa\/","name":"PN-July-25-Africa - Mennonite World Conference","isPartOf":{"@id":"https:\/\/mwc-cmm.org\/en\/#website"},"primaryImageOfPage":{"@id":"https:\/\/mwc-cmm.org\/fr\/prayer\/pn-july-25-africa\/#primaryimage"},"image":{"@id":"https:\/\/mwc-cmm.org\/fr\/prayer\/pn-july-25-africa\/#primaryimage"},"thumbnailUrl":"https:\/\/mwc-cmm.org\/wp-content\/uploads\/2025\/09\/202409EvangelicalMennoniteChurchofTanzaniaimg-20240605-wa0000.jpg","datePublished":"2025-09-02T09:55:37+00:00","dateModified":"2025-09-02T10:10:26+00:00","breadcrumb":{"@id":"https:\/\/mwc-cmm.org\/fr\/prayer\/pn-july-25-africa\/#breadcrumb"},"inLanguage":"fr-FR","potentialAction":[{"@type":"ReadAction","target":["https:\/\/mwc-cmm.org\/fr\/prayer\/pn-july-25-africa\/"]}]},{"@type":"ImageObject","inLanguage":"fr-FR","@id":"https:\/\/mwc-cmm.org\/fr\/prayer\/pn-july-25-africa\/#primaryimage","url":"https:\/\/mwc-cmm.org\/wp-content\/uploads\/2025\/09\/202409EvangelicalMennoniteChurchofTanzaniaimg-20240605-wa0000.jpg","contentUrl":"https:\/\/mwc-cmm.org\/wp-content\/uploads\/2025\/09\/202409EvangelicalMennoniteChurchofTanzaniaimg-20240605-wa0000.jpg","width":1280,"height":720,"caption":"Evangelical Mennonite church of Tanzania"},{"@type":"BreadcrumbList","@id":"https:\/\/mwc-cmm.org\/fr\/prayer\/pn-july-25-africa\/#breadcrumb","itemListElement":[{"@type":"ListItem","position":1,"name":"Home","item":"https:\/\/mwc-cmm.org\/fr\/"},{"@type":"ListItem","position":2,"name":"Prayers","item":"https:\/\/mwc-cmm.org\/en\/prayer\/"},{"@type":"ListItem","position":3,"name":"PN-July-25-Africa"}]},{"@type":"WebSite","@id":"https:\/\/mwc-cmm.org\/en\/#website","url":"https:\/\/mwc-cmm.org\/en\/","name":"Mennonite World Conference","description":"A communion of Anabaptist-related churches","publisher":{"@id":"https:\/\/mwc-cmm.org\/en\/#organization"},"alternateName":"MWC","potentialAction":[{"@type":"SearchAction","target":{"@type":"EntryPoint","urlTemplate":"https:\/\/mwc-cmm.org\/en\/?s={search_term_string}"},"query-input":{"@type":"PropertyValueSpecification","valueRequired":true,"valueName":"search_term_string"}}],"inLanguage":"fr-FR"},{"@type":"Organization","@id":"https:\/\/mwc-cmm.org\/en\/#organization","name":"Mennonite World Conference","alternateName":"MWC","url":"https:\/\/mwc-cmm.org\/en\/","logo":{"@type":"ImageObject","inLanguage":"fr-FR","@id":"https:\/\/mwc-cmm.org\/en\/#\/schema\/logo\/image\/","url":"https:\/\/mwc-cmm.org\/wp-content\/uploads\/2026\/01\/MWC_Sig_Blue_Horiz_webheader1-logo.svg","contentUrl":"https:\/\/mwc-cmm.org\/wp-content\/uploads\/2026\/01\/MWC_Sig_Blue_Horiz_webheader1-logo.svg","width":786,"height":82,"caption":"Mennonite World Conference"},"image":{"@id":"https:\/\/mwc-cmm.org\/en\/#\/schema\/logo\/image\/"},"sameAs":["https:\/\/www.facebook.com\/MennoniteWorldConference","https:\/\/www.linkedin.com\/company\/mennonite-world-conference-mwc\/","https:\/\/www.instagram.com\/mwcmm\/","https:\/\/www.youtube.com\/user\/mwccmm","https:\/\/bsky.app\/profile\/mwcmm.bsky.social"]}]}},"_links":{"self":[{"href":"https:\/\/mwc-cmm.org\/fr\/wp-json\/wp\/v2\/prayers\/118327","targetHints":{"allow":["GET"]}}],"collection":[{"href":"https:\/\/mwc-cmm.org\/fr\/wp-json\/wp\/v2\/prayers"}],"about":[{"href":"https:\/\/mwc-cmm.org\/fr\/wp-json\/wp\/v2\/types\/prayers"}],"wp:featuredmedia":[{"embeddable":true,"href":"https:\/\/mwc-cmm.org\/fr\/wp-json\/wp\/v2\/media\/118314"}],"wp:attachment":[{"href":"https:\/\/mwc-cmm.org\/fr\/wp-json\/wp\/v2\/media?parent=118327"}],"curies":[{"name":"wp","href":"https:\/\/api.w.org\/{rel}","templated":true}]}}

<p>Si la religiosité est très répandue, la piété est rare. L’étude approfondie de la Bible et l’éducation chrétienne sont plus que jamais nécessaires, afin que les jeunes chrétiens soient capables de résister aux pressions du réveil charismatique et de stabiliser leur foi et leur croissance dans la connaissance de Jésus Christ.</p>



<p><em>—soumis par les membres pour l’Afrique au CE</em></p>



<p>Photo : Evangelical Mennonite Church of Tanzania</p>



<p></p>

<p>Si la religiosité est très répandue, la piété est rare. L’étude approfondie de la Bible et l’éducation chrétienne sont plus que jamais nécessaires, afin que les jeunes chrétiens soient capables de résister aux pressions du réveil charismatique et de stabiliser leur foi et leur croissance dans la connaissance de Jésus Christ. —soumis par les membres [&hellip;]</p>

<!-- This site is optimized with the Yoast SEO plugin v27.5 - https://yoast.com/product/yoast-seo-wordpress/ -->
<title>PN-July-25-Africa - Mennonite World Conference</title>
<meta name="robots" content="index, follow, max-snippet:-1, max-image-preview:large, max-video-preview:-1" />
<link rel="canonical" href="https://mwc-cmm.org/fr/prayer/pn-july-25-africa/" />
<meta property="og:locale" content="fr_FR" />
<meta property="og:type" content="article" />
<meta property="og:title" content="PN-July-25-Africa - Mennonite World Conference" />
<meta property="og:description" content="Si la religiosité est très répandue, la piété est rare. L’étude approfondie de la Bible et l’éducation chrétienne sont plus que jamais nécessaires, afin que les jeunes chrétiens soient capables de résister aux pressions du réveil charismatique et de stabiliser leur foi et leur croissance dans la connaissance de Jésus Christ. —soumis par les membres [&hellip;]" />
<meta property="og:url" content="https://mwc-cmm.org/fr/prayer/pn-july-25-africa/" />
<meta property="og:site_name" content="Mennonite World Conference" />
<meta property="article:publisher" content="https://www.facebook.com/MennoniteWorldConference" />
<meta property="article:modified_time" content="2025-09-02T10:10:26+00:00" />
<meta property="og:image" content="https://mwc-cmm.org/wp-content/uploads/2025/09/202409EvangelicalMennoniteChurchofTanzaniaimg-20240605-wa0000.jpg" />
	<meta property="og:image:width" content="1280" />
	<meta property="og:image:height" content="720" />
	<meta property="og:image:type" content="image/jpeg" />
<script type="application/ld+json" class="yoast-schema-graph">{"@context":"https:\/\/schema.org","@graph":[{"@type":"WebPage","@id":"https:\/\/mwc-cmm.org\/fr\/prayer\/pn-july-25-africa\/","url":"https:\/\/mwc-cmm.org\/fr\/prayer\/pn-july-25-africa\/","name":"PN-July-25-Africa - Mennonite World Conference","isPartOf":{"@id":"https:\/\/mwc-cmm.org\/en\/#website"},"primaryImageOfPage":{"@id":"https:\/\/mwc-cmm.org\/fr\/prayer\/pn-july-25-africa\/#primaryimage"},"image":{"@id":"https:\/\/mwc-cmm.org\/fr\/prayer\/pn-july-25-africa\/#primaryimage"},"thumbnailUrl":"https:\/\/mwc-cmm.org\/wp-content\/uploads\/2025\/09\/202409EvangelicalMennoniteChurchofTanzaniaimg-20240605-wa0000.jpg","datePublished":"2025-09-02T09:55:37+00:00","dateModified":"2025-09-02T10:10:26+00:00","breadcrumb":{"@id":"https:\/\/mwc-cmm.org\/fr\/prayer\/pn-july-25-africa\/#breadcrumb"},"inLanguage":"fr-FR","potentialAction":[{"@type":"ReadAction","target":["https:\/\/mwc-cmm.org\/fr\/prayer\/pn-july-25-africa\/"]}]},{"@type":"ImageObject","inLanguage":"fr-FR","@id":"https:\/\/mwc-cmm.org\/fr\/prayer\/pn-july-25-africa\/#primaryimage","url":"https:\/\/mwc-cmm.org\/wp-content\/uploads\/2025\/09\/202409EvangelicalMennoniteChurchofTanzaniaimg-20240605-wa0000.jpg","contentUrl":"https:\/\/mwc-cmm.org\/wp-content\/uploads\/2025\/09\/202409EvangelicalMennoniteChurchofTanzaniaimg-20240605-wa0000.jpg","width":1280,"height":720,"caption":"Evangelical Mennonite church of Tanzania"},{"@type":"BreadcrumbList","@id":"https:\/\/mwc-cmm.org\/fr\/prayer\/pn-july-25-africa\/#breadcrumb","itemListElement":[{"@type":"ListItem","position":1,"name":"Home","item":"https:\/\/mwc-cmm.org\/fr\/"},{"@type":"ListItem","position":2,"name":"Prayers","item":"https:\/\/mwc-cmm.org\/en\/prayer\/"},{"@type":"ListItem","position":3,"name":"PN-July-25-Africa"}]},{"@type":"WebSite","@id":"https:\/\/mwc-cmm.org\/en\/#website","url":"https:\/\/mwc-cmm.org\/en\/","name":"Mennonite World Conference","description":"A communion of Anabaptist-related churches","publisher":{"@id":"https:\/\/mwc-cmm.org\/en\/#organization"},"alternateName":"MWC","potentialAction":[{"@type":"SearchAction","target":{"@type":"EntryPoint","urlTemplate":"https:\/\/mwc-cmm.org\/en\/?s={search_term_string}"},"query-input":{"@type":"PropertyValueSpecification","valueRequired":true,"valueName":"search_term_string"}}],"inLanguage":"fr-FR"},{"@type":"Organization","@id":"https:\/\/mwc-cmm.org\/en\/#organization","name":"Mennonite World Conference","alternateName":"MWC","url":"https:\/\/mwc-cmm.org\/en\/","logo":{"@type":"ImageObject","inLanguage":"fr-FR","@id":"https:\/\/mwc-cmm.org\/en\/#\/schema\/logo\/image\/","url":"https:\/\/mwc-cmm.org\/wp-content\/uploads\/2026\/01\/MWC_Sig_Blue_Horiz_webheader1-logo.svg","contentUrl":"https:\/\/mwc-cmm.org\/wp-content\/uploads\/2026\/01\/MWC_Sig_Blue_Horiz_webheader1-logo.svg","width":786,"height":82,"caption":"Mennonite World Conference"},"image":{"@id":"https:\/\/mwc-cmm.org\/en\/#\/schema\/logo\/image\/"},"sameAs":["https:\/\/www.facebook.com\/MennoniteWorldConference","https:\/\/www.linkedin.com\/company\/mennonite-world-conference-mwc\/","https:\/\/www.instagram.com\/mwcmm\/","https:\/\/www.youtube.com\/user\/mwccmm","https:\/\/bsky.app\/profile\/mwcmm.bsky.social"]}]}</script>
<!-- / Yoast SEO plugin. -->

Si la religiosité est très répandue, la piété est rare. L’étude approfondie de la Bible et l’éducation chrétienne sont plus que jamais nécessaires, afin que les jeunes chrétiens soient capables de résister aux pressions du réveil charismatique et de stabiliser leur foi et leur croissance dans la connaissance de Jésus Christ. —soumis par les membres [&hellip;]
