{"id":117925,"date":"2025-08-19T14:38:48","date_gmt":"2025-08-19T14:38:48","guid":{"rendered":"https:\/\/mwc-cmm.org\/prayer\/pn-july-25-usa\/"},"modified":"2025-08-19T16:08:09","modified_gmt":"2025-08-19T16:08:09","slug":"pn-july-25-usa","status":"publish","type":"prayers","link":"https:\/\/mwc-cmm.org\/fr\/prayer\/pn-july-25-usa\/","title":{"rendered":"PN-July-25-USA"},"content":{"rendered":"\n<p>Prions pour les \u00c9tats-Unis. Les arrestations massives men\u00e9es par les services de l\u2019immigration et des douanes (ICE) s\u00e8ment la peur et perturbent les familles, les communaut\u00e9s eccl\u00e9siales et m\u00eame l\u2019activit\u00e9 \u00e9conomique. Prions pour que les cinq \u00e9glises membres de la CMM aient le courage d\u2019aimer \u00e0 la fois leurs prochains et les \u00e9trangers parmi eux. (Fr\u00e8res en Christ aux \u00c9tats-Unis, LMC, \u00c9glise mennonite des \u00c9tats-Unis, R\u00e9seau des \u00e9glises de Rosedale, Conf\u00e9rence des \u00c9glises Fr\u00e8res mennonites des \u00c9tats-Unis). <\/p>\n\n<p><sup>Photo: Kristina Toews<\/sup><\/p>\n","protected":false},"excerpt":{"rendered":"<p>Prions pour les \u00c9tats-Unis. Les arrestations massives men\u00e9es par les services de l\u2019immigration et des douanes (ICE) s\u00e8ment la peur et perturbent les familles, les communaut\u00e9s eccl\u00e9siales et m\u00eame l\u2019activit\u00e9 \u00e9conomique. Prions pour que les cinq \u00e9glises membres de la CMM aient le courage d\u2019aimer \u00e0 la fois leurs prochains et les \u00e9trangers parmi eux. [&hellip;]<\/p>\n","protected":false},"featured_media":117911,"template":"","class_list":["post-117925","prayers","type-prayers","status-publish","has-post-thumbnail","hentry"],"acf":[],"yoast_head":"<!-- This site is optimized with the Yoast SEO plugin v27.5 - https:\/\/yoast.com\/product\/yoast-seo-wordpress\/ -->\n<title>PN-July-25-USA - Mennonite World Conference<\/title>\n<meta name=\"robots\" content=\"index, follow, max-snippet:-1, max-image-preview:large, max-video-preview:-1\" \/>\n<link rel=\"canonical\" href=\"https:\/\/mwc-cmm.org\/en\/prayer\/pn-july-25-usa\/\" \/>\n<meta property=\"og:locale\" content=\"fr_FR\" \/>\n<meta property=\"og:type\" content=\"article\" \/>\n<meta property=\"og:title\" content=\"PN-July-25-USA - Mennonite World Conference\" \/>\n<meta property=\"og:description\" content=\"Prions pour les \u00c9tats-Unis. Les arrestations massives men\u00e9es par les services de l\u2019immigration et des douanes (ICE) s\u00e8ment la peur et perturbent les familles, les communaut\u00e9s eccl\u00e9siales et m\u00eame l\u2019activit\u00e9 \u00e9conomique. Prions pour que les cinq \u00e9glises membres de la CMM aient le courage d\u2019aimer \u00e0 la fois leurs prochains et les \u00e9trangers parmi eux. [&hellip;]\" \/>\n<meta property=\"og:url\" content=\"https:\/\/mwc-cmm.org\/en\/prayer\/pn-july-25-usa\/\" \/>\n<meta property=\"og:site_name\" content=\"Mennonite World Conference\" \/>\n<meta property=\"article:publisher\" content=\"https:\/\/www.facebook.com\/MennoniteWorldConference\" \/>\n<meta property=\"article:modified_time\" content=\"2025-08-19T16:08:09+00:00\" \/>\n<meta property=\"og:image\" content=\"https:\/\/mwc-cmm.org\/wp-content\/uploads\/2025\/08\/20250524KristinaToewsImage-7-scaled.jpeg\" \/>\n\t<meta property=\"og:image:width\" content=\"1602\" \/>\n\t<meta property=\"og:image:height\" content=\"2560\" \/>\n\t<meta property=\"og:image:type\" content=\"image\/jpeg\" \/>\n<script type=\"application\/ld+json\" class=\"yoast-schema-graph\">{\"@context\":\"https:\\\/\\\/schema.org\",\"@graph\":[{\"@type\":\"WebPage\",\"@id\":\"https:\\\/\\\/mwc-cmm.org\\\/en\\\/prayer\\\/pn-july-25-usa\\\/\",\"url\":\"https:\\\/\\\/mwc-cmm.org\\\/en\\\/prayer\\\/pn-july-25-usa\\\/\",\"name\":\"PN-July-25-USA - Mennonite World Conference\",\"isPartOf\":{\"@id\":\"https:\\\/\\\/mwc-cmm.org\\\/en\\\/#website\"},\"primaryImageOfPage\":{\"@id\":\"https:\\\/\\\/mwc-cmm.org\\\/en\\\/prayer\\\/pn-july-25-usa\\\/#primaryimage\"},\"image\":{\"@id\":\"https:\\\/\\\/mwc-cmm.org\\\/en\\\/prayer\\\/pn-july-25-usa\\\/#primaryimage\"},\"thumbnailUrl\":\"https:\\\/\\\/mwc-cmm.org\\\/wp-content\\\/uploads\\\/2025\\\/08\\\/20250524KristinaToewsImage-7-scaled.jpeg\",\"datePublished\":\"2025-08-19T14:38:48+00:00\",\"dateModified\":\"2025-08-19T16:08:09+00:00\",\"breadcrumb\":{\"@id\":\"https:\\\/\\\/mwc-cmm.org\\\/en\\\/prayer\\\/pn-july-25-usa\\\/#breadcrumb\"},\"inLanguage\":\"fr-FR\",\"potentialAction\":[{\"@type\":\"ReadAction\",\"target\":[\"https:\\\/\\\/mwc-cmm.org\\\/en\\\/prayer\\\/pn-july-25-usa\\\/\"]}]},{\"@type\":\"ImageObject\",\"inLanguage\":\"fr-FR\",\"@id\":\"https:\\\/\\\/mwc-cmm.org\\\/en\\\/prayer\\\/pn-july-25-usa\\\/#primaryimage\",\"url\":\"https:\\\/\\\/mwc-cmm.org\\\/wp-content\\\/uploads\\\/2025\\\/08\\\/20250524KristinaToewsImage-7-scaled.jpeg\",\"contentUrl\":\"https:\\\/\\\/mwc-cmm.org\\\/wp-content\\\/uploads\\\/2025\\\/08\\\/20250524KristinaToewsImage-7-scaled.jpeg\",\"width\":1602,\"height\":2560,\"caption\":\"praying group\"},{\"@type\":\"BreadcrumbList\",\"@id\":\"https:\\\/\\\/mwc-cmm.org\\\/en\\\/prayer\\\/pn-july-25-usa\\\/#breadcrumb\",\"itemListElement\":[{\"@type\":\"ListItem\",\"position\":1,\"name\":\"Home\",\"item\":\"https:\\\/\\\/mwc-cmm.org\\\/fr\\\/\"},{\"@type\":\"ListItem\",\"position\":2,\"name\":\"Prayers\",\"item\":\"https:\\\/\\\/mwc-cmm.org\\\/en\\\/prayer\\\/\"},{\"@type\":\"ListItem\",\"position\":3,\"name\":\"PN-July-25-USA\"}]},{\"@type\":\"WebSite\",\"@id\":\"https:\\\/\\\/mwc-cmm.org\\\/en\\\/#website\",\"url\":\"https:\\\/\\\/mwc-cmm.org\\\/en\\\/\",\"name\":\"Mennonite World Conference\",\"description\":\"A communion of Anabaptist-related churches\",\"publisher\":{\"@id\":\"https:\\\/\\\/mwc-cmm.org\\\/en\\\/#organization\"},\"alternateName\":\"MWC\",\"potentialAction\":[{\"@type\":\"SearchAction\",\"target\":{\"@type\":\"EntryPoint\",\"urlTemplate\":\"https:\\\/\\\/mwc-cmm.org\\\/en\\\/?s={search_term_string}\"},\"query-input\":{\"@type\":\"PropertyValueSpecification\",\"valueRequired\":true,\"valueName\":\"search_term_string\"}}],\"inLanguage\":\"fr-FR\"},{\"@type\":\"Organization\",\"@id\":\"https:\\\/\\\/mwc-cmm.org\\\/en\\\/#organization\",\"name\":\"Mennonite World Conference\",\"alternateName\":\"MWC\",\"url\":\"https:\\\/\\\/mwc-cmm.org\\\/en\\\/\",\"logo\":{\"@type\":\"ImageObject\",\"inLanguage\":\"fr-FR\",\"@id\":\"https:\\\/\\\/mwc-cmm.org\\\/en\\\/#\\\/schema\\\/logo\\\/image\\\/\",\"url\":\"https:\\\/\\\/mwc-cmm.org\\\/wp-content\\\/uploads\\\/2026\\\/01\\\/MWC_Sig_Blue_Horiz_webheader1-logo.svg\",\"contentUrl\":\"https:\\\/\\\/mwc-cmm.org\\\/wp-content\\\/uploads\\\/2026\\\/01\\\/MWC_Sig_Blue_Horiz_webheader1-logo.svg\",\"width\":786,\"height\":82,\"caption\":\"Mennonite World Conference\"},\"image\":{\"@id\":\"https:\\\/\\\/mwc-cmm.org\\\/en\\\/#\\\/schema\\\/logo\\\/image\\\/\"},\"sameAs\":[\"https:\\\/\\\/www.facebook.com\\\/MennoniteWorldConference\",\"https:\\\/\\\/www.linkedin.com\\\/company\\\/mennonite-world-conference-mwc\\\/\",\"https:\\\/\\\/www.instagram.com\\\/mwcmm\\\/\",\"https:\\\/\\\/www.youtube.com\\\/user\\\/mwccmm\",\"https:\\\/\\\/bsky.app\\\/profile\\\/mwcmm.bsky.social\"]}]}<\/script>\n<!-- \/ Yoast SEO plugin. -->","yoast_head_json":{"title":"PN-July-25-USA - Mennonite World Conference","robots":{"index":"index","follow":"follow","max-snippet":"max-snippet:-1","max-image-preview":"max-image-preview:large","max-video-preview":"max-video-preview:-1"},"canonical":"https:\/\/mwc-cmm.org\/en\/prayer\/pn-july-25-usa\/","og_locale":"fr_FR","og_type":"article","og_title":"PN-July-25-USA - Mennonite World Conference","og_description":"Prions pour les \u00c9tats-Unis. Les arrestations massives men\u00e9es par les services de l\u2019immigration et des douanes (ICE) s\u00e8ment la peur et perturbent les familles, les communaut\u00e9s eccl\u00e9siales et m\u00eame l\u2019activit\u00e9 \u00e9conomique. Prions pour que les cinq \u00e9glises membres de la CMM aient le courage d\u2019aimer \u00e0 la fois leurs prochains et les \u00e9trangers parmi eux. [&hellip;]","og_url":"https:\/\/mwc-cmm.org\/en\/prayer\/pn-july-25-usa\/","og_site_name":"Mennonite World Conference","article_publisher":"https:\/\/www.facebook.com\/MennoniteWorldConference","article_modified_time":"2025-08-19T16:08:09+00:00","og_image":[{"width":1602,"height":2560,"url":"https:\/\/mwc-cmm.org\/wp-content\/uploads\/2025\/08\/20250524KristinaToewsImage-7-scaled.jpeg","type":"image\/jpeg"}],"schema":{"@context":"https:\/\/schema.org","@graph":[{"@type":"WebPage","@id":"https:\/\/mwc-cmm.org\/en\/prayer\/pn-july-25-usa\/","url":"https:\/\/mwc-cmm.org\/en\/prayer\/pn-july-25-usa\/","name":"PN-July-25-USA - Mennonite World Conference","isPartOf":{"@id":"https:\/\/mwc-cmm.org\/en\/#website"},"primaryImageOfPage":{"@id":"https:\/\/mwc-cmm.org\/en\/prayer\/pn-july-25-usa\/#primaryimage"},"image":{"@id":"https:\/\/mwc-cmm.org\/en\/prayer\/pn-july-25-usa\/#primaryimage"},"thumbnailUrl":"https:\/\/mwc-cmm.org\/wp-content\/uploads\/2025\/08\/20250524KristinaToewsImage-7-scaled.jpeg","datePublished":"2025-08-19T14:38:48+00:00","dateModified":"2025-08-19T16:08:09+00:00","breadcrumb":{"@id":"https:\/\/mwc-cmm.org\/en\/prayer\/pn-july-25-usa\/#breadcrumb"},"inLanguage":"fr-FR","potentialAction":[{"@type":"ReadAction","target":["https:\/\/mwc-cmm.org\/en\/prayer\/pn-july-25-usa\/"]}]},{"@type":"ImageObject","inLanguage":"fr-FR","@id":"https:\/\/mwc-cmm.org\/en\/prayer\/pn-july-25-usa\/#primaryimage","url":"https:\/\/mwc-cmm.org\/wp-content\/uploads\/2025\/08\/20250524KristinaToewsImage-7-scaled.jpeg","contentUrl":"https:\/\/mwc-cmm.org\/wp-content\/uploads\/2025\/08\/20250524KristinaToewsImage-7-scaled.jpeg","width":1602,"height":2560,"caption":"praying group"},{"@type":"BreadcrumbList","@id":"https:\/\/mwc-cmm.org\/en\/prayer\/pn-july-25-usa\/#breadcrumb","itemListElement":[{"@type":"ListItem","position":1,"name":"Home","item":"https:\/\/mwc-cmm.org\/fr\/"},{"@type":"ListItem","position":2,"name":"Prayers","item":"https:\/\/mwc-cmm.org\/en\/prayer\/"},{"@type":"ListItem","position":3,"name":"PN-July-25-USA"}]},{"@type":"WebSite","@id":"https:\/\/mwc-cmm.org\/en\/#website","url":"https:\/\/mwc-cmm.org\/en\/","name":"Mennonite World Conference","description":"A communion of Anabaptist-related churches","publisher":{"@id":"https:\/\/mwc-cmm.org\/en\/#organization"},"alternateName":"MWC","potentialAction":[{"@type":"SearchAction","target":{"@type":"EntryPoint","urlTemplate":"https:\/\/mwc-cmm.org\/en\/?s={search_term_string}"},"query-input":{"@type":"PropertyValueSpecification","valueRequired":true,"valueName":"search_term_string"}}],"inLanguage":"fr-FR"},{"@type":"Organization","@id":"https:\/\/mwc-cmm.org\/en\/#organization","name":"Mennonite World Conference","alternateName":"MWC","url":"https:\/\/mwc-cmm.org\/en\/","logo":{"@type":"ImageObject","inLanguage":"fr-FR","@id":"https:\/\/mwc-cmm.org\/en\/#\/schema\/logo\/image\/","url":"https:\/\/mwc-cmm.org\/wp-content\/uploads\/2026\/01\/MWC_Sig_Blue_Horiz_webheader1-logo.svg","contentUrl":"https:\/\/mwc-cmm.org\/wp-content\/uploads\/2026\/01\/MWC_Sig_Blue_Horiz_webheader1-logo.svg","width":786,"height":82,"caption":"Mennonite World Conference"},"image":{"@id":"https:\/\/mwc-cmm.org\/en\/#\/schema\/logo\/image\/"},"sameAs":["https:\/\/www.facebook.com\/MennoniteWorldConference","https:\/\/www.linkedin.com\/company\/mennonite-world-conference-mwc\/","https:\/\/www.instagram.com\/mwcmm\/","https:\/\/www.youtube.com\/user\/mwccmm","https:\/\/bsky.app\/profile\/mwcmm.bsky.social"]}]}},"_links":{"self":[{"href":"https:\/\/mwc-cmm.org\/fr\/wp-json\/wp\/v2\/prayers\/117925","targetHints":{"allow":["GET"]}}],"collection":[{"href":"https:\/\/mwc-cmm.org\/fr\/wp-json\/wp\/v2\/prayers"}],"about":[{"href":"https:\/\/mwc-cmm.org\/fr\/wp-json\/wp\/v2\/types\/prayers"}],"wp:featuredmedia":[{"embeddable":true,"href":"https:\/\/mwc-cmm.org\/fr\/wp-json\/wp\/v2\/media\/117911"}],"wp:attachment":[{"href":"https:\/\/mwc-cmm.org\/fr\/wp-json\/wp\/v2\/media?parent=117925"}],"curies":[{"name":"wp","href":"https:\/\/api.w.org\/{rel}","templated":true}]}}

<p>Prions pour les États-Unis. Les arrestations massives menées par les services de l’immigration et des douanes (ICE) sèment la peur et perturbent les familles, les communautés ecclésiales et même l’activité économique. Prions pour que les cinq églises membres de la CMM aient le courage d’aimer à la fois leurs prochains et les étrangers parmi eux. (Frères en Christ aux États-Unis, LMC, Église mennonite des États-Unis, Réseau des églises de Rosedale, Conférence des Églises Frères mennonites des États-Unis). </p>

<p><sup>Photo: Kristina Toews</sup></p>

<p>Prions pour les États-Unis. Les arrestations massives menées par les services de l’immigration et des douanes (ICE) sèment la peur et perturbent les familles, les communautés ecclésiales et même l’activité économique. Prions pour que les cinq églises membres de la CMM aient le courage d’aimer à la fois leurs prochains et les étrangers parmi eux. [&hellip;]</p>

<!-- This site is optimized with the Yoast SEO plugin v27.5 - https://yoast.com/product/yoast-seo-wordpress/ -->
<title>PN-July-25-USA - Mennonite World Conference</title>
<meta name="robots" content="index, follow, max-snippet:-1, max-image-preview:large, max-video-preview:-1" />
<link rel="canonical" href="https://mwc-cmm.org/en/prayer/pn-july-25-usa/" />
<meta property="og:locale" content="fr_FR" />
<meta property="og:type" content="article" />
<meta property="og:title" content="PN-July-25-USA - Mennonite World Conference" />
<meta property="og:description" content="Prions pour les États-Unis. Les arrestations massives menées par les services de l’immigration et des douanes (ICE) sèment la peur et perturbent les familles, les communautés ecclésiales et même l’activité économique. Prions pour que les cinq églises membres de la CMM aient le courage d’aimer à la fois leurs prochains et les étrangers parmi eux. [&hellip;]" />
<meta property="og:url" content="https://mwc-cmm.org/en/prayer/pn-july-25-usa/" />
<meta property="og:site_name" content="Mennonite World Conference" />
<meta property="article:publisher" content="https://www.facebook.com/MennoniteWorldConference" />
<meta property="article:modified_time" content="2025-08-19T16:08:09+00:00" />
<meta property="og:image" content="https://mwc-cmm.org/wp-content/uploads/2025/08/20250524KristinaToewsImage-7-scaled.jpeg" />
	<meta property="og:image:width" content="1602" />
	<meta property="og:image:height" content="2560" />
	<meta property="og:image:type" content="image/jpeg" />
<script type="application/ld+json" class="yoast-schema-graph">{"@context":"https:\/\/schema.org","@graph":[{"@type":"WebPage","@id":"https:\/\/mwc-cmm.org\/en\/prayer\/pn-july-25-usa\/","url":"https:\/\/mwc-cmm.org\/en\/prayer\/pn-july-25-usa\/","name":"PN-July-25-USA - Mennonite World Conference","isPartOf":{"@id":"https:\/\/mwc-cmm.org\/en\/#website"},"primaryImageOfPage":{"@id":"https:\/\/mwc-cmm.org\/en\/prayer\/pn-july-25-usa\/#primaryimage"},"image":{"@id":"https:\/\/mwc-cmm.org\/en\/prayer\/pn-july-25-usa\/#primaryimage"},"thumbnailUrl":"https:\/\/mwc-cmm.org\/wp-content\/uploads\/2025\/08\/20250524KristinaToewsImage-7-scaled.jpeg","datePublished":"2025-08-19T14:38:48+00:00","dateModified":"2025-08-19T16:08:09+00:00","breadcrumb":{"@id":"https:\/\/mwc-cmm.org\/en\/prayer\/pn-july-25-usa\/#breadcrumb"},"inLanguage":"fr-FR","potentialAction":[{"@type":"ReadAction","target":["https:\/\/mwc-cmm.org\/en\/prayer\/pn-july-25-usa\/"]}]},{"@type":"ImageObject","inLanguage":"fr-FR","@id":"https:\/\/mwc-cmm.org\/en\/prayer\/pn-july-25-usa\/#primaryimage","url":"https:\/\/mwc-cmm.org\/wp-content\/uploads\/2025\/08\/20250524KristinaToewsImage-7-scaled.jpeg","contentUrl":"https:\/\/mwc-cmm.org\/wp-content\/uploads\/2025\/08\/20250524KristinaToewsImage-7-scaled.jpeg","width":1602,"height":2560,"caption":"praying group"},{"@type":"BreadcrumbList","@id":"https:\/\/mwc-cmm.org\/en\/prayer\/pn-july-25-usa\/#breadcrumb","itemListElement":[{"@type":"ListItem","position":1,"name":"Home","item":"https:\/\/mwc-cmm.org\/fr\/"},{"@type":"ListItem","position":2,"name":"Prayers","item":"https:\/\/mwc-cmm.org\/en\/prayer\/"},{"@type":"ListItem","position":3,"name":"PN-July-25-USA"}]},{"@type":"WebSite","@id":"https:\/\/mwc-cmm.org\/en\/#website","url":"https:\/\/mwc-cmm.org\/en\/","name":"Mennonite World Conference","description":"A communion of Anabaptist-related churches","publisher":{"@id":"https:\/\/mwc-cmm.org\/en\/#organization"},"alternateName":"MWC","potentialAction":[{"@type":"SearchAction","target":{"@type":"EntryPoint","urlTemplate":"https:\/\/mwc-cmm.org\/en\/?s={search_term_string}"},"query-input":{"@type":"PropertyValueSpecification","valueRequired":true,"valueName":"search_term_string"}}],"inLanguage":"fr-FR"},{"@type":"Organization","@id":"https:\/\/mwc-cmm.org\/en\/#organization","name":"Mennonite World Conference","alternateName":"MWC","url":"https:\/\/mwc-cmm.org\/en\/","logo":{"@type":"ImageObject","inLanguage":"fr-FR","@id":"https:\/\/mwc-cmm.org\/en\/#\/schema\/logo\/image\/","url":"https:\/\/mwc-cmm.org\/wp-content\/uploads\/2026\/01\/MWC_Sig_Blue_Horiz_webheader1-logo.svg","contentUrl":"https:\/\/mwc-cmm.org\/wp-content\/uploads\/2026\/01\/MWC_Sig_Blue_Horiz_webheader1-logo.svg","width":786,"height":82,"caption":"Mennonite World Conference"},"image":{"@id":"https:\/\/mwc-cmm.org\/en\/#\/schema\/logo\/image\/"},"sameAs":["https:\/\/www.facebook.com\/MennoniteWorldConference","https:\/\/www.linkedin.com\/company\/mennonite-world-conference-mwc\/","https:\/\/www.instagram.com\/mwcmm\/","https:\/\/www.youtube.com\/user\/mwccmm","https:\/\/bsky.app\/profile\/mwcmm.bsky.social"]}]}</script>
<!-- / Yoast SEO plugin. -->

Prions pour les États-Unis. Les arrestations massives menées par les services de l’immigration et des douanes (ICE) sèment la peur et perturbent les familles, les communautés ecclésiales et même l’activité économique. Prions pour que les cinq églises membres de la CMM aient le courage d’aimer à la fois leurs prochains et les étrangers parmi eux. [&hellip;]
