{"id":111303,"date":"2025-03-18T13:30:04","date_gmt":"2025-03-18T13:30:04","guid":{"rendered":"https:\/\/mwc-cmm.org\/prayer\/pn-january-25-mexico\/"},"modified":"2025-03-18T13:31:28","modified_gmt":"2025-03-18T13:31:28","slug":"pn-january-25-mexico","status":"publish","type":"prayers","link":"https:\/\/mwc-cmm.org\/fr\/prayer\/pn-january-25-mexico\/","title":{"rendered":"PN-January-25-Mexico"},"content":{"rendered":"\n<p>Prions pour la migration des personnes \u00e0 la recherche d\u2019une vie meilleure dans d\u2019autres pays. Prions pour les familles qui recherchent leurs proches disparus \u00e0 cause du crime organis\u00e9 et de la traite des \u00eatres humains.&#13;\n<em>\u2014Rebeca Gonz\u00e1lez Torres, Conferencia de Iglesias Evang\u00e9licas Anabautistas Menonitas de M\u00e9xico, M\u00e9xico&#13;\n<\/em><sup>Photo : Ebenzer Mondez<\/sup><\/p>\n","protected":false},"excerpt":{"rendered":"<p>Prions pour la migration des personnes \u00e0 la recherche d\u2019une vie meilleure dans d\u2019autres pays. Prions pour les familles qui recherchent leurs proches disparus \u00e0 cause du crime organis\u00e9 et de la traite des \u00eatres humains.&#13; \u2014Rebeca Gonz\u00e1lez Torres, Conferencia de Iglesias Evang\u00e9licas Anabautistas Menonitas de M\u00e9xico, M\u00e9xico&#13; Photo : Ebenzer Mondez<\/p>\n","protected":false},"featured_media":111291,"template":"","class_list":["post-111303","prayers","type-prayers","status-publish","has-post-thumbnail","hentry"],"acf":[],"yoast_head":"<!-- This site is optimized with the Yoast SEO plugin v27.5 - https:\/\/yoast.com\/product\/yoast-seo-wordpress\/ -->\n<title>PN-January-25-Mexico - Mennonite World Conference<\/title>\n<meta name=\"robots\" content=\"index, follow, max-snippet:-1, max-image-preview:large, max-video-preview:-1\" \/>\n<link rel=\"canonical\" href=\"https:\/\/mwc-cmm.org\/en\/prayer\/pn-january-25-mexico\/\" \/>\n<meta property=\"og:locale\" content=\"fr_FR\" \/>\n<meta property=\"og:type\" content=\"article\" \/>\n<meta property=\"og:title\" content=\"PN-January-25-Mexico - Mennonite World Conference\" \/>\n<meta property=\"og:description\" content=\"Prions pour la migration des personnes \u00e0 la recherche d\u2019une vie meilleure dans d\u2019autres pays. Prions pour les familles qui recherchent leurs proches disparus \u00e0 cause du crime organis\u00e9 et de la traite des \u00eatres humains.&#013; \u2014Rebeca Gonz\u00e1lez Torres, Conferencia de Iglesias Evang\u00e9licas Anabautistas Menonitas de M\u00e9xico, M\u00e9xico&#013; Photo : Ebenzer Mondez\" \/>\n<meta property=\"og:url\" content=\"https:\/\/mwc-cmm.org\/en\/prayer\/pn-january-25-mexico\/\" \/>\n<meta property=\"og:site_name\" content=\"Mennonite World Conference\" \/>\n<meta property=\"article:publisher\" content=\"https:\/\/www.facebook.com\/MennoniteWorldConference\" \/>\n<meta property=\"article:modified_time\" content=\"2025-03-18T13:31:28+00:00\" \/>\n<meta property=\"og:image\" content=\"https:\/\/mwc-cmm.org\/wp-content\/uploads\/2025\/03\/20190406EbenezerMondezDSC00802-scaled.jpg\" \/>\n\t<meta property=\"og:image:width\" content=\"2560\" \/>\n\t<meta property=\"og:image:height\" content=\"1440\" \/>\n\t<meta property=\"og:image:type\" content=\"image\/jpeg\" \/>\n<script type=\"application\/ld+json\" class=\"yoast-schema-graph\">{\"@context\":\"https:\\\/\\\/schema.org\",\"@graph\":[{\"@type\":\"WebPage\",\"@id\":\"https:\\\/\\\/mwc-cmm.org\\\/en\\\/prayer\\\/pn-january-25-mexico\\\/\",\"url\":\"https:\\\/\\\/mwc-cmm.org\\\/en\\\/prayer\\\/pn-january-25-mexico\\\/\",\"name\":\"PN-January-25-Mexico - Mennonite World Conference\",\"isPartOf\":{\"@id\":\"https:\\\/\\\/mwc-cmm.org\\\/en\\\/#website\"},\"primaryImageOfPage\":{\"@id\":\"https:\\\/\\\/mwc-cmm.org\\\/en\\\/prayer\\\/pn-january-25-mexico\\\/#primaryimage\"},\"image\":{\"@id\":\"https:\\\/\\\/mwc-cmm.org\\\/en\\\/prayer\\\/pn-january-25-mexico\\\/#primaryimage\"},\"thumbnailUrl\":\"https:\\\/\\\/mwc-cmm.org\\\/wp-content\\\/uploads\\\/2025\\\/03\\\/20190406EbenezerMondezDSC00802-scaled.jpg\",\"datePublished\":\"2025-03-18T13:30:04+00:00\",\"dateModified\":\"2025-03-18T13:31:28+00:00\",\"breadcrumb\":{\"@id\":\"https:\\\/\\\/mwc-cmm.org\\\/en\\\/prayer\\\/pn-january-25-mexico\\\/#breadcrumb\"},\"inLanguage\":\"fr-FR\",\"potentialAction\":[{\"@type\":\"ReadAction\",\"target\":[\"https:\\\/\\\/mwc-cmm.org\\\/en\\\/prayer\\\/pn-january-25-mexico\\\/\"]}]},{\"@type\":\"ImageObject\",\"inLanguage\":\"fr-FR\",\"@id\":\"https:\\\/\\\/mwc-cmm.org\\\/en\\\/prayer\\\/pn-january-25-mexico\\\/#primaryimage\",\"url\":\"https:\\\/\\\/mwc-cmm.org\\\/wp-content\\\/uploads\\\/2025\\\/03\\\/20190406EbenezerMondezDSC00802-scaled.jpg\",\"contentUrl\":\"https:\\\/\\\/mwc-cmm.org\\\/wp-content\\\/uploads\\\/2025\\\/03\\\/20190406EbenezerMondezDSC00802-scaled.jpg\",\"width\":2560,\"height\":1440,\"caption\":\"prayer group\"},{\"@type\":\"BreadcrumbList\",\"@id\":\"https:\\\/\\\/mwc-cmm.org\\\/en\\\/prayer\\\/pn-january-25-mexico\\\/#breadcrumb\",\"itemListElement\":[{\"@type\":\"ListItem\",\"position\":1,\"name\":\"Home\",\"item\":\"https:\\\/\\\/mwc-cmm.org\\\/fr\\\/\"},{\"@type\":\"ListItem\",\"position\":2,\"name\":\"Prayers\",\"item\":\"https:\\\/\\\/mwc-cmm.org\\\/en\\\/prayer\\\/\"},{\"@type\":\"ListItem\",\"position\":3,\"name\":\"PN-January-25-Mexico\"}]},{\"@type\":\"WebSite\",\"@id\":\"https:\\\/\\\/mwc-cmm.org\\\/en\\\/#website\",\"url\":\"https:\\\/\\\/mwc-cmm.org\\\/en\\\/\",\"name\":\"Mennonite World Conference\",\"description\":\"A communion of Anabaptist-related churches\",\"publisher\":{\"@id\":\"https:\\\/\\\/mwc-cmm.org\\\/en\\\/#organization\"},\"alternateName\":\"MWC\",\"potentialAction\":[{\"@type\":\"SearchAction\",\"target\":{\"@type\":\"EntryPoint\",\"urlTemplate\":\"https:\\\/\\\/mwc-cmm.org\\\/en\\\/?s={search_term_string}\"},\"query-input\":{\"@type\":\"PropertyValueSpecification\",\"valueRequired\":true,\"valueName\":\"search_term_string\"}}],\"inLanguage\":\"fr-FR\"},{\"@type\":\"Organization\",\"@id\":\"https:\\\/\\\/mwc-cmm.org\\\/en\\\/#organization\",\"name\":\"Mennonite World Conference\",\"alternateName\":\"MWC\",\"url\":\"https:\\\/\\\/mwc-cmm.org\\\/en\\\/\",\"logo\":{\"@type\":\"ImageObject\",\"inLanguage\":\"fr-FR\",\"@id\":\"https:\\\/\\\/mwc-cmm.org\\\/en\\\/#\\\/schema\\\/logo\\\/image\\\/\",\"url\":\"https:\\\/\\\/mwc-cmm.org\\\/wp-content\\\/uploads\\\/2026\\\/01\\\/MWC_Sig_Blue_Horiz_webheader1-logo.svg\",\"contentUrl\":\"https:\\\/\\\/mwc-cmm.org\\\/wp-content\\\/uploads\\\/2026\\\/01\\\/MWC_Sig_Blue_Horiz_webheader1-logo.svg\",\"width\":786,\"height\":82,\"caption\":\"Mennonite World Conference\"},\"image\":{\"@id\":\"https:\\\/\\\/mwc-cmm.org\\\/en\\\/#\\\/schema\\\/logo\\\/image\\\/\"},\"sameAs\":[\"https:\\\/\\\/www.facebook.com\\\/MennoniteWorldConference\",\"https:\\\/\\\/www.linkedin.com\\\/company\\\/mennonite-world-conference-mwc\\\/\",\"https:\\\/\\\/www.instagram.com\\\/mwcmm\\\/\",\"https:\\\/\\\/www.youtube.com\\\/user\\\/mwccmm\",\"https:\\\/\\\/bsky.app\\\/profile\\\/mwcmm.bsky.social\"]}]}<\/script>\n<!-- \/ Yoast SEO plugin. -->","yoast_head_json":{"title":"PN-January-25-Mexico - Mennonite World Conference","robots":{"index":"index","follow":"follow","max-snippet":"max-snippet:-1","max-image-preview":"max-image-preview:large","max-video-preview":"max-video-preview:-1"},"canonical":"https:\/\/mwc-cmm.org\/en\/prayer\/pn-january-25-mexico\/","og_locale":"fr_FR","og_type":"article","og_title":"PN-January-25-Mexico - Mennonite World Conference","og_description":"Prions pour la migration des personnes \u00e0 la recherche d\u2019une vie meilleure dans d\u2019autres pays. Prions pour les familles qui recherchent leurs proches disparus \u00e0 cause du crime organis\u00e9 et de la traite des \u00eatres humains.&#13; \u2014Rebeca Gonz\u00e1lez Torres, Conferencia de Iglesias Evang\u00e9licas Anabautistas Menonitas de M\u00e9xico, M\u00e9xico&#13; Photo : Ebenzer Mondez","og_url":"https:\/\/mwc-cmm.org\/en\/prayer\/pn-january-25-mexico\/","og_site_name":"Mennonite World Conference","article_publisher":"https:\/\/www.facebook.com\/MennoniteWorldConference","article_modified_time":"2025-03-18T13:31:28+00:00","og_image":[{"width":2560,"height":1440,"url":"https:\/\/mwc-cmm.org\/wp-content\/uploads\/2025\/03\/20190406EbenezerMondezDSC00802-scaled.jpg","type":"image\/jpeg"}],"schema":{"@context":"https:\/\/schema.org","@graph":[{"@type":"WebPage","@id":"https:\/\/mwc-cmm.org\/en\/prayer\/pn-january-25-mexico\/","url":"https:\/\/mwc-cmm.org\/en\/prayer\/pn-january-25-mexico\/","name":"PN-January-25-Mexico - Mennonite World Conference","isPartOf":{"@id":"https:\/\/mwc-cmm.org\/en\/#website"},"primaryImageOfPage":{"@id":"https:\/\/mwc-cmm.org\/en\/prayer\/pn-january-25-mexico\/#primaryimage"},"image":{"@id":"https:\/\/mwc-cmm.org\/en\/prayer\/pn-january-25-mexico\/#primaryimage"},"thumbnailUrl":"https:\/\/mwc-cmm.org\/wp-content\/uploads\/2025\/03\/20190406EbenezerMondezDSC00802-scaled.jpg","datePublished":"2025-03-18T13:30:04+00:00","dateModified":"2025-03-18T13:31:28+00:00","breadcrumb":{"@id":"https:\/\/mwc-cmm.org\/en\/prayer\/pn-january-25-mexico\/#breadcrumb"},"inLanguage":"fr-FR","potentialAction":[{"@type":"ReadAction","target":["https:\/\/mwc-cmm.org\/en\/prayer\/pn-january-25-mexico\/"]}]},{"@type":"ImageObject","inLanguage":"fr-FR","@id":"https:\/\/mwc-cmm.org\/en\/prayer\/pn-january-25-mexico\/#primaryimage","url":"https:\/\/mwc-cmm.org\/wp-content\/uploads\/2025\/03\/20190406EbenezerMondezDSC00802-scaled.jpg","contentUrl":"https:\/\/mwc-cmm.org\/wp-content\/uploads\/2025\/03\/20190406EbenezerMondezDSC00802-scaled.jpg","width":2560,"height":1440,"caption":"prayer group"},{"@type":"BreadcrumbList","@id":"https:\/\/mwc-cmm.org\/en\/prayer\/pn-january-25-mexico\/#breadcrumb","itemListElement":[{"@type":"ListItem","position":1,"name":"Home","item":"https:\/\/mwc-cmm.org\/fr\/"},{"@type":"ListItem","position":2,"name":"Prayers","item":"https:\/\/mwc-cmm.org\/en\/prayer\/"},{"@type":"ListItem","position":3,"name":"PN-January-25-Mexico"}]},{"@type":"WebSite","@id":"https:\/\/mwc-cmm.org\/en\/#website","url":"https:\/\/mwc-cmm.org\/en\/","name":"Mennonite World Conference","description":"A communion of Anabaptist-related churches","publisher":{"@id":"https:\/\/mwc-cmm.org\/en\/#organization"},"alternateName":"MWC","potentialAction":[{"@type":"SearchAction","target":{"@type":"EntryPoint","urlTemplate":"https:\/\/mwc-cmm.org\/en\/?s={search_term_string}"},"query-input":{"@type":"PropertyValueSpecification","valueRequired":true,"valueName":"search_term_string"}}],"inLanguage":"fr-FR"},{"@type":"Organization","@id":"https:\/\/mwc-cmm.org\/en\/#organization","name":"Mennonite World Conference","alternateName":"MWC","url":"https:\/\/mwc-cmm.org\/en\/","logo":{"@type":"ImageObject","inLanguage":"fr-FR","@id":"https:\/\/mwc-cmm.org\/en\/#\/schema\/logo\/image\/","url":"https:\/\/mwc-cmm.org\/wp-content\/uploads\/2026\/01\/MWC_Sig_Blue_Horiz_webheader1-logo.svg","contentUrl":"https:\/\/mwc-cmm.org\/wp-content\/uploads\/2026\/01\/MWC_Sig_Blue_Horiz_webheader1-logo.svg","width":786,"height":82,"caption":"Mennonite World Conference"},"image":{"@id":"https:\/\/mwc-cmm.org\/en\/#\/schema\/logo\/image\/"},"sameAs":["https:\/\/www.facebook.com\/MennoniteWorldConference","https:\/\/www.linkedin.com\/company\/mennonite-world-conference-mwc\/","https:\/\/www.instagram.com\/mwcmm\/","https:\/\/www.youtube.com\/user\/mwccmm","https:\/\/bsky.app\/profile\/mwcmm.bsky.social"]}]}},"_links":{"self":[{"href":"https:\/\/mwc-cmm.org\/fr\/wp-json\/wp\/v2\/prayers\/111303","targetHints":{"allow":["GET"]}}],"collection":[{"href":"https:\/\/mwc-cmm.org\/fr\/wp-json\/wp\/v2\/prayers"}],"about":[{"href":"https:\/\/mwc-cmm.org\/fr\/wp-json\/wp\/v2\/types\/prayers"}],"wp:featuredmedia":[{"embeddable":true,"href":"https:\/\/mwc-cmm.org\/fr\/wp-json\/wp\/v2\/media\/111291"}],"wp:attachment":[{"href":"https:\/\/mwc-cmm.org\/fr\/wp-json\/wp\/v2\/media?parent=111303"}],"curies":[{"name":"wp","href":"https:\/\/api.w.org\/{rel}","templated":true}]}}

<p>Prions pour la migration des personnes à la recherche d’une vie meilleure dans d’autres pays. Prions pour les familles qui recherchent leurs proches disparus à cause du crime organisé et de la traite des êtres humains.&#13;
<em>—Rebeca González Torres, Conferencia de Iglesias Evangélicas Anabautistas Menonitas de México, México&#13;
</em><sup>Photo : Ebenzer Mondez</sup></p>

<p>Prions pour la migration des personnes à la recherche d’une vie meilleure dans d’autres pays. Prions pour les familles qui recherchent leurs proches disparus à cause du crime organisé et de la traite des êtres humains.&#13; —Rebeca González Torres, Conferencia de Iglesias Evangélicas Anabautistas Menonitas de México, México&#13; Photo : Ebenzer Mondez</p>

<!-- This site is optimized with the Yoast SEO plugin v27.5 - https://yoast.com/product/yoast-seo-wordpress/ -->
<title>PN-January-25-Mexico - Mennonite World Conference</title>
<meta name="robots" content="index, follow, max-snippet:-1, max-image-preview:large, max-video-preview:-1" />
<link rel="canonical" href="https://mwc-cmm.org/en/prayer/pn-january-25-mexico/" />
<meta property="og:locale" content="fr_FR" />
<meta property="og:type" content="article" />
<meta property="og:title" content="PN-January-25-Mexico - Mennonite World Conference" />
<meta property="og:description" content="Prions pour la migration des personnes à la recherche d’une vie meilleure dans d’autres pays. Prions pour les familles qui recherchent leurs proches disparus à cause du crime organisé et de la traite des êtres humains.&#013; —Rebeca González Torres, Conferencia de Iglesias Evangélicas Anabautistas Menonitas de México, México&#013; Photo : Ebenzer Mondez" />
<meta property="og:url" content="https://mwc-cmm.org/en/prayer/pn-january-25-mexico/" />
<meta property="og:site_name" content="Mennonite World Conference" />
<meta property="article:publisher" content="https://www.facebook.com/MennoniteWorldConference" />
<meta property="article:modified_time" content="2025-03-18T13:31:28+00:00" />
<meta property="og:image" content="https://mwc-cmm.org/wp-content/uploads/2025/03/20190406EbenezerMondezDSC00802-scaled.jpg" />
	<meta property="og:image:width" content="2560" />
	<meta property="og:image:height" content="1440" />
	<meta property="og:image:type" content="image/jpeg" />
<script type="application/ld+json" class="yoast-schema-graph">{"@context":"https:\/\/schema.org","@graph":[{"@type":"WebPage","@id":"https:\/\/mwc-cmm.org\/en\/prayer\/pn-january-25-mexico\/","url":"https:\/\/mwc-cmm.org\/en\/prayer\/pn-january-25-mexico\/","name":"PN-January-25-Mexico - Mennonite World Conference","isPartOf":{"@id":"https:\/\/mwc-cmm.org\/en\/#website"},"primaryImageOfPage":{"@id":"https:\/\/mwc-cmm.org\/en\/prayer\/pn-january-25-mexico\/#primaryimage"},"image":{"@id":"https:\/\/mwc-cmm.org\/en\/prayer\/pn-january-25-mexico\/#primaryimage"},"thumbnailUrl":"https:\/\/mwc-cmm.org\/wp-content\/uploads\/2025\/03\/20190406EbenezerMondezDSC00802-scaled.jpg","datePublished":"2025-03-18T13:30:04+00:00","dateModified":"2025-03-18T13:31:28+00:00","breadcrumb":{"@id":"https:\/\/mwc-cmm.org\/en\/prayer\/pn-january-25-mexico\/#breadcrumb"},"inLanguage":"fr-FR","potentialAction":[{"@type":"ReadAction","target":["https:\/\/mwc-cmm.org\/en\/prayer\/pn-january-25-mexico\/"]}]},{"@type":"ImageObject","inLanguage":"fr-FR","@id":"https:\/\/mwc-cmm.org\/en\/prayer\/pn-january-25-mexico\/#primaryimage","url":"https:\/\/mwc-cmm.org\/wp-content\/uploads\/2025\/03\/20190406EbenezerMondezDSC00802-scaled.jpg","contentUrl":"https:\/\/mwc-cmm.org\/wp-content\/uploads\/2025\/03\/20190406EbenezerMondezDSC00802-scaled.jpg","width":2560,"height":1440,"caption":"prayer group"},{"@type":"BreadcrumbList","@id":"https:\/\/mwc-cmm.org\/en\/prayer\/pn-january-25-mexico\/#breadcrumb","itemListElement":[{"@type":"ListItem","position":1,"name":"Home","item":"https:\/\/mwc-cmm.org\/fr\/"},{"@type":"ListItem","position":2,"name":"Prayers","item":"https:\/\/mwc-cmm.org\/en\/prayer\/"},{"@type":"ListItem","position":3,"name":"PN-January-25-Mexico"}]},{"@type":"WebSite","@id":"https:\/\/mwc-cmm.org\/en\/#website","url":"https:\/\/mwc-cmm.org\/en\/","name":"Mennonite World Conference","description":"A communion of Anabaptist-related churches","publisher":{"@id":"https:\/\/mwc-cmm.org\/en\/#organization"},"alternateName":"MWC","potentialAction":[{"@type":"SearchAction","target":{"@type":"EntryPoint","urlTemplate":"https:\/\/mwc-cmm.org\/en\/?s={search_term_string}"},"query-input":{"@type":"PropertyValueSpecification","valueRequired":true,"valueName":"search_term_string"}}],"inLanguage":"fr-FR"},{"@type":"Organization","@id":"https:\/\/mwc-cmm.org\/en\/#organization","name":"Mennonite World Conference","alternateName":"MWC","url":"https:\/\/mwc-cmm.org\/en\/","logo":{"@type":"ImageObject","inLanguage":"fr-FR","@id":"https:\/\/mwc-cmm.org\/en\/#\/schema\/logo\/image\/","url":"https:\/\/mwc-cmm.org\/wp-content\/uploads\/2026\/01\/MWC_Sig_Blue_Horiz_webheader1-logo.svg","contentUrl":"https:\/\/mwc-cmm.org\/wp-content\/uploads\/2026\/01\/MWC_Sig_Blue_Horiz_webheader1-logo.svg","width":786,"height":82,"caption":"Mennonite World Conference"},"image":{"@id":"https:\/\/mwc-cmm.org\/en\/#\/schema\/logo\/image\/"},"sameAs":["https:\/\/www.facebook.com\/MennoniteWorldConference","https:\/\/www.linkedin.com\/company\/mennonite-world-conference-mwc\/","https:\/\/www.instagram.com\/mwcmm\/","https:\/\/www.youtube.com\/user\/mwccmm","https:\/\/bsky.app\/profile\/mwcmm.bsky.social"]}]}</script>
<!-- / Yoast SEO plugin. -->

Prions pour la migration des personnes à la recherche d’une vie meilleure dans d’autres pays. Prions pour les familles qui recherchent leurs proches disparus à cause du crime organisé et de la traite des êtres humains.&#13; —Rebeca González Torres, Conferencia de Iglesias Evangélicas Anabautistas Menonitas de México, México&#13; Photo : Ebenzer Mondez
