{"id":113304,"date":"2025-05-05T15:28:06","date_gmt":"2025-05-05T15:28:06","guid":{"rendered":"https:\/\/mwc-cmm.org\/parlez-en\/"},"modified":"2025-05-18T15:27:37","modified_gmt":"2025-05-18T15:27:37","slug":"parlez-en","status":"publish","type":"page","link":"https:\/\/mwc-cmm.org\/fr\/parlez-en\/","title":{"rendered":"Parlez-en !"},"content":{"rendered":"\n<p>\u00ab Merci pour l\u2019envoi ! \u00bb<\/p>\n\n<p>\u00ab Les nouvelles de Courrier renforcent notre foi et nos connaissances. \u00bb<\/p>\n\n<p>Ce sont quelques r\u00e9ponses re\u00e7ues apr\u00e8s que Courrier vous ait apport\u00e9 des t\u00e9moignages, des articles de fond et des nouvelles de la famille mondiale anabaptiste-mennonite \u00e0 travers le monde.<\/p>\n\n<p>Comment les t\u00e9moignages que vous avez lus dans Courrier vous touchent-ils ? Les avez-vous communiqu\u00e9s avec votre communaut\u00e9 ?<\/p>\n\n<p>Dites-nous ce que vous avez appris \u2013 et ce sur quoi vous voudriez en savoir davantage !<\/p>\n\n<p>Vos commentaires sont les bienvenus\u2026<\/p>\n\n<p>By email<\/p>\n\n<div class=\"wp-block-buttons is-layout-flex wp-block-buttons-is-layout-flex\">\n<div class=\"wp-block-button\"><a class=\"wp-block-button__link wp-element-button\" href=\"mailto:info@mwc-cmm.org\">info@mwc-cmm.org<\/a><\/div>\n<\/div>\n\n<p>On social media<\/p>\n\n<p>Or comment below!<\/p>\n","protected":false},"excerpt":{"rendered":"<p>\u00ab Merci pour l\u2019envoi ! \u00bb \u00ab Les nouvelles de Courrier renforcent notre foi et nos connaissances. \u00bb Ce sont quelques r\u00e9ponses re\u00e7ues apr\u00e8s que Courrier vous ait apport\u00e9 des t\u00e9moignages, des articles de fond et des nouvelles de la famille mondiale anabaptiste-mennonite \u00e0 travers le monde. Comment les t\u00e9moignages que vous avez lus dans [&hellip;]<\/p>\n","protected":false},"author":6,"featured_media":0,"parent":0,"menu_order":0,"comment_status":"open","ping_status":"closed","template":"","meta":{"_acf_changed":false,"footnotes":""},"class_list":["post-113304","page","type-page","status-publish","hentry"],"acf":[],"yoast_head":"<!-- This site is optimized with the Yoast SEO plugin v27.5 - https:\/\/yoast.com\/product\/yoast-seo-wordpress\/ -->\n<title>Parlez-en ! - Mennonite World Conference<\/title>\n<meta name=\"description\" content=\"Share with us how the stories and teaching in Courier magazine have impacted you.\" \/>\n<meta name=\"robots\" content=\"index, follow, max-snippet:-1, max-image-preview:large, max-video-preview:-1\" \/>\n<link rel=\"canonical\" href=\"https:\/\/mwc-cmm.org\/fr\/parlez-en\/\" \/>\n<meta property=\"og:locale\" content=\"fr_FR\" \/>\n<meta property=\"og:type\" content=\"article\" \/>\n<meta property=\"og:title\" content=\"Parlez-en ! - Mennonite World Conference\" \/>\n<meta property=\"og:description\" content=\"Share with us how the stories and teaching in Courier magazine have impacted you.\" \/>\n<meta property=\"og:url\" content=\"https:\/\/mwc-cmm.org\/fr\/parlez-en\/\" \/>\n<meta property=\"og:site_name\" content=\"Mennonite World Conference\" \/>\n<meta property=\"article:publisher\" content=\"https:\/\/www.facebook.com\/MennoniteWorldConference\" \/>\n<meta property=\"article:modified_time\" content=\"2025-05-18T15:27:37+00:00\" \/>\n<script type=\"application\/ld+json\" class=\"yoast-schema-graph\">{\"@context\":\"https:\\\/\\\/schema.org\",\"@graph\":[{\"@type\":\"WebPage\",\"@id\":\"https:\\\/\\\/mwc-cmm.org\\\/fr\\\/parlez-en\\\/\",\"url\":\"https:\\\/\\\/mwc-cmm.org\\\/fr\\\/parlez-en\\\/\",\"name\":\"Parlez-en ! - Mennonite World Conference\",\"isPartOf\":{\"@id\":\"https:\\\/\\\/mwc-cmm.org\\\/en\\\/#website\"},\"datePublished\":\"2025-05-05T15:28:06+00:00\",\"dateModified\":\"2025-05-18T15:27:37+00:00\",\"description\":\"Share with us how the stories and teaching in Courier magazine have impacted you.\",\"breadcrumb\":{\"@id\":\"https:\\\/\\\/mwc-cmm.org\\\/fr\\\/parlez-en\\\/#breadcrumb\"},\"inLanguage\":\"fr-FR\",\"potentialAction\":[{\"@type\":\"ReadAction\",\"target\":[\"https:\\\/\\\/mwc-cmm.org\\\/fr\\\/parlez-en\\\/\"]}]},{\"@type\":\"BreadcrumbList\",\"@id\":\"https:\\\/\\\/mwc-cmm.org\\\/fr\\\/parlez-en\\\/#breadcrumb\",\"itemListElement\":[{\"@type\":\"ListItem\",\"position\":1,\"name\":\"Home\",\"item\":\"https:\\\/\\\/mwc-cmm.org\\\/fr\\\/\"},{\"@type\":\"ListItem\",\"position\":2,\"name\":\"Parlez-en !\"}]},{\"@type\":\"WebSite\",\"@id\":\"https:\\\/\\\/mwc-cmm.org\\\/en\\\/#website\",\"url\":\"https:\\\/\\\/mwc-cmm.org\\\/en\\\/\",\"name\":\"Mennonite World Conference\",\"description\":\"A communion of Anabaptist-related churches\",\"publisher\":{\"@id\":\"https:\\\/\\\/mwc-cmm.org\\\/en\\\/#organization\"},\"alternateName\":\"MWC\",\"potentialAction\":[{\"@type\":\"SearchAction\",\"target\":{\"@type\":\"EntryPoint\",\"urlTemplate\":\"https:\\\/\\\/mwc-cmm.org\\\/en\\\/?s={search_term_string}\"},\"query-input\":{\"@type\":\"PropertyValueSpecification\",\"valueRequired\":true,\"valueName\":\"search_term_string\"}}],\"inLanguage\":\"fr-FR\"},{\"@type\":\"Organization\",\"@id\":\"https:\\\/\\\/mwc-cmm.org\\\/en\\\/#organization\",\"name\":\"Mennonite World Conference\",\"alternateName\":\"MWC\",\"url\":\"https:\\\/\\\/mwc-cmm.org\\\/en\\\/\",\"logo\":{\"@type\":\"ImageObject\",\"inLanguage\":\"fr-FR\",\"@id\":\"https:\\\/\\\/mwc-cmm.org\\\/en\\\/#\\\/schema\\\/logo\\\/image\\\/\",\"url\":\"https:\\\/\\\/mwc-cmm.org\\\/wp-content\\\/uploads\\\/2026\\\/01\\\/MWC_Sig_Blue_Horiz_webheader1-logo.svg\",\"contentUrl\":\"https:\\\/\\\/mwc-cmm.org\\\/wp-content\\\/uploads\\\/2026\\\/01\\\/MWC_Sig_Blue_Horiz_webheader1-logo.svg\",\"width\":786,\"height\":82,\"caption\":\"Mennonite World Conference\"},\"image\":{\"@id\":\"https:\\\/\\\/mwc-cmm.org\\\/en\\\/#\\\/schema\\\/logo\\\/image\\\/\"},\"sameAs\":[\"https:\\\/\\\/www.facebook.com\\\/MennoniteWorldConference\",\"https:\\\/\\\/www.linkedin.com\\\/company\\\/mennonite-world-conference-mwc\\\/\",\"https:\\\/\\\/www.instagram.com\\\/mwcmm\\\/\",\"https:\\\/\\\/www.youtube.com\\\/user\\\/mwccmm\",\"https:\\\/\\\/bsky.app\\\/profile\\\/mwcmm.bsky.social\"]}]}<\/script>\n<!-- \/ Yoast SEO plugin. -->","yoast_head_json":{"title":"Parlez-en ! - Mennonite World Conference","description":"Share with us how the stories and teaching in Courier magazine have impacted you.","robots":{"index":"index","follow":"follow","max-snippet":"max-snippet:-1","max-image-preview":"max-image-preview:large","max-video-preview":"max-video-preview:-1"},"canonical":"https:\/\/mwc-cmm.org\/fr\/parlez-en\/","og_locale":"fr_FR","og_type":"article","og_title":"Parlez-en ! - Mennonite World Conference","og_description":"Share with us how the stories and teaching in Courier magazine have impacted you.","og_url":"https:\/\/mwc-cmm.org\/fr\/parlez-en\/","og_site_name":"Mennonite World Conference","article_publisher":"https:\/\/www.facebook.com\/MennoniteWorldConference","article_modified_time":"2025-05-18T15:27:37+00:00","schema":{"@context":"https:\/\/schema.org","@graph":[{"@type":"WebPage","@id":"https:\/\/mwc-cmm.org\/fr\/parlez-en\/","url":"https:\/\/mwc-cmm.org\/fr\/parlez-en\/","name":"Parlez-en ! - Mennonite World Conference","isPartOf":{"@id":"https:\/\/mwc-cmm.org\/en\/#website"},"datePublished":"2025-05-05T15:28:06+00:00","dateModified":"2025-05-18T15:27:37+00:00","description":"Share with us how the stories and teaching in Courier magazine have impacted you.","breadcrumb":{"@id":"https:\/\/mwc-cmm.org\/fr\/parlez-en\/#breadcrumb"},"inLanguage":"fr-FR","potentialAction":[{"@type":"ReadAction","target":["https:\/\/mwc-cmm.org\/fr\/parlez-en\/"]}]},{"@type":"BreadcrumbList","@id":"https:\/\/mwc-cmm.org\/fr\/parlez-en\/#breadcrumb","itemListElement":[{"@type":"ListItem","position":1,"name":"Home","item":"https:\/\/mwc-cmm.org\/fr\/"},{"@type":"ListItem","position":2,"name":"Parlez-en !"}]},{"@type":"WebSite","@id":"https:\/\/mwc-cmm.org\/en\/#website","url":"https:\/\/mwc-cmm.org\/en\/","name":"Mennonite World Conference","description":"A communion of Anabaptist-related churches","publisher":{"@id":"https:\/\/mwc-cmm.org\/en\/#organization"},"alternateName":"MWC","potentialAction":[{"@type":"SearchAction","target":{"@type":"EntryPoint","urlTemplate":"https:\/\/mwc-cmm.org\/en\/?s={search_term_string}"},"query-input":{"@type":"PropertyValueSpecification","valueRequired":true,"valueName":"search_term_string"}}],"inLanguage":"fr-FR"},{"@type":"Organization","@id":"https:\/\/mwc-cmm.org\/en\/#organization","name":"Mennonite World Conference","alternateName":"MWC","url":"https:\/\/mwc-cmm.org\/en\/","logo":{"@type":"ImageObject","inLanguage":"fr-FR","@id":"https:\/\/mwc-cmm.org\/en\/#\/schema\/logo\/image\/","url":"https:\/\/mwc-cmm.org\/wp-content\/uploads\/2026\/01\/MWC_Sig_Blue_Horiz_webheader1-logo.svg","contentUrl":"https:\/\/mwc-cmm.org\/wp-content\/uploads\/2026\/01\/MWC_Sig_Blue_Horiz_webheader1-logo.svg","width":786,"height":82,"caption":"Mennonite World Conference"},"image":{"@id":"https:\/\/mwc-cmm.org\/en\/#\/schema\/logo\/image\/"},"sameAs":["https:\/\/www.facebook.com\/MennoniteWorldConference","https:\/\/www.linkedin.com\/company\/mennonite-world-conference-mwc\/","https:\/\/www.instagram.com\/mwcmm\/","https:\/\/www.youtube.com\/user\/mwccmm","https:\/\/bsky.app\/profile\/mwcmm.bsky.social"]}]}},"_links":{"self":[{"href":"https:\/\/mwc-cmm.org\/fr\/wp-json\/wp\/v2\/pages\/113304","targetHints":{"allow":["GET"]}}],"collection":[{"href":"https:\/\/mwc-cmm.org\/fr\/wp-json\/wp\/v2\/pages"}],"about":[{"href":"https:\/\/mwc-cmm.org\/fr\/wp-json\/wp\/v2\/types\/page"}],"author":[{"embeddable":true,"href":"https:\/\/mwc-cmm.org\/fr\/wp-json\/wp\/v2\/users\/6"}],"replies":[{"embeddable":true,"href":"https:\/\/mwc-cmm.org\/fr\/wp-json\/wp\/v2\/comments?post=113304"}],"version-history":[{"count":0,"href":"https:\/\/mwc-cmm.org\/fr\/wp-json\/wp\/v2\/pages\/113304\/revisions"}],"wp:attachment":[{"href":"https:\/\/mwc-cmm.org\/fr\/wp-json\/wp\/v2\/media?parent=113304"}],"curies":[{"name":"wp","href":"https:\/\/api.w.org\/{rel}","templated":true}]}}

<p>« Merci pour l’envoi ! »</p>

<p>« Les nouvelles de Courrier renforcent notre foi et nos connaissances. »</p>

<p>Ce sont quelques réponses reçues après que Courrier vous ait apporté des témoignages, des articles de fond et des nouvelles de la famille mondiale anabaptiste-mennonite à travers le monde.</p>

<p>Comment les témoignages que vous avez lus dans Courrier vous touchent-ils ? Les avez-vous communiqués avec votre communauté ?</p>

<p>Dites-nous ce que vous avez appris – et ce sur quoi vous voudriez en savoir davantage !</p>

<p>Vos commentaires sont les bienvenus…</p>

<p>By email</p>

<div class="wp-block-buttons is-layout-flex wp-block-buttons-is-layout-flex">
<div class="wp-block-button"><a class="wp-block-button__link wp-element-button" href="mailto:info@mwc-cmm.org">info@mwc-cmm.org</a></div>
</div>

<p>On social media</p>

<p>Or comment below!</p>

<p>« Merci pour l’envoi ! » « Les nouvelles de Courrier renforcent notre foi et nos connaissances. » Ce sont quelques réponses reçues après que Courrier vous ait apporté des témoignages, des articles de fond et des nouvelles de la famille mondiale anabaptiste-mennonite à travers le monde. Comment les témoignages que vous avez lus dans [&hellip;]</p>
