{"id":113184,"date":"2025-05-07T20:02:45","date_gmt":"2025-05-07T20:02:45","guid":{"rendered":"https:\/\/mwc-cmm.org\/diffusion-en-direct-de-zurich\/"},"modified":"2025-08-20T17:34:57","modified_gmt":"2025-08-20T17:34:57","slug":"diffusion-en-direct-de-zurich","status":"publish","type":"page","link":"https:\/\/mwc-cmm.org\/fr\/diffusion-en-direct-de-zurich\/","title":{"rendered":"Diffusion en direct de Zurich"},"content":{"rendered":"\n<p>L&rsquo;\u00e9v\u00e9nement aura lieu le jeudi 29 mai 2025, \u00e0 15h00 UTC.<\/p>\n\n<figure class=\"wp-block-embed is-type-video is-provider-youtube wp-block-embed-youtube wp-embed-aspect-16-9 wp-has-aspect-ratio\"><div class=\"wp-block-embed__wrapper\">\r\n<iframe title=\"The courage to love: Anabaptism@500\" width=\"500\" height=\"281\" data-src=\"https:\/\/www.youtube.com\/embed\/c_1phq-r1jw?feature=oembed\" frameborder=\"0\" allow=\"accelerometer; autoplay; clipboard-write; encrypted-media; gyroscope; picture-in-picture; web-share\" referrerpolicy=\"strict-origin-when-cross-origin\" allowfullscreen src=\"data:image\/svg+xml;base64,PHN2ZyB3aWR0aD0iMSIgaGVpZ2h0PSIxIiB4bWxucz0iaHR0cDovL3d3dy53My5vcmcvMjAwMC9zdmciPjwvc3ZnPg==\" class=\"lazyload\" data-load-mode=\"1\"><\/iframe>\r\n<\/div><\/figure><br>\n\n<hr class=\"wp-block-separator has-alpha-channel-opacity\"\/>\n\n<p>Cliquez ici pour le programme du culte<\/p>\n\n<div class=\"wp-block-buttons is-layout-flex wp-block-buttons-is-layout-flex\">\n<div class=\"wp-block-button\"><a class=\"wp-block-button__link wp-element-button\" href=\"https:\/\/mwc-cmm.org\/wp-content\/uploads\/2025\/05\/Zurich2025-programbook-ENG.pdf\">Programme du culte<\/a><\/div>\n<\/div>\n\n<p>Cliquez ici pour voir le guide de la promenade historique.<\/p>\n\n<div class=\"wp-block-buttons is-layout-flex wp-block-buttons-is-layout-flex\">\n<div class=\"wp-block-button\"><a class=\"wp-block-button__link wp-element-button\" href=\"https:\/\/mwc-cmm.org\/en\/resources\/anabaptism500-historical-walking-tour\/\">Guide<\/a><\/div>\n<\/div>\n\n<p>Trouvez toutes les informations sur le site Web de l\u2019\u00e9v\u00e9nement<\/p>\n\n<div class=\"wp-block-buttons is-layout-flex wp-block-buttons-is-layout-flex\">\n<div class=\"wp-block-button\"><a class=\"wp-block-button__link wp-element-button\" href=\"https:\/\/www.anabaptism500.ch\/\">Le courage d\u2032aimer \u2013 Anabaptisme : 500 ans <\/a><\/div>\n<\/div>\n\n<hr class=\"wp-block-separator has-alpha-channel-opacity\"\/>\n\n<div class=\"wp-block-query is-layout-flow wp-block-query-is-layout-flow\">\n\n<\/div>\n","protected":false},"excerpt":{"rendered":"<p>L&rsquo;\u00e9v\u00e9nement aura lieu le jeudi 29 mai 2025, \u00e0 15h00 UTC. Cliquez ici pour le programme du culte Cliquez ici pour voir le guide de la promenade historique. Trouvez toutes les informations sur le site Web de l\u2019\u00e9v\u00e9nement<\/p>\n","protected":false},"author":6,"featured_media":113678,"parent":0,"menu_order":0,"comment_status":"closed","ping_status":"closed","template":"","meta":{"_acf_changed":false,"footnotes":""},"class_list":["post-113184","page","type-page","status-publish","has-post-thumbnail","hentry"],"acf":[],"yoast_head":"<!-- This site is optimized with the Yoast SEO plugin v27.2 - https:\/\/yoast.com\/product\/yoast-seo-wordpress\/ -->\n<title>Diffusion en direct de Zurich - Mennonite World Conference<\/title>\n<meta name=\"description\" content=\"Revenez ici pour trouver le lien vers la diffusion en direct au moins quatre heures avant le d\u00e9but de l\u2019\u00e9v\u00e9nement.\" \/>\n<meta name=\"robots\" content=\"index, follow, max-snippet:-1, max-image-preview:large, max-video-preview:-1\" \/>\n<link rel=\"canonical\" href=\"https:\/\/mwc-cmm.org\/en\/zurich-livestream\/\" \/>\n<meta property=\"og:locale\" content=\"fr_FR\" \/>\n<meta property=\"og:type\" content=\"article\" \/>\n<meta property=\"og:title\" content=\"Diffusion en direct de Zurich - Mennonite World Conference\" \/>\n<meta property=\"og:description\" content=\"Revenez ici pour trouver le lien vers la diffusion en direct au moins quatre heures avant le d\u00e9but de l\u2019\u00e9v\u00e9nement.\" \/>\n<meta property=\"og:url\" content=\"https:\/\/mwc-cmm.org\/en\/zurich-livestream\/\" \/>\n<meta property=\"og:site_name\" content=\"Mennonite World Conference\" \/>\n<meta property=\"article:publisher\" content=\"https:\/\/www.facebook.com\/MennoniteWorldConference\" \/>\n<meta property=\"article:modified_time\" content=\"2025-08-20T17:34:57+00:00\" \/>\n<meta property=\"og:image\" content=\"https:\/\/mwc-cmm.org\/wp-content\/uploads\/2025\/05\/54555692158_e38e775851_c.jpg\" \/>\n\t<meta property=\"og:image:width\" content=\"800\" \/>\n\t<meta property=\"og:image:height\" content=\"600\" \/>\n\t<meta property=\"og:image:type\" content=\"image\/jpeg\" \/>\n<script type=\"application\/ld+json\" class=\"yoast-schema-graph\">{\"@context\":\"https:\/\/schema.org\",\"@graph\":[{\"@type\":\"WebPage\",\"@id\":\"https:\/\/mwc-cmm.org\/en\/zurich-livestream\/\",\"url\":\"https:\/\/mwc-cmm.org\/en\/zurich-livestream\/\",\"name\":\"Diffusion en direct de Zurich - Mennonite World Conference\",\"isPartOf\":{\"@id\":\"https:\/\/mwc-cmm.org\/en\/#website\"},\"primaryImageOfPage\":{\"@id\":\"https:\/\/mwc-cmm.org\/en\/zurich-livestream\/#primaryimage\"},\"image\":{\"@id\":\"https:\/\/mwc-cmm.org\/en\/zurich-livestream\/#primaryimage\"},\"thumbnailUrl\":\"https:\/\/mwc-cmm.org\/wp-content\/uploads\/2025\/05\/54555692158_e38e775851_c.jpg\",\"datePublished\":\"2025-05-07T20:02:45+00:00\",\"dateModified\":\"2025-08-20T17:34:57+00:00\",\"description\":\"Revenez ici pour trouver le lien vers la diffusion en direct au moins quatre heures avant le d\u00e9but de l\u2019\u00e9v\u00e9nement.\",\"breadcrumb\":{\"@id\":\"https:\/\/mwc-cmm.org\/en\/zurich-livestream\/#breadcrumb\"},\"inLanguage\":\"fr-FR\",\"potentialAction\":[{\"@type\":\"ReadAction\",\"target\":[\"https:\/\/mwc-cmm.org\/en\/zurich-livestream\/\"]}]},{\"@type\":\"ImageObject\",\"inLanguage\":\"fr-FR\",\"@id\":\"https:\/\/mwc-cmm.org\/en\/zurich-livestream\/#primaryimage\",\"url\":\"https:\/\/mwc-cmm.org\/wp-content\/uploads\/2025\/05\/54555692158_e38e775851_c.jpg\",\"contentUrl\":\"https:\/\/mwc-cmm.org\/wp-content\/uploads\/2025\/05\/54555692158_e38e775851_c.jpg\",\"width\":800,\"height\":600,\"caption\":\"a woman behind a pulpit flanked by men in religious garb in a historic minster.\"},{\"@type\":\"BreadcrumbList\",\"@id\":\"https:\/\/mwc-cmm.org\/en\/zurich-livestream\/#breadcrumb\",\"itemListElement\":[{\"@type\":\"ListItem\",\"position\":1,\"name\":\"Home\",\"item\":\"https:\/\/mwc-cmm.org\/fr\/\"},{\"@type\":\"ListItem\",\"position\":2,\"name\":\"Diffusion en direct de Zurich\"}]},{\"@type\":\"WebSite\",\"@id\":\"https:\/\/mwc-cmm.org\/en\/#website\",\"url\":\"https:\/\/mwc-cmm.org\/en\/\",\"name\":\"Mennonite World Conference\",\"description\":\"A communion of Anabaptist-related churches\",\"publisher\":{\"@id\":\"https:\/\/mwc-cmm.org\/en\/#organization\"},\"alternateName\":\"MWC\",\"potentialAction\":[{\"@type\":\"SearchAction\",\"target\":{\"@type\":\"EntryPoint\",\"urlTemplate\":\"https:\/\/mwc-cmm.org\/en\/?s={search_term_string}\"},\"query-input\":{\"@type\":\"PropertyValueSpecification\",\"valueRequired\":true,\"valueName\":\"search_term_string\"}}],\"inLanguage\":\"fr-FR\"},{\"@type\":\"Organization\",\"@id\":\"https:\/\/mwc-cmm.org\/en\/#organization\",\"name\":\"Mennonite World Conference\",\"alternateName\":\"MWC\",\"url\":\"https:\/\/mwc-cmm.org\/en\/\",\"logo\":{\"@type\":\"ImageObject\",\"inLanguage\":\"fr-FR\",\"@id\":\"https:\/\/mwc-cmm.org\/en\/#\/schema\/logo\/image\/\",\"url\":\"https:\/\/mwc-cmm.org\/wp-content\/uploads\/2026\/01\/MWC_Sig_Blue_Horiz_webheader1-logo.svg\",\"contentUrl\":\"https:\/\/mwc-cmm.org\/wp-content\/uploads\/2026\/01\/MWC_Sig_Blue_Horiz_webheader1-logo.svg\",\"width\":786,\"height\":82,\"caption\":\"Mennonite World Conference\"},\"image\":{\"@id\":\"https:\/\/mwc-cmm.org\/en\/#\/schema\/logo\/image\/\"},\"sameAs\":[\"https:\/\/www.facebook.com\/MennoniteWorldConference\",\"https:\/\/www.linkedin.com\/company\/mennonite-world-conference-mwc\/\",\"https:\/\/www.instagram.com\/mwcmm\/\",\"https:\/\/www.youtube.com\/user\/mwccmm\",\"https:\/\/bsky.app\/profile\/mwcmm.bsky.social\"]}]}<\/script>\n<!-- \/ Yoast SEO plugin. -->","yoast_head_json":{"title":"Diffusion en direct de Zurich - Mennonite World Conference","description":"Revenez ici pour trouver le lien vers la diffusion en direct au moins quatre heures avant le d\u00e9but de l\u2019\u00e9v\u00e9nement.","robots":{"index":"index","follow":"follow","max-snippet":"max-snippet:-1","max-image-preview":"max-image-preview:large","max-video-preview":"max-video-preview:-1"},"canonical":"https:\/\/mwc-cmm.org\/en\/zurich-livestream\/","og_locale":"fr_FR","og_type":"article","og_title":"Diffusion en direct de Zurich - Mennonite World Conference","og_description":"Revenez ici pour trouver le lien vers la diffusion en direct au moins quatre heures avant le d\u00e9but de l\u2019\u00e9v\u00e9nement.","og_url":"https:\/\/mwc-cmm.org\/en\/zurich-livestream\/","og_site_name":"Mennonite World Conference","article_publisher":"https:\/\/www.facebook.com\/MennoniteWorldConference","article_modified_time":"2025-08-20T17:34:57+00:00","og_image":[{"width":800,"height":600,"url":"https:\/\/mwc-cmm.org\/wp-content\/uploads\/2025\/05\/54555692158_e38e775851_c.jpg","type":"image\/jpeg"}],"schema":{"@context":"https:\/\/schema.org","@graph":[{"@type":"WebPage","@id":"https:\/\/mwc-cmm.org\/en\/zurich-livestream\/","url":"https:\/\/mwc-cmm.org\/en\/zurich-livestream\/","name":"Diffusion en direct de Zurich - Mennonite World Conference","isPartOf":{"@id":"https:\/\/mwc-cmm.org\/en\/#website"},"primaryImageOfPage":{"@id":"https:\/\/mwc-cmm.org\/en\/zurich-livestream\/#primaryimage"},"image":{"@id":"https:\/\/mwc-cmm.org\/en\/zurich-livestream\/#primaryimage"},"thumbnailUrl":"https:\/\/mwc-cmm.org\/wp-content\/uploads\/2025\/05\/54555692158_e38e775851_c.jpg","datePublished":"2025-05-07T20:02:45+00:00","dateModified":"2025-08-20T17:34:57+00:00","description":"Revenez ici pour trouver le lien vers la diffusion en direct au moins quatre heures avant le d\u00e9but de l\u2019\u00e9v\u00e9nement.","breadcrumb":{"@id":"https:\/\/mwc-cmm.org\/en\/zurich-livestream\/#breadcrumb"},"inLanguage":"fr-FR","potentialAction":[{"@type":"ReadAction","target":["https:\/\/mwc-cmm.org\/en\/zurich-livestream\/"]}]},{"@type":"ImageObject","inLanguage":"fr-FR","@id":"https:\/\/mwc-cmm.org\/en\/zurich-livestream\/#primaryimage","url":"https:\/\/mwc-cmm.org\/wp-content\/uploads\/2025\/05\/54555692158_e38e775851_c.jpg","contentUrl":"https:\/\/mwc-cmm.org\/wp-content\/uploads\/2025\/05\/54555692158_e38e775851_c.jpg","width":800,"height":600,"caption":"a woman behind a pulpit flanked by men in religious garb in a historic minster."},{"@type":"BreadcrumbList","@id":"https:\/\/mwc-cmm.org\/en\/zurich-livestream\/#breadcrumb","itemListElement":[{"@type":"ListItem","position":1,"name":"Home","item":"https:\/\/mwc-cmm.org\/fr\/"},{"@type":"ListItem","position":2,"name":"Diffusion en direct de Zurich"}]},{"@type":"WebSite","@id":"https:\/\/mwc-cmm.org\/en\/#website","url":"https:\/\/mwc-cmm.org\/en\/","name":"Mennonite World Conference","description":"A communion of Anabaptist-related churches","publisher":{"@id":"https:\/\/mwc-cmm.org\/en\/#organization"},"alternateName":"MWC","potentialAction":[{"@type":"SearchAction","target":{"@type":"EntryPoint","urlTemplate":"https:\/\/mwc-cmm.org\/en\/?s={search_term_string}"},"query-input":{"@type":"PropertyValueSpecification","valueRequired":true,"valueName":"search_term_string"}}],"inLanguage":"fr-FR"},{"@type":"Organization","@id":"https:\/\/mwc-cmm.org\/en\/#organization","name":"Mennonite World Conference","alternateName":"MWC","url":"https:\/\/mwc-cmm.org\/en\/","logo":{"@type":"ImageObject","inLanguage":"fr-FR","@id":"https:\/\/mwc-cmm.org\/en\/#\/schema\/logo\/image\/","url":"https:\/\/mwc-cmm.org\/wp-content\/uploads\/2026\/01\/MWC_Sig_Blue_Horiz_webheader1-logo.svg","contentUrl":"https:\/\/mwc-cmm.org\/wp-content\/uploads\/2026\/01\/MWC_Sig_Blue_Horiz_webheader1-logo.svg","width":786,"height":82,"caption":"Mennonite World Conference"},"image":{"@id":"https:\/\/mwc-cmm.org\/en\/#\/schema\/logo\/image\/"},"sameAs":["https:\/\/www.facebook.com\/MennoniteWorldConference","https:\/\/www.linkedin.com\/company\/mennonite-world-conference-mwc\/","https:\/\/www.instagram.com\/mwcmm\/","https:\/\/www.youtube.com\/user\/mwccmm","https:\/\/bsky.app\/profile\/mwcmm.bsky.social"]}]}},"_links":{"self":[{"href":"https:\/\/mwc-cmm.org\/fr\/wp-json\/wp\/v2\/pages\/113184","targetHints":{"allow":["GET"]}}],"collection":[{"href":"https:\/\/mwc-cmm.org\/fr\/wp-json\/wp\/v2\/pages"}],"about":[{"href":"https:\/\/mwc-cmm.org\/fr\/wp-json\/wp\/v2\/types\/page"}],"author":[{"embeddable":true,"href":"https:\/\/mwc-cmm.org\/fr\/wp-json\/wp\/v2\/users\/6"}],"replies":[{"embeddable":true,"href":"https:\/\/mwc-cmm.org\/fr\/wp-json\/wp\/v2\/comments?post=113184"}],"version-history":[{"count":0,"href":"https:\/\/mwc-cmm.org\/fr\/wp-json\/wp\/v2\/pages\/113184\/revisions"}],"wp:featuredmedia":[{"embeddable":true,"href":"https:\/\/mwc-cmm.org\/fr\/wp-json\/wp\/v2\/media\/113678"}],"wp:attachment":[{"href":"https:\/\/mwc-cmm.org\/fr\/wp-json\/wp\/v2\/media?parent=113184"}],"curies":[{"name":"wp","href":"https:\/\/api.w.org\/{rel}","templated":true}]}}

<p>L&rsquo;événement aura lieu le jeudi 29 mai 2025, à 15h00 UTC.</p>

<figure class="wp-block-embed is-type-video is-provider-youtube wp-block-embed-youtube wp-embed-aspect-16-9 wp-has-aspect-ratio"><div class="wp-block-embed__wrapper">
<iframe title="The courage to love: Anabaptism@500" width="500" height="281" data-src="https://www.youtube.com/embed/c_1phq-r1jw?feature=oembed" frameborder="0" allow="accelerometer; autoplay; clipboard-write; encrypted-media; gyroscope; picture-in-picture; web-share" referrerpolicy="strict-origin-when-cross-origin" allowfullscreen src="data:image/svg+xml;base64,PHN2ZyB3aWR0aD0iMSIgaGVpZ2h0PSIxIiB4bWxucz0iaHR0cDovL3d3dy53My5vcmcvMjAwMC9zdmciPjwvc3ZnPg==" class="lazyload" data-load-mode="1"></iframe>
</div></figure><br>

<hr class="wp-block-separator has-alpha-channel-opacity"/>

<p>Cliquez ici pour le programme du culte</p>

<div class="wp-block-buttons is-layout-flex wp-block-buttons-is-layout-flex">
<div class="wp-block-button"><a class="wp-block-button__link wp-element-button" href="https://mwc-cmm.org/wp-content/uploads/2025/05/Zurich2025-programbook-ENG.pdf">Programme du culte</a></div>
</div>

<p>Cliquez ici pour voir le guide de la promenade historique.</p>

<div class="wp-block-buttons is-layout-flex wp-block-buttons-is-layout-flex">
<div class="wp-block-button"><a class="wp-block-button__link wp-element-button" href="https://mwc-cmm.org/en/resources/anabaptism500-historical-walking-tour/">Guide</a></div>
</div>

<p>Trouvez toutes les informations sur le site Web de l’événement</p>

<div class="wp-block-buttons is-layout-flex wp-block-buttons-is-layout-flex">
<div class="wp-block-button"><a class="wp-block-button__link wp-element-button" href="https://www.anabaptism500.ch/">Le courage d′aimer – Anabaptisme : 500 ans </a></div>
</div>

<hr class="wp-block-separator has-alpha-channel-opacity"/>

<div class="wp-block-query is-layout-flow wp-block-query-is-layout-flow">

</div>

<p>L&rsquo;événement aura lieu le jeudi 29 mai 2025, à 15h00 UTC. Cliquez ici pour le programme du culte Cliquez ici pour voir le guide de la promenade historique. Trouvez toutes les informations sur le site Web de l’événement</p>

<!-- This site is optimized with the Yoast SEO plugin v27.2 - https://yoast.com/product/yoast-seo-wordpress/ -->
<title>Diffusion en direct de Zurich - Mennonite World Conference</title>
<meta name="description" content="Revenez ici pour trouver le lien vers la diffusion en direct au moins quatre heures avant le début de l’événement." />
<meta name="robots" content="index, follow, max-snippet:-1, max-image-preview:large, max-video-preview:-1" />
<link rel="canonical" href="https://mwc-cmm.org/en/zurich-livestream/" />
<meta property="og:locale" content="fr_FR" />
<meta property="og:type" content="article" />
<meta property="og:title" content="Diffusion en direct de Zurich - Mennonite World Conference" />
<meta property="og:description" content="Revenez ici pour trouver le lien vers la diffusion en direct au moins quatre heures avant le début de l’événement." />
<meta property="og:url" content="https://mwc-cmm.org/en/zurich-livestream/" />
<meta property="og:site_name" content="Mennonite World Conference" />
<meta property="article:publisher" content="https://www.facebook.com/MennoniteWorldConference" />
<meta property="article:modified_time" content="2025-08-20T17:34:57+00:00" />
<meta property="og:image" content="https://mwc-cmm.org/wp-content/uploads/2025/05/54555692158_e38e775851_c.jpg" />
	<meta property="og:image:width" content="800" />
	<meta property="og:image:height" content="600" />
	<meta property="og:image:type" content="image/jpeg" />
<script type="application/ld+json" class="yoast-schema-graph">{"@context":"https://schema.org","@graph":[{"@type":"WebPage","@id":"https://mwc-cmm.org/en/zurich-livestream/","url":"https://mwc-cmm.org/en/zurich-livestream/","name":"Diffusion en direct de Zurich - Mennonite World Conference","isPartOf":{"@id":"https://mwc-cmm.org/en/#website"},"primaryImageOfPage":{"@id":"https://mwc-cmm.org/en/zurich-livestream/#primaryimage"},"image":{"@id":"https://mwc-cmm.org/en/zurich-livestream/#primaryimage"},"thumbnailUrl":"https://mwc-cmm.org/wp-content/uploads/2025/05/54555692158_e38e775851_c.jpg","datePublished":"2025-05-07T20:02:45+00:00","dateModified":"2025-08-20T17:34:57+00:00","description":"Revenez ici pour trouver le lien vers la diffusion en direct au moins quatre heures avant le début de l’événement.","breadcrumb":{"@id":"https://mwc-cmm.org/en/zurich-livestream/#breadcrumb"},"inLanguage":"fr-FR","potentialAction":[{"@type":"ReadAction","target":["https://mwc-cmm.org/en/zurich-livestream/"]}]},{"@type":"ImageObject","inLanguage":"fr-FR","@id":"https://mwc-cmm.org/en/zurich-livestream/#primaryimage","url":"https://mwc-cmm.org/wp-content/uploads/2025/05/54555692158_e38e775851_c.jpg","contentUrl":"https://mwc-cmm.org/wp-content/uploads/2025/05/54555692158_e38e775851_c.jpg","width":800,"height":600,"caption":"a woman behind a pulpit flanked by men in religious garb in a historic minster."},{"@type":"BreadcrumbList","@id":"https://mwc-cmm.org/en/zurich-livestream/#breadcrumb","itemListElement":[{"@type":"ListItem","position":1,"name":"Home","item":"https://mwc-cmm.org/fr/"},{"@type":"ListItem","position":2,"name":"Diffusion en direct de Zurich"}]},{"@type":"WebSite","@id":"https://mwc-cmm.org/en/#website","url":"https://mwc-cmm.org/en/","name":"Mennonite World Conference","description":"A communion of Anabaptist-related churches","publisher":{"@id":"https://mwc-cmm.org/en/#organization"},"alternateName":"MWC","potentialAction":[{"@type":"SearchAction","target":{"@type":"EntryPoint","urlTemplate":"https://mwc-cmm.org/en/?s={search_term_string}"},"query-input":{"@type":"PropertyValueSpecification","valueRequired":true,"valueName":"search_term_string"}}],"inLanguage":"fr-FR"},{"@type":"Organization","@id":"https://mwc-cmm.org/en/#organization","name":"Mennonite World Conference","alternateName":"MWC","url":"https://mwc-cmm.org/en/","logo":{"@type":"ImageObject","inLanguage":"fr-FR","@id":"https://mwc-cmm.org/en/#/schema/logo/image/","url":"https://mwc-cmm.org/wp-content/uploads/2026/01/MWC_Sig_Blue_Horiz_webheader1-logo.svg","contentUrl":"https://mwc-cmm.org/wp-content/uploads/2026/01/MWC_Sig_Blue_Horiz_webheader1-logo.svg","width":786,"height":82,"caption":"Mennonite World Conference"},"image":{"@id":"https://mwc-cmm.org/en/#/schema/logo/image/"},"sameAs":["https://www.facebook.com/MennoniteWorldConference","https://www.linkedin.com/company/mennonite-world-conference-mwc/","https://www.instagram.com/mwcmm/","https://www.youtube.com/user/mwccmm","https://bsky.app/profile/mwcmm.bsky.social"]}]}</script>
<!-- / Yoast SEO plugin. -->

Revenez ici pour trouver le lien vers la diffusion en direct au moins quatre heures avant le début de l’événement.
