{"id":111267,"date":"2024-11-19T17:39:40","date_gmt":"2024-11-19T17:39:40","guid":{"rendered":"https:\/\/mwc-cmm.org\/resources\/lhistoire-de-la-cmm\/"},"modified":"2025-03-17T18:05:43","modified_gmt":"2025-03-17T18:05:43","slug":"lhistoire-de-la-cmm","status":"publish","type":"mwcresource","link":"https:\/\/mwc-cmm.org\/fr\/resources\/lhistoire-de-la-cmm\/","title":{"rendered":"L&rsquo;histoire de la CMM"},"content":{"rendered":"\n<div class=\"wp-block-columns alignwide is-layout-flex wp-container-core-columns-is-layout-7fc3d43a wp-block-columns-is-layout-flex\">\n<div class=\"wp-block-column is-layout-flow wp-block-column-is-layout-flow\" style=\"flex-basis:33.33%\">\n<p>Les d\u00e9buts officiels du mouvement anabaptiste remontent au 21 janvier 1525, lorsqu\u2019un groupe de jeunes gens s\u2019est r\u00e9uni dans une maison proche de la Grossm\u00fcnster (cath\u00e9drale) de Zurich, en Suisse, pour proc\u00e9der au bapt\u00eame d\u2019adultes, un acte subversif \u00e0 l\u2019\u00e9poque.  \r\nCe fut le d\u00e9but symbolique de ce qui allait devenir le mouvement anabaptiste ou \u00ab\u202fre-baptiseur\u202f\u00bb. <\/p>\n<\/div>\n\n\n\n<div class=\"wp-block-column is-layout-flow wp-block-column-is-layout-flow\" style=\"flex-basis:66.66%\">\n<figure class=\"wp-block-embed aligncenter is-type-video is-provider-youtube wp-block-embed-youtube wp-embed-aspect-16-9 wp-has-aspect-ratio\"><div class=\"wp-block-embed__wrapper\">\n<iframe title=\"L\u2019histoire de la CMM\" width=\"500\" height=\"281\" data-src=\"https:\/\/www.youtube.com\/embed\/ak-Gtc40YIc?feature=oembed\" frameborder=\"0\" allow=\"accelerometer; autoplay; clipboard-write; encrypted-media; gyroscope; picture-in-picture; web-share\" referrerpolicy=\"strict-origin-when-cross-origin\" allowfullscreen src=\"data:image\/svg+xml;base64,PHN2ZyB3aWR0aD0iMSIgaGVpZ2h0PSIxIiB4bWxucz0iaHR0cDovL3d3dy53My5vcmcvMjAwMC9zdmciPjwvc3ZnPg==\" class=\"lazyload\" data-load-mode=\"1\"><\/iframe>\n<\/div><\/figure>\n<\/div>\n<\/div>\n\n\n\n<p><\/p>\n","protected":false},"featured_media":0,"template":"","network":[1314],"resourcetype":[1331],"language":[1342,1350,1346],"resourcecategory":[1403],"resourcetheme":[1434],"eventcategory":[1510],"class_list":["post-111267","mwcresource","type-mwcresource","status-publish","hentry","network-general-council-fr","resourcetype-video-fr","language-en-fr","language-es-fr","language-fr-fr","resourcecategory-resource-document-fr","resourcetheme-history-fr","eventcategory-500-the-courage-to-love-fr"],"acf":[],"yoast_head":"<!-- This site is optimized with the Yoast SEO plugin v27.2 - https:\/\/yoast.com\/product\/yoast-seo-wordpress\/ -->\n<title>L&#039;histoire de la CMM - Mennonite World Conference<\/title>\n<meta name=\"description\" content=\"Les d\u00e9buts officiels du mouvement anabaptiste remontent au 21 janvier 1525, lorsqu\u2019un groupe de jeunes gens s\u2019est r\u00e9uni pour proc\u00e9der au bapt\u00eame d\u2019adultes, un acte subversif \u00e0 l\u2019\u00e9poque.\" \/>\n<meta name=\"robots\" content=\"index, follow, max-snippet:-1, max-image-preview:large, max-video-preview:-1\" \/>\n<link rel=\"canonical\" href=\"https:\/\/mwc-cmm.org\/fr\/resources\/lhistoire-de-la-cmm\/\" \/>\n<meta property=\"og:locale\" content=\"fr_FR\" \/>\n<meta property=\"og:type\" content=\"article\" \/>\n<meta property=\"og:title\" content=\"L&#039;histoire de la CMM - Mennonite World Conference\" \/>\n<meta property=\"og:description\" content=\"Les d\u00e9buts officiels du mouvement anabaptiste remontent au 21 janvier 1525, lorsqu\u2019un groupe de jeunes gens s\u2019est r\u00e9uni pour proc\u00e9der au bapt\u00eame d\u2019adultes, un acte subversif \u00e0 l\u2019\u00e9poque.\" \/>\n<meta property=\"og:url\" content=\"https:\/\/mwc-cmm.org\/fr\/resources\/lhistoire-de-la-cmm\/\" \/>\n<meta property=\"og:site_name\" content=\"Mennonite World Conference\" \/>\n<meta property=\"article:publisher\" content=\"https:\/\/www.facebook.com\/MennoniteWorldConference\" \/>\n<meta property=\"article:modified_time\" content=\"2025-03-17T18:05:43+00:00\" \/>\n<script type=\"application\/ld+json\" class=\"yoast-schema-graph\">{\"@context\":\"https:\/\/schema.org\",\"@graph\":[{\"@type\":\"WebPage\",\"@id\":\"https:\/\/mwc-cmm.org\/fr\/resources\/lhistoire-de-la-cmm\/\",\"url\":\"https:\/\/mwc-cmm.org\/fr\/resources\/lhistoire-de-la-cmm\/\",\"name\":\"L'histoire de la CMM - Mennonite World Conference\",\"isPartOf\":{\"@id\":\"https:\/\/mwc-cmm.org\/en\/#website\"},\"datePublished\":\"2024-11-19T17:39:40+00:00\",\"dateModified\":\"2025-03-17T18:05:43+00:00\",\"description\":\"Les d\u00e9buts officiels du mouvement anabaptiste remontent au 21 janvier 1525, lorsqu\u2019un groupe de jeunes gens s\u2019est r\u00e9uni pour proc\u00e9der au bapt\u00eame d\u2019adultes, un acte subversif \u00e0 l\u2019\u00e9poque.\",\"breadcrumb\":{\"@id\":\"https:\/\/mwc-cmm.org\/fr\/resources\/lhistoire-de-la-cmm\/#breadcrumb\"},\"inLanguage\":\"fr-FR\",\"potentialAction\":[{\"@type\":\"ReadAction\",\"target\":[\"https:\/\/mwc-cmm.org\/fr\/resources\/lhistoire-de-la-cmm\/\"]}]},{\"@type\":\"BreadcrumbList\",\"@id\":\"https:\/\/mwc-cmm.org\/fr\/resources\/lhistoire-de-la-cmm\/#breadcrumb\",\"itemListElement\":[{\"@type\":\"ListItem\",\"position\":1,\"name\":\"Home\",\"item\":\"https:\/\/mwc-cmm.org\/fr\/\"},{\"@type\":\"ListItem\",\"position\":2,\"name\":\"L&#8217;histoire de la CMM\"}]},{\"@type\":\"WebSite\",\"@id\":\"https:\/\/mwc-cmm.org\/en\/#website\",\"url\":\"https:\/\/mwc-cmm.org\/en\/\",\"name\":\"Mennonite World Conference\",\"description\":\"A communion of Anabaptist-related churches\",\"publisher\":{\"@id\":\"https:\/\/mwc-cmm.org\/en\/#organization\"},\"alternateName\":\"MWC\",\"potentialAction\":[{\"@type\":\"SearchAction\",\"target\":{\"@type\":\"EntryPoint\",\"urlTemplate\":\"https:\/\/mwc-cmm.org\/en\/?s={search_term_string}\"},\"query-input\":{\"@type\":\"PropertyValueSpecification\",\"valueRequired\":true,\"valueName\":\"search_term_string\"}}],\"inLanguage\":\"fr-FR\"},{\"@type\":\"Organization\",\"@id\":\"https:\/\/mwc-cmm.org\/en\/#organization\",\"name\":\"Mennonite World Conference\",\"alternateName\":\"MWC\",\"url\":\"https:\/\/mwc-cmm.org\/en\/\",\"logo\":{\"@type\":\"ImageObject\",\"inLanguage\":\"fr-FR\",\"@id\":\"https:\/\/mwc-cmm.org\/en\/#\/schema\/logo\/image\/\",\"url\":\"https:\/\/mwc-cmm.org\/wp-content\/uploads\/2026\/01\/MWC_Sig_Blue_Horiz_webheader1-logo.svg\",\"contentUrl\":\"https:\/\/mwc-cmm.org\/wp-content\/uploads\/2026\/01\/MWC_Sig_Blue_Horiz_webheader1-logo.svg\",\"width\":786,\"height\":82,\"caption\":\"Mennonite World Conference\"},\"image\":{\"@id\":\"https:\/\/mwc-cmm.org\/en\/#\/schema\/logo\/image\/\"},\"sameAs\":[\"https:\/\/www.facebook.com\/MennoniteWorldConference\",\"https:\/\/www.linkedin.com\/company\/mennonite-world-conference-mwc\/\",\"https:\/\/www.instagram.com\/mwcmm\/\",\"https:\/\/www.youtube.com\/user\/mwccmm\",\"https:\/\/bsky.app\/profile\/mwcmm.bsky.social\"]}]}<\/script>\n<!-- \/ Yoast SEO plugin. -->","yoast_head_json":{"title":"L'histoire de la CMM - Mennonite World Conference","description":"Les d\u00e9buts officiels du mouvement anabaptiste remontent au 21 janvier 1525, lorsqu\u2019un groupe de jeunes gens s\u2019est r\u00e9uni pour proc\u00e9der au bapt\u00eame d\u2019adultes, un acte subversif \u00e0 l\u2019\u00e9poque.","robots":{"index":"index","follow":"follow","max-snippet":"max-snippet:-1","max-image-preview":"max-image-preview:large","max-video-preview":"max-video-preview:-1"},"canonical":"https:\/\/mwc-cmm.org\/fr\/resources\/lhistoire-de-la-cmm\/","og_locale":"fr_FR","og_type":"article","og_title":"L'histoire de la CMM - Mennonite World Conference","og_description":"Les d\u00e9buts officiels du mouvement anabaptiste remontent au 21 janvier 1525, lorsqu\u2019un groupe de jeunes gens s\u2019est r\u00e9uni pour proc\u00e9der au bapt\u00eame d\u2019adultes, un acte subversif \u00e0 l\u2019\u00e9poque.","og_url":"https:\/\/mwc-cmm.org\/fr\/resources\/lhistoire-de-la-cmm\/","og_site_name":"Mennonite World Conference","article_publisher":"https:\/\/www.facebook.com\/MennoniteWorldConference","article_modified_time":"2025-03-17T18:05:43+00:00","schema":{"@context":"https:\/\/schema.org","@graph":[{"@type":"WebPage","@id":"https:\/\/mwc-cmm.org\/fr\/resources\/lhistoire-de-la-cmm\/","url":"https:\/\/mwc-cmm.org\/fr\/resources\/lhistoire-de-la-cmm\/","name":"L'histoire de la CMM - Mennonite World Conference","isPartOf":{"@id":"https:\/\/mwc-cmm.org\/en\/#website"},"datePublished":"2024-11-19T17:39:40+00:00","dateModified":"2025-03-17T18:05:43+00:00","description":"Les d\u00e9buts officiels du mouvement anabaptiste remontent au 21 janvier 1525, lorsqu\u2019un groupe de jeunes gens s\u2019est r\u00e9uni pour proc\u00e9der au bapt\u00eame d\u2019adultes, un acte subversif \u00e0 l\u2019\u00e9poque.","breadcrumb":{"@id":"https:\/\/mwc-cmm.org\/fr\/resources\/lhistoire-de-la-cmm\/#breadcrumb"},"inLanguage":"fr-FR","potentialAction":[{"@type":"ReadAction","target":["https:\/\/mwc-cmm.org\/fr\/resources\/lhistoire-de-la-cmm\/"]}]},{"@type":"BreadcrumbList","@id":"https:\/\/mwc-cmm.org\/fr\/resources\/lhistoire-de-la-cmm\/#breadcrumb","itemListElement":[{"@type":"ListItem","position":1,"name":"Home","item":"https:\/\/mwc-cmm.org\/fr\/"},{"@type":"ListItem","position":2,"name":"L&#8217;histoire de la CMM"}]},{"@type":"WebSite","@id":"https:\/\/mwc-cmm.org\/en\/#website","url":"https:\/\/mwc-cmm.org\/en\/","name":"Mennonite World Conference","description":"A communion of Anabaptist-related churches","publisher":{"@id":"https:\/\/mwc-cmm.org\/en\/#organization"},"alternateName":"MWC","potentialAction":[{"@type":"SearchAction","target":{"@type":"EntryPoint","urlTemplate":"https:\/\/mwc-cmm.org\/en\/?s={search_term_string}"},"query-input":{"@type":"PropertyValueSpecification","valueRequired":true,"valueName":"search_term_string"}}],"inLanguage":"fr-FR"},{"@type":"Organization","@id":"https:\/\/mwc-cmm.org\/en\/#organization","name":"Mennonite World Conference","alternateName":"MWC","url":"https:\/\/mwc-cmm.org\/en\/","logo":{"@type":"ImageObject","inLanguage":"fr-FR","@id":"https:\/\/mwc-cmm.org\/en\/#\/schema\/logo\/image\/","url":"https:\/\/mwc-cmm.org\/wp-content\/uploads\/2026\/01\/MWC_Sig_Blue_Horiz_webheader1-logo.svg","contentUrl":"https:\/\/mwc-cmm.org\/wp-content\/uploads\/2026\/01\/MWC_Sig_Blue_Horiz_webheader1-logo.svg","width":786,"height":82,"caption":"Mennonite World Conference"},"image":{"@id":"https:\/\/mwc-cmm.org\/en\/#\/schema\/logo\/image\/"},"sameAs":["https:\/\/www.facebook.com\/MennoniteWorldConference","https:\/\/www.linkedin.com\/company\/mennonite-world-conference-mwc\/","https:\/\/www.instagram.com\/mwcmm\/","https:\/\/www.youtube.com\/user\/mwccmm","https:\/\/bsky.app\/profile\/mwcmm.bsky.social"]}]}},"_links":{"self":[{"href":"https:\/\/mwc-cmm.org\/fr\/wp-json\/wp\/v2\/mwcresource\/111267","targetHints":{"allow":["GET"]}}],"collection":[{"href":"https:\/\/mwc-cmm.org\/fr\/wp-json\/wp\/v2\/mwcresource"}],"about":[{"href":"https:\/\/mwc-cmm.org\/fr\/wp-json\/wp\/v2\/types\/mwcresource"}],"wp:attachment":[{"href":"https:\/\/mwc-cmm.org\/fr\/wp-json\/wp\/v2\/media?parent=111267"}],"wp:term":[{"taxonomy":"network","embeddable":true,"href":"https:\/\/mwc-cmm.org\/fr\/wp-json\/wp\/v2\/network?post=111267"},{"taxonomy":"resourcetype","embeddable":true,"href":"https:\/\/mwc-cmm.org\/fr\/wp-json\/wp\/v2\/resourcetype?post=111267"},{"taxonomy":"language","embeddable":true,"href":"https:\/\/mwc-cmm.org\/fr\/wp-json\/wp\/v2\/language?post=111267"},{"taxonomy":"resourcecategory","embeddable":true,"href":"https:\/\/mwc-cmm.org\/fr\/wp-json\/wp\/v2\/resourcecategory?post=111267"},{"taxonomy":"resourcetheme","embeddable":true,"href":"https:\/\/mwc-cmm.org\/fr\/wp-json\/wp\/v2\/resourcetheme?post=111267"},{"taxonomy":"eventcategory","embeddable":true,"href":"https:\/\/mwc-cmm.org\/fr\/wp-json\/wp\/v2\/eventcategory?post=111267"}],"curies":[{"name":"wp","href":"https:\/\/api.w.org\/{rel}","templated":true}]}}

<div class="wp-block-columns alignwide is-layout-flex wp-container-core-columns-is-layout-7fc3d43a wp-block-columns-is-layout-flex">
<div class="wp-block-column is-layout-flow wp-block-column-is-layout-flow" style="flex-basis:33.33%">
<p>Les débuts officiels du mouvement anabaptiste remontent au 21 janvier 1525, lorsqu’un groupe de jeunes gens s’est réuni dans une maison proche de la Grossmünster (cathédrale) de Zurich, en Suisse, pour procéder au baptême d’adultes, un acte subversif à l’époque.  
Ce fut le début symbolique de ce qui allait devenir le mouvement anabaptiste ou « re-baptiseur ». </p>
</div>



<div class="wp-block-column is-layout-flow wp-block-column-is-layout-flow" style="flex-basis:66.66%">
<figure class="wp-block-embed aligncenter is-type-video is-provider-youtube wp-block-embed-youtube wp-embed-aspect-16-9 wp-has-aspect-ratio"><div class="wp-block-embed__wrapper">
<iframe title="L’histoire de la CMM" width="500" height="281" data-src="https://www.youtube.com/embed/ak-Gtc40YIc?feature=oembed" frameborder="0" allow="accelerometer; autoplay; clipboard-write; encrypted-media; gyroscope; picture-in-picture; web-share" referrerpolicy="strict-origin-when-cross-origin" allowfullscreen src="data:image/svg+xml;base64,PHN2ZyB3aWR0aD0iMSIgaGVpZ2h0PSIxIiB4bWxucz0iaHR0cDovL3d3dy53My5vcmcvMjAwMC9zdmciPjwvc3ZnPg==" class="lazyload" data-load-mode="1"></iframe>
</div></figure>
</div>
</div>



<p></p>

<!-- This site is optimized with the Yoast SEO plugin v27.2 - https://yoast.com/product/yoast-seo-wordpress/ -->
<title>L&#039;histoire de la CMM - Mennonite World Conference</title>
<meta name="description" content="Les débuts officiels du mouvement anabaptiste remontent au 21 janvier 1525, lorsqu’un groupe de jeunes gens s’est réuni pour procéder au baptême d’adultes, un acte subversif à l’époque." />
<meta name="robots" content="index, follow, max-snippet:-1, max-image-preview:large, max-video-preview:-1" />
<link rel="canonical" href="https://mwc-cmm.org/fr/resources/lhistoire-de-la-cmm/" />
<meta property="og:locale" content="fr_FR" />
<meta property="og:type" content="article" />
<meta property="og:title" content="L&#039;histoire de la CMM - Mennonite World Conference" />
<meta property="og:description" content="Les débuts officiels du mouvement anabaptiste remontent au 21 janvier 1525, lorsqu’un groupe de jeunes gens s’est réuni pour procéder au baptême d’adultes, un acte subversif à l’époque." />
<meta property="og:url" content="https://mwc-cmm.org/fr/resources/lhistoire-de-la-cmm/" />
<meta property="og:site_name" content="Mennonite World Conference" />
<meta property="article:publisher" content="https://www.facebook.com/MennoniteWorldConference" />
<meta property="article:modified_time" content="2025-03-17T18:05:43+00:00" />
<script type="application/ld+json" class="yoast-schema-graph">{"@context":"https://schema.org","@graph":[{"@type":"WebPage","@id":"https://mwc-cmm.org/fr/resources/lhistoire-de-la-cmm/","url":"https://mwc-cmm.org/fr/resources/lhistoire-de-la-cmm/","name":"L'histoire de la CMM - Mennonite World Conference","isPartOf":{"@id":"https://mwc-cmm.org/en/#website"},"datePublished":"2024-11-19T17:39:40+00:00","dateModified":"2025-03-17T18:05:43+00:00","description":"Les débuts officiels du mouvement anabaptiste remontent au 21 janvier 1525, lorsqu’un groupe de jeunes gens s’est réuni pour procéder au baptême d’adultes, un acte subversif à l’époque.","breadcrumb":{"@id":"https://mwc-cmm.org/fr/resources/lhistoire-de-la-cmm/#breadcrumb"},"inLanguage":"fr-FR","potentialAction":[{"@type":"ReadAction","target":["https://mwc-cmm.org/fr/resources/lhistoire-de-la-cmm/"]}]},{"@type":"BreadcrumbList","@id":"https://mwc-cmm.org/fr/resources/lhistoire-de-la-cmm/#breadcrumb","itemListElement":[{"@type":"ListItem","position":1,"name":"Home","item":"https://mwc-cmm.org/fr/"},{"@type":"ListItem","position":2,"name":"L&#8217;histoire de la CMM"}]},{"@type":"WebSite","@id":"https://mwc-cmm.org/en/#website","url":"https://mwc-cmm.org/en/","name":"Mennonite World Conference","description":"A communion of Anabaptist-related churches","publisher":{"@id":"https://mwc-cmm.org/en/#organization"},"alternateName":"MWC","potentialAction":[{"@type":"SearchAction","target":{"@type":"EntryPoint","urlTemplate":"https://mwc-cmm.org/en/?s={search_term_string}"},"query-input":{"@type":"PropertyValueSpecification","valueRequired":true,"valueName":"search_term_string"}}],"inLanguage":"fr-FR"},{"@type":"Organization","@id":"https://mwc-cmm.org/en/#organization","name":"Mennonite World Conference","alternateName":"MWC","url":"https://mwc-cmm.org/en/","logo":{"@type":"ImageObject","inLanguage":"fr-FR","@id":"https://mwc-cmm.org/en/#/schema/logo/image/","url":"https://mwc-cmm.org/wp-content/uploads/2026/01/MWC_Sig_Blue_Horiz_webheader1-logo.svg","contentUrl":"https://mwc-cmm.org/wp-content/uploads/2026/01/MWC_Sig_Blue_Horiz_webheader1-logo.svg","width":786,"height":82,"caption":"Mennonite World Conference"},"image":{"@id":"https://mwc-cmm.org/en/#/schema/logo/image/"},"sameAs":["https://www.facebook.com/MennoniteWorldConference","https://www.linkedin.com/company/mennonite-world-conference-mwc/","https://www.instagram.com/mwcmm/","https://www.youtube.com/user/mwccmm","https://bsky.app/profile/mwcmm.bsky.social"]}]}</script>
<!-- / Yoast SEO plugin. -->

Les débuts officiels du mouvement anabaptiste remontent au 21 janvier 1525, lorsqu’un groupe de jeunes gens s’est réuni pour procéder au baptême d’adultes, un acte subversif à l’époque.
