{"version":"1.0","provider_name":"Mennonite World Conference","provider_url":"https:\/\/mwc-cmm.org\/fr\/","author_name":"mennworldcon","author_url":"https:\/\/mwc-cmm.org\/fr\/stories\/author\/mennworldcon\/","title":"Un \u00e9v\u00e9nement qui porte des fruits - Mennonite World Conference","type":"rich","width":600,"height":338,"html":"<blockquote class=\"wp-embedded-content\" data-secret=\"EpQ4wPgUEz\"><a href=\"https:\/\/mwc-cmm.org\/fr\/stories\/un-evenement-qui-porte-des-fruits\/\">Un \u00e9v\u00e9nement qui porte des fruits<\/a><\/blockquote><iframe sandbox=\"allow-scripts\" security=\"restricted\" src=\"https:\/\/mwc-cmm.org\/fr\/stories\/un-evenement-qui-porte-des-fruits\/embed\/#?secret=EpQ4wPgUEz\" width=\"600\" height=\"338\" title=\"\u00ab\u00a0Un \u00e9v\u00e9nement qui porte des fruits\u00a0\u00bb &#8212; Mennonite World Conference\" data-secret=\"EpQ4wPgUEz\" frameborder=\"0\" marginwidth=\"0\" marginheight=\"0\" scrolling=\"no\" class=\"wp-embedded-content\"><\/iframe><script>\n\/*! This file is auto-generated *\/\n!function(d,l){\"use strict\";l.querySelector&&d.addEventListener&&\"undefined\"!=typeof URL&&(d.wp=d.wp||{},d.wp.receiveEmbedMessage||(d.wp.receiveEmbedMessage=function(e){var t=e.data;if((t||t.secret||t.message||t.value)&&!\/[^a-zA-Z0-9]\/.test(t.secret)){for(var s,r,n,a=l.querySelectorAll('iframe[data-secret=\"'+t.secret+'\"]'),o=l.querySelectorAll('blockquote[data-secret=\"'+t.secret+'\"]'),c=new RegExp(\"^https?:$\",\"i\"),i=0;i<o.length;i++)o[i].style.display=\"none\";for(i=0;i<a.length;i++)s=a[i],e.source===s.contentWindow&&(s.removeAttribute(\"style\"),\"height\"===t.message?(1e3<(r=parseInt(t.value,10))?r=1e3:~~r<200&&(r=200),s.height=r):\"link\"===t.message&&(r=new URL(s.getAttribute(\"src\")),n=new URL(t.value),c.test(n.protocol))&&n.host===r.host&&l.activeElement===s&&(d.top.location.href=t.value))}},d.addEventListener(\"message\",d.wp.receiveEmbedMessage,!1),l.addEventListener(\"DOMContentLoaded\",function(){for(var e,t,s=l.querySelectorAll(\"iframe.wp-embedded-content\"),r=0;r<s.length;r++)(t=(e=s[r]).getAttribute(\"data-secret\"))||(t=Math.random().toString(36).substring(2,12),e.src+=\"#?secret=\"+t,e.setAttribute(\"data-secret\",t)),e.contentWindow.postMessage({message:\"ready\",secret:t},\"*\")},!1)))}(window,document);\n\/\/# sourceURL=https:\/\/mwc-cmm.org\/wp-includes\/js\/wp-embed.min.js\n<\/script>\n","thumbnail_url":"https:\/\/mwc-cmm.org\/wp-content\/uploads\/2024\/10\/20220704tizbrotosudarmop1010112.jpg","thumbnail_width":1920,"thumbnail_height":1280,"description":"Suivre J\u00e9sus ensemble \u00e0 travers les fronti\u00e8res Les assembl\u00e9es mondiales de la Conf\u00e9rence Mennonite Mondiale (CMM) sont l\u2019\u00e9quivalent des r\u00e9unions dominicales des paroisses locales. Dans la liturgie, nous d\u00e9clarons la souverainet\u00e9 du Christ sur notre \u00e9glise mondiale, d\u00e9fiant le nationalisme, le racisme et d\u2019autres fausses id\u00e9ologies qui nous demandent de notre soumission. Gr\u00e2ce aux enseignements, [&hellip;]"}

Un événement qui porte des fruits - Mennonite World Conference

<blockquote class="wp-embedded-content" data-secret="EpQ4wPgUEz"><a href="https://mwc-cmm.org/fr/stories/un-evenement-qui-porte-des-fruits/">Un événement qui porte des fruits</a></blockquote><iframe sandbox="allow-scripts" security="restricted" src="https://mwc-cmm.org/fr/stories/un-evenement-qui-porte-des-fruits/embed/#?secret=EpQ4wPgUEz" width="600" height="338" title="« Un événement qui porte des fruits » &#8212; Mennonite World Conference" data-secret="EpQ4wPgUEz" frameborder="0" marginwidth="0" marginheight="0" scrolling="no" class="wp-embedded-content"></iframe><script>
/*! This file is auto-generated */
!function(d,l){"use strict";l.querySelector&&d.addEventListener&&"undefined"!=typeof URL&&(d.wp=d.wp||{},d.wp.receiveEmbedMessage||(d.wp.receiveEmbedMessage=function(e){var t=e.data;if((t||t.secret||t.message||t.value)&&!/[^a-zA-Z0-9]/.test(t.secret)){for(var s,r,n,a=l.querySelectorAll('iframe[data-secret="'+t.secret+'"]'),o=l.querySelectorAll('blockquote[data-secret="'+t.secret+'"]'),c=new RegExp("^https?:$","i"),i=0;i<o.length;i++)o[i].style.display="none";for(i=0;i<a.length;i++)s=a[i],e.source===s.contentWindow&&(s.removeAttribute("style"),"height"===t.message?(1e3<(r=parseInt(t.value,10))?r=1e3:~~r<200&&(r=200),s.height=r):"link"===t.message&&(r=new URL(s.getAttribute("src")),n=new URL(t.value),c.test(n.protocol))&&n.host===r.host&&l.activeElement===s&&(d.top.location.href=t.value))}},d.addEventListener("message",d.wp.receiveEmbedMessage,!1),l.addEventListener("DOMContentLoaded",function(){for(var e,t,s=l.querySelectorAll("iframe.wp-embedded-content"),r=0;r<s.length;r++)(t=(e=s[r]).getAttribute("data-secret"))||(t=Math.random().toString(36).substring(2,12),e.src+="#?secret="+t,e.setAttribute("data-secret",t)),e.contentWindow.postMessage({message:"ready",secret:t},"*")},!1)))}(window,document);
//# sourceURL=https://mwc-cmm.org/wp-includes/js/wp-embed.min.js
</script>

Suivre Jésus ensemble à travers les frontières Les assemblées mondiales de la Conférence Mennonite Mondiale (CMM) sont l’équivalent des réunions dominicales des paroisses locales. Dans la liturgie, nous déclarons la souveraineté du Christ sur notre église mondiale, défiant le nationalisme, le racisme et d’autres fausses idéologies qui nous demandent de notre soumission. Grâce aux enseignements, [&hellip;]
