{"version":"1.0","provider_name":"Mennonite World Conference","provider_url":"https:\/\/mwc-cmm.org\/fr\/","author_name":"Stephanie Setiawan","author_url":"https:\/\/mwc-cmm.org\/fr\/stories\/author\/stephanie\/","title":"Participation \u00e0 la c\u00e9l\u00e9bration commune - Mennonite World Conference","type":"rich","width":600,"height":338,"html":"<blockquote class=\"wp-embedded-content\" data-secret=\"kp4k4bdWHq\"><a href=\"https:\/\/mwc-cmm.org\/fr\/stories\/participation-a-la-celebration-commune\/\">Participation \u00e0 la c\u00e9l\u00e9bration commune<\/a><\/blockquote><iframe sandbox=\"allow-scripts\" security=\"restricted\" src=\"https:\/\/mwc-cmm.org\/fr\/stories\/participation-a-la-celebration-commune\/embed\/#?secret=kp4k4bdWHq\" width=\"600\" height=\"338\" title=\"\u00ab\u00a0Participation \u00e0 la c\u00e9l\u00e9bration commune\u00a0\u00bb &#8212; Mennonite World Conference\" data-secret=\"kp4k4bdWHq\" frameborder=\"0\" marginwidth=\"0\" marginheight=\"0\" scrolling=\"no\" class=\"wp-embedded-content\"><\/iframe><script>\n\/*! This file is auto-generated *\/\n!function(d,l){\"use strict\";l.querySelector&&d.addEventListener&&\"undefined\"!=typeof URL&&(d.wp=d.wp||{},d.wp.receiveEmbedMessage||(d.wp.receiveEmbedMessage=function(e){var t=e.data;if((t||t.secret||t.message||t.value)&&!\/[^a-zA-Z0-9]\/.test(t.secret)){for(var s,r,n,a=l.querySelectorAll('iframe[data-secret=\"'+t.secret+'\"]'),o=l.querySelectorAll('blockquote[data-secret=\"'+t.secret+'\"]'),c=new RegExp(\"^https?:$\",\"i\"),i=0;i<o.length;i++)o[i].style.display=\"none\";for(i=0;i<a.length;i++)s=a[i],e.source===s.contentWindow&&(s.removeAttribute(\"style\"),\"height\"===t.message?(1e3<(r=parseInt(t.value,10))?r=1e3:~~r<200&&(r=200),s.height=r):\"link\"===t.message&&(r=new URL(s.getAttribute(\"src\")),n=new URL(t.value),c.test(n.protocol))&&n.host===r.host&&l.activeElement===s&&(d.top.location.href=t.value))}},d.addEventListener(\"message\",d.wp.receiveEmbedMessage,!1),l.addEventListener(\"DOMContentLoaded\",function(){for(var e,t,s=l.querySelectorAll(\"iframe.wp-embedded-content\"),r=0;r<s.length;r++)(t=(e=s[r]).getAttribute(\"data-secret\"))||(t=Math.random().toString(36).substring(2,12),e.src+=\"#?secret=\"+t,e.setAttribute(\"data-secret\",t)),e.contentWindow.postMessage({message:\"ready\",secret:t},\"*\")},!1)))}(window,document);\n\/\/# sourceURL=https:\/\/mwc-cmm.org\/wp-includes\/js\/wp-embed.min.js\n<\/script>\n","thumbnail_url":"https:\/\/mwc-cmm.org\/wp-content\/uploads\/2026\/09\/20260314RGPhotographyRGP_8366_FMoCZl.jpg","thumbnail_width":1200,"thumbnail_height":687,"description":"Lors de \u2018Renouveau\u202f2026\u2019, les danses sont l\u2019expression de la culture et de l\u2019unit\u00e9 \u00ab\u2009La danse utilise des mouvements familiers pour entrer en communion avec Dieu, cr\u00e9er des liens au sein de la communaut\u00e9 et exprimer notre gratitude, tout en mettant en valeur nos pratiques culturelles, en particulier lors des c\u00e9l\u00e9brations\u2009\u00bb, explique Marcial Arenos, de l\u2019\u00c9glise [&hellip;]"}

Participation à la célébration commune - Mennonite World Conference

<blockquote class="wp-embedded-content" data-secret="kp4k4bdWHq"><a href="https://mwc-cmm.org/fr/stories/participation-a-la-celebration-commune/">Participation à la célébration commune</a></blockquote><iframe sandbox="allow-scripts" security="restricted" src="https://mwc-cmm.org/fr/stories/participation-a-la-celebration-commune/embed/#?secret=kp4k4bdWHq" width="600" height="338" title="« Participation à la célébration commune » &#8212; Mennonite World Conference" data-secret="kp4k4bdWHq" frameborder="0" marginwidth="0" marginheight="0" scrolling="no" class="wp-embedded-content"></iframe><script>
/*! This file is auto-generated */
!function(d,l){"use strict";l.querySelector&&d.addEventListener&&"undefined"!=typeof URL&&(d.wp=d.wp||{},d.wp.receiveEmbedMessage||(d.wp.receiveEmbedMessage=function(e){var t=e.data;if((t||t.secret||t.message||t.value)&&!/[^a-zA-Z0-9]/.test(t.secret)){for(var s,r,n,a=l.querySelectorAll('iframe[data-secret="'+t.secret+'"]'),o=l.querySelectorAll('blockquote[data-secret="'+t.secret+'"]'),c=new RegExp("^https?:$","i"),i=0;i<o.length;i++)o[i].style.display="none";for(i=0;i<a.length;i++)s=a[i],e.source===s.contentWindow&&(s.removeAttribute("style"),"height"===t.message?(1e3<(r=parseInt(t.value,10))?r=1e3:~~r<200&&(r=200),s.height=r):"link"===t.message&&(r=new URL(s.getAttribute("src")),n=new URL(t.value),c.test(n.protocol))&&n.host===r.host&&l.activeElement===s&&(d.top.location.href=t.value))}},d.addEventListener("message",d.wp.receiveEmbedMessage,!1),l.addEventListener("DOMContentLoaded",function(){for(var e,t,s=l.querySelectorAll("iframe.wp-embedded-content"),r=0;r<s.length;r++)(t=(e=s[r]).getAttribute("data-secret"))||(t=Math.random().toString(36).substring(2,12),e.src+="#?secret="+t,e.setAttribute("data-secret",t)),e.contentWindow.postMessage({message:"ready",secret:t},"*")},!1)))}(window,document);
//# sourceURL=https://mwc-cmm.org/wp-includes/js/wp-embed.min.js
</script>

Lors de ‘Renouveau 2026’, les danses sont l’expression de la culture et de l’unité « La danse utilise des mouvements familiers pour entrer en communion avec Dieu, créer des liens au sein de la communauté et exprimer notre gratitude, tout en mettant en valeur nos pratiques culturelles, en particulier lors des célébrations », explique Marcial Arenos, de l’Église [&hellip;]
