{"version":"1.0","provider_name":"Mennonite World Conference","provider_url":"https:\/\/mwc-cmm.org\/fr\/","author_name":"Stephanie Setiawan","author_url":"https:\/\/mwc-cmm.org\/fr\/stories\/author\/stephanie\/","title":"Non pas un programme, mais une table - Mennonite World Conference","type":"rich","width":600,"height":338,"html":"<blockquote class=\"wp-embedded-content\" data-secret=\"iqAyNpz1HC\"><a href=\"https:\/\/mwc-cmm.org\/fr\/stories\/non-pas-un-programme-mais-une-table\/\">Non pas un programme, mais une table<\/a><\/blockquote><iframe sandbox=\"allow-scripts\" security=\"restricted\" src=\"https:\/\/mwc-cmm.org\/fr\/stories\/non-pas-un-programme-mais-une-table\/embed\/#?secret=iqAyNpz1HC\" width=\"600\" height=\"338\" title=\"\u00ab\u00a0Non pas un programme, mais une table\u00a0\u00bb &#8212; Mennonite World Conference\" data-secret=\"iqAyNpz1HC\" frameborder=\"0\" marginwidth=\"0\" marginheight=\"0\" scrolling=\"no\" class=\"wp-embedded-content\"><\/iframe><script>\n\/*! This file is auto-generated *\/\n!function(d,l){\"use strict\";l.querySelector&&d.addEventListener&&\"undefined\"!=typeof URL&&(d.wp=d.wp||{},d.wp.receiveEmbedMessage||(d.wp.receiveEmbedMessage=function(e){var t=e.data;if((t||t.secret||t.message||t.value)&&!\/[^a-zA-Z0-9]\/.test(t.secret)){for(var s,r,n,a=l.querySelectorAll('iframe[data-secret=\"'+t.secret+'\"]'),o=l.querySelectorAll('blockquote[data-secret=\"'+t.secret+'\"]'),c=new RegExp(\"^https?:$\",\"i\"),i=0;i<o.length;i++)o[i].style.display=\"none\";for(i=0;i<a.length;i++)s=a[i],e.source===s.contentWindow&&(s.removeAttribute(\"style\"),\"height\"===t.message?(1e3<(r=parseInt(t.value,10))?r=1e3:~~r<200&&(r=200),s.height=r):\"link\"===t.message&&(r=new URL(s.getAttribute(\"src\")),n=new URL(t.value),c.test(n.protocol))&&n.host===r.host&&l.activeElement===s&&(d.top.location.href=t.value))}},d.addEventListener(\"message\",d.wp.receiveEmbedMessage,!1),l.addEventListener(\"DOMContentLoaded\",function(){for(var e,t,s=l.querySelectorAll(\"iframe.wp-embedded-content\"),r=0;r<s.length;r++)(t=(e=s[r]).getAttribute(\"data-secret\"))||(t=Math.random().toString(36).substring(2,12),e.src+=\"#?secret=\"+t,e.setAttribute(\"data-secret\",t)),e.contentWindow.postMessage({message:\"ready\",secret:t},\"*\")},!1)))}(window,document);\n\/\/# sourceURL=https:\/\/mwc-cmm.org\/wp-includes\/js\/wp-embed.min.js\n<\/script>\n","thumbnail_url":"https:\/\/mwc-cmm.org\/wp-content\/uploads\/2026\/09\/20260314-20260314RGPhotographyRGP_9102_FMoCZl.jpg","thumbnail_width":1200,"thumbnail_height":687,"description":"La colonne des responsables de la CMM Le mot \u00ab\u202fsolidarit\u00e9\u202f\u00bb vient du latin solidus \u2014 entier, solide, uni. C\u2019est bien plus que de la sympathie (\u00ab\u202fJe suis d\u00e9sol\u00e9 pour toi\u202f\u00bb) ou de l\u2019empathie (\u00ab\u202fJe comprends ce que tu ressens\u202f\u00bb). La solidarit\u00e9, c\u2019est dire\u202f: \u00ab\u202fJe serai \u00e0 tes c\u00f4t\u00e9s.\u202f\u00bb C\u2019est la volont\u00e9 de porter les fardeaux [&hellip;]"}

La colonne des responsables de la CMM Le mot « solidarité » vient du latin solidus — entier, solide, uni. C’est bien plus que de la sympathie (« Je suis désolé pour toi ») ou de l’empathie (« Je comprends ce que tu ressens »). La solidarité, c’est dire : « Je serai à tes côtés. » C’est la volonté de porter les fardeaux [&hellip;]
