{"version":"1.0","provider_name":"Mennonite World Conference","provider_url":"https:\/\/mwc-cmm.org\/fr\/","author_name":"mennworldcon","author_url":"https:\/\/mwc-cmm.org\/fr\/stories\/author\/mennworldcon\/","title":"Lettre pastorale aux anabaptistes en Colombie - Mennonite World Conference","type":"rich","width":600,"height":338,"html":"<blockquote class=\"wp-embedded-content\" data-secret=\"Zxmbyi2u7b\"><a href=\"https:\/\/mwc-cmm.org\/fr\/stories\/lettre-pastorale-anabaptistes-colombie\/\">Lettre pastorale aux anabaptistes en Colombie<\/a><\/blockquote><iframe sandbox=\"allow-scripts\" security=\"restricted\" src=\"https:\/\/mwc-cmm.org\/fr\/stories\/lettre-pastorale-anabaptistes-colombie\/embed\/#?secret=Zxmbyi2u7b\" width=\"600\" height=\"338\" title=\"\u00ab\u00a0Lettre pastorale aux anabaptistes en Colombie\u00a0\u00bb &#8212; Mennonite World Conference\" data-secret=\"Zxmbyi2u7b\" frameborder=\"0\" marginwidth=\"0\" marginheight=\"0\" scrolling=\"no\" class=\"wp-embedded-content\"><\/iframe><script>\n\/*! This file is auto-generated *\/\n!function(d,l){\"use strict\";l.querySelector&&d.addEventListener&&\"undefined\"!=typeof URL&&(d.wp=d.wp||{},d.wp.receiveEmbedMessage||(d.wp.receiveEmbedMessage=function(e){var t=e.data;if((t||t.secret||t.message||t.value)&&!\/[^a-zA-Z0-9]\/.test(t.secret)){for(var s,r,n,a=l.querySelectorAll('iframe[data-secret=\"'+t.secret+'\"]'),o=l.querySelectorAll('blockquote[data-secret=\"'+t.secret+'\"]'),c=new RegExp(\"^https?:$\",\"i\"),i=0;i<o.length;i++)o[i].style.display=\"none\";for(i=0;i<a.length;i++)s=a[i],e.source===s.contentWindow&&(s.removeAttribute(\"style\"),\"height\"===t.message?(1e3<(r=parseInt(t.value,10))?r=1e3:~~r<200&&(r=200),s.height=r):\"link\"===t.message&&(r=new URL(s.getAttribute(\"src\")),n=new URL(t.value),c.test(n.protocol))&&n.host===r.host&&l.activeElement===s&&(d.top.location.href=t.value))}},d.addEventListener(\"message\",d.wp.receiveEmbedMessage,!1),l.addEventListener(\"DOMContentLoaded\",function(){for(var e,t,s=l.querySelectorAll(\"iframe.wp-embedded-content\"),r=0;r<s.length;r++)(t=(e=s[r]).getAttribute(\"data-secret\"))||(t=Math.random().toString(36).substring(2,12),e.src+=\"#?secret=\"+t,e.setAttribute(\"data-secret\",t)),e.contentWindow.postMessage({message:\"ready\",secret:t},\"*\")},!1)))}(window,document);\n\/\/# sourceURL=https:\/\/mwc-cmm.org\/wp-includes\/js\/wp-embed.min.js\n<\/script>\n","thumbnail_url":"https:\/\/mwc-cmm.org\/wp-content\/uploads\/2024\/11\/ricardo-arce-jj9q-5svqvk-unsplash-scaled.jpg","thumbnail_width":2560,"thumbnail_height":1440,"description":"S\u0153urs et fr\u00e8res bien-aim\u00e9s : Le monde regarde alors que les forces de domination cherchent \u00e0 faire taire les appels pacifiques aux r\u00e9forme dans votre pays. Dieu lui aussi, veille, et demandera des comptes aux oppresseurs. Oui, il d\u00e9livrera le pauvre qui appelle,et les humbles priv\u00e9s d\u2019appui\u2026Il les d\u00e9fendra contre la brutalit\u00e9 et la violence,il [&hellip;]"}

Sœurs et frères bien-aimés : Le monde regarde alors que les forces de domination cherchent à faire taire les appels pacifiques aux réforme dans votre pays. Dieu lui aussi, veille, et demandera des comptes aux oppresseurs. Oui, il délivrera le pauvre qui appelle,et les humbles privés d’appui…Il les défendra contre la brutalité et la violence,il [&hellip;]
