{"version":"1.0","provider_name":"Mennonite World Conference","provider_url":"https:\/\/mwc-cmm.org\/fr\/","author_name":"Karla Braun","author_url":"https:\/\/mwc-cmm.org\/fr\/stories\/author\/karla\/","title":"Lettre pastorale pour l\u2019action en justice pour la protection des libert\u00e9s religieuses - Mennonite World Conference","type":"rich","width":600,"height":338,"html":"<blockquote class=\"wp-embedded-content\" data-secret=\"lyyoSdC0e7\"><a href=\"https:\/\/mwc-cmm.org\/fr\/stories\/lettre-pastorale-action-justice-protection-libertes-religieuses\/\">Lettre pastorale pour l\u2019action en justice pour la protection des libert\u00e9s religieuses<\/a><\/blockquote><iframe sandbox=\"allow-scripts\" security=\"restricted\" src=\"https:\/\/mwc-cmm.org\/fr\/stories\/lettre-pastorale-action-justice-protection-libertes-religieuses\/embed\/#?secret=lyyoSdC0e7\" width=\"600\" height=\"338\" title=\"\u00ab\u00a0Lettre pastorale pour l\u2019action en justice pour la protection des libert\u00e9s religieuses\u00a0\u00bb &#8212; Mennonite World Conference\" data-secret=\"lyyoSdC0e7\" frameborder=\"0\" marginwidth=\"0\" marginheight=\"0\" scrolling=\"no\" class=\"wp-embedded-content\"><\/iframe><script>\n\/*! This file is auto-generated *\/\n!function(d,l){\"use strict\";l.querySelector&&d.addEventListener&&\"undefined\"!=typeof URL&&(d.wp=d.wp||{},d.wp.receiveEmbedMessage||(d.wp.receiveEmbedMessage=function(e){var t=e.data;if((t||t.secret||t.message||t.value)&&!\/[^a-zA-Z0-9]\/.test(t.secret)){for(var s,r,n,a=l.querySelectorAll('iframe[data-secret=\"'+t.secret+'\"]'),o=l.querySelectorAll('blockquote[data-secret=\"'+t.secret+'\"]'),c=new RegExp(\"^https?:$\",\"i\"),i=0;i<o.length;i++)o[i].style.display=\"none\";for(i=0;i<a.length;i++)s=a[i],e.source===s.contentWindow&&(s.removeAttribute(\"style\"),\"height\"===t.message?(1e3<(r=parseInt(t.value,10))?r=1e3:~~r<200&&(r=200),s.height=r):\"link\"===t.message&&(r=new URL(s.getAttribute(\"src\")),n=new URL(t.value),c.test(n.protocol))&&n.host===r.host&&l.activeElement===s&&(d.top.location.href=t.value))}},d.addEventListener(\"message\",d.wp.receiveEmbedMessage,!1),l.addEventListener(\"DOMContentLoaded\",function(){for(var e,t,s=l.querySelectorAll(\"iframe.wp-embedded-content\"),r=0;r<s.length;r++)(t=(e=s[r]).getAttribute(\"data-secret\"))||(t=Math.random().toString(36).substring(2,12),e.src+=\"#?secret=\"+t,e.setAttribute(\"data-secret\",t)),e.contentWindow.postMessage({message:\"ready\",secret:t},\"*\")},!1)))}(window,document);\n\/\/# sourceURL=https:\/\/mwc-cmm.org\/wp-includes\/js\/wp-embed.min.js\n<\/script>\n","thumbnail_url":"https:\/\/mwc-cmm.org\/wp-content\/uploads\/2025\/02\/20150724RhodaShirk441-scaled.jpg","thumbnail_width":2560,"thumbnail_height":1707,"description":"Nous vous appelons \u00e0 prier pour nos fr\u00e8res et s\u0153urs aux \u00c9tats-Unis qui intentent une action en justice visant \u00e0 r\u00e9tablir le droit des personnes de confession religieuse \u00e0 se r\u00e9unir, \u00e0 pratiquer leur culte et \u00e0 servir sans ing\u00e9rence du gouvernement."}

Lettre pastorale pour l’action en justice pour la protection des libertés religieuses - Mennonite World Conference

<blockquote class="wp-embedded-content" data-secret="lyyoSdC0e7"><a href="https://mwc-cmm.org/fr/stories/lettre-pastorale-action-justice-protection-libertes-religieuses/">Lettre pastorale pour l’action en justice pour la protection des libertés religieuses</a></blockquote><iframe sandbox="allow-scripts" security="restricted" src="https://mwc-cmm.org/fr/stories/lettre-pastorale-action-justice-protection-libertes-religieuses/embed/#?secret=lyyoSdC0e7" width="600" height="338" title="« Lettre pastorale pour l’action en justice pour la protection des libertés religieuses » &#8212; Mennonite World Conference" data-secret="lyyoSdC0e7" frameborder="0" marginwidth="0" marginheight="0" scrolling="no" class="wp-embedded-content"></iframe><script>
/*! This file is auto-generated */
!function(d,l){"use strict";l.querySelector&&d.addEventListener&&"undefined"!=typeof URL&&(d.wp=d.wp||{},d.wp.receiveEmbedMessage||(d.wp.receiveEmbedMessage=function(e){var t=e.data;if((t||t.secret||t.message||t.value)&&!/[^a-zA-Z0-9]/.test(t.secret)){for(var s,r,n,a=l.querySelectorAll('iframe[data-secret="'+t.secret+'"]'),o=l.querySelectorAll('blockquote[data-secret="'+t.secret+'"]'),c=new RegExp("^https?:$","i"),i=0;i<o.length;i++)o[i].style.display="none";for(i=0;i<a.length;i++)s=a[i],e.source===s.contentWindow&&(s.removeAttribute("style"),"height"===t.message?(1e3<(r=parseInt(t.value,10))?r=1e3:~~r<200&&(r=200),s.height=r):"link"===t.message&&(r=new URL(s.getAttribute("src")),n=new URL(t.value),c.test(n.protocol))&&n.host===r.host&&l.activeElement===s&&(d.top.location.href=t.value))}},d.addEventListener("message",d.wp.receiveEmbedMessage,!1),l.addEventListener("DOMContentLoaded",function(){for(var e,t,s=l.querySelectorAll("iframe.wp-embedded-content"),r=0;r<s.length;r++)(t=(e=s[r]).getAttribute("data-secret"))||(t=Math.random().toString(36).substring(2,12),e.src+="#?secret="+t,e.setAttribute("data-secret",t)),e.contentWindow.postMessage({message:"ready",secret:t},"*")},!1)))}(window,document);
//# sourceURL=https://mwc-cmm.org/wp-includes/js/wp-embed.min.js
</script>

Nous vous appelons à prier pour nos frères et sœurs aux États-Unis qui intentent une action en justice visant à rétablir le droit des personnes de confession religieuse à se réunir, à pratiquer leur culte et à servir sans ingérence du gouvernement.
