{"version":"1.0","provider_name":"Mennonite World Conference","provider_url":"https:\/\/mwc-cmm.org\/fr\/","author_name":"mennworldcon","author_url":"https:\/\/mwc-cmm.org\/fr\/stories\/author\/mennworldcon\/","title":"\u00ab Le renouveau viendra en osant \u00bb - Mennonite World Conference","type":"rich","width":600,"height":338,"html":"<blockquote class=\"wp-embedded-content\" data-secret=\"3KryRd2A7p\"><a href=\"https:\/\/mwc-cmm.org\/fr\/stories\/le-renouveau-viendra-en-osant\/\">\u00ab Le renouveau viendra en osant \u00bb<\/a><\/blockquote><iframe sandbox=\"allow-scripts\" security=\"restricted\" src=\"https:\/\/mwc-cmm.org\/fr\/stories\/le-renouveau-viendra-en-osant\/embed\/#?secret=3KryRd2A7p\" width=\"600\" height=\"338\" title=\"\u00ab\u00a0\u00ab Le renouveau viendra en osant \u00bb\u00a0\u00bb &#8212; Mennonite World Conference\" data-secret=\"3KryRd2A7p\" frameborder=\"0\" marginwidth=\"0\" marginheight=\"0\" scrolling=\"no\" class=\"wp-embedded-content\"><\/iframe><script>\n\/*! This file is auto-generated *\/\n!function(d,l){\"use strict\";l.querySelector&&d.addEventListener&&\"undefined\"!=typeof URL&&(d.wp=d.wp||{},d.wp.receiveEmbedMessage||(d.wp.receiveEmbedMessage=function(e){var t=e.data;if((t||t.secret||t.message||t.value)&&!\/[^a-zA-Z0-9]\/.test(t.secret)){for(var s,r,n,a=l.querySelectorAll('iframe[data-secret=\"'+t.secret+'\"]'),o=l.querySelectorAll('blockquote[data-secret=\"'+t.secret+'\"]'),c=new RegExp(\"^https?:$\",\"i\"),i=0;i<o.length;i++)o[i].style.display=\"none\";for(i=0;i<a.length;i++)s=a[i],e.source===s.contentWindow&&(s.removeAttribute(\"style\"),\"height\"===t.message?(1e3<(r=parseInt(t.value,10))?r=1e3:~~r<200&&(r=200),s.height=r):\"link\"===t.message&&(r=new URL(s.getAttribute(\"src\")),n=new URL(t.value),c.test(n.protocol))&&n.host===r.host&&l.activeElement===s&&(d.top.location.href=t.value))}},d.addEventListener(\"message\",d.wp.receiveEmbedMessage,!1),l.addEventListener(\"DOMContentLoaded\",function(){for(var e,t,s=l.querySelectorAll(\"iframe.wp-embedded-content\"),r=0;r<s.length;r++)(t=(e=s[r]).getAttribute(\"data-secret\"))||(t=Math.random().toString(36).substring(2,12),e.src+=\"#?secret=\"+t,e.setAttribute(\"data-secret\",t)),e.contentWindow.postMessage({message:\"ready\",secret:t},\"*\")},!1)))}(window,document);\n\/\/# sourceURL=https:\/\/mwc-cmm.org\/wp-includes\/js\/wp-embed.min.js\n<\/script>\n","thumbnail_url":"https:\/\/mwc-cmm.org\/wp-content\/uploads\/2024\/11\/201911-jnk-daring-astrid-walter-scaled.jpg","thumbnail_width":2560,"thumbnail_height":2107,"description":"Il n\u2019y avait pas une \u00ab&nbsp;th\u00e9ologie anabaptiste&nbsp;\u00bb au 16e si\u00e8cle \u2013 il y avait plusieurs th\u00e9ologies anabaptistes, dit Astrid von Schlachta. L\u2019historienne mennonite dirige la comm\u00e9moration du mouvement anabaptisme qui c\u00e9l\u00e9brera son 500e anniversaire en 2025. \u00ab&nbsp;Oser&nbsp;\u00bb est le th\u00e8me de cette comm\u00e9moration, projet commun des mennonites et des baptistes, qui examine ce que signifie un mouvement anabaptiste pour l\u2019\u00e9glise d\u2019aujourd\u2019hui \u00e0 la lumi\u00e8re de son histoire."}

Il n’y avait pas une «&nbsp;théologie anabaptiste&nbsp;» au 16e siècle – il y avait plusieurs théologies anabaptistes, dit Astrid von Schlachta. L’historienne mennonite dirige la commémoration du mouvement anabaptisme qui célébrera son 500e anniversaire en 2025. «&nbsp;Oser&nbsp;» est le thème de cette commémoration, projet commun des mennonites et des baptistes, qui examine ce que signifie un mouvement anabaptiste pour l’église d’aujourd’hui à la lumière de son histoire.
