{"version":"1.0","provider_name":"Mennonite World Conference","provider_url":"https:\/\/mwc-cmm.org\/fr\/","author_name":"mennworldcon","author_url":"https:\/\/mwc-cmm.org\/fr\/stories\/author\/mennworldcon\/","title":"\u00catre Mennonite, en France, aujourd\u2019hui ? - Mennonite World Conference","type":"rich","width":600,"height":338,"html":"<blockquote class=\"wp-embedded-content\" data-secret=\"8p9p3Ng52R\"><a href=\"https:\/\/mwc-cmm.org\/fr\/stories\/etre-mennonite-en-france-aujourdhui\/\">\u00catre Mennonite, en France, aujourd\u2019hui ?<\/a><\/blockquote><iframe sandbox=\"allow-scripts\" security=\"restricted\" src=\"https:\/\/mwc-cmm.org\/fr\/stories\/etre-mennonite-en-france-aujourdhui\/embed\/#?secret=8p9p3Ng52R\" width=\"600\" height=\"338\" title=\"\u00ab\u00a0\u00catre Mennonite, en France, aujourd\u2019hui ?\u00a0\u00bb &#8212; Mennonite World Conference\" data-secret=\"8p9p3Ng52R\" frameborder=\"0\" marginwidth=\"0\" marginheight=\"0\" scrolling=\"no\" class=\"wp-embedded-content\"><\/iframe><script>\n\/*! This file is auto-generated *\/\n!function(d,l){\"use strict\";l.querySelector&&d.addEventListener&&\"undefined\"!=typeof URL&&(d.wp=d.wp||{},d.wp.receiveEmbedMessage||(d.wp.receiveEmbedMessage=function(e){var t=e.data;if((t||t.secret||t.message||t.value)&&!\/[^a-zA-Z0-9]\/.test(t.secret)){for(var s,r,n,a=l.querySelectorAll('iframe[data-secret=\"'+t.secret+'\"]'),o=l.querySelectorAll('blockquote[data-secret=\"'+t.secret+'\"]'),c=new RegExp(\"^https?:$\",\"i\"),i=0;i<o.length;i++)o[i].style.display=\"none\";for(i=0;i<a.length;i++)s=a[i],e.source===s.contentWindow&&(s.removeAttribute(\"style\"),\"height\"===t.message?(1e3<(r=parseInt(t.value,10))?r=1e3:~~r<200&&(r=200),s.height=r):\"link\"===t.message&&(r=new URL(s.getAttribute(\"src\")),n=new URL(t.value),c.test(n.protocol))&&n.host===r.host&&l.activeElement===s&&(d.top.location.href=t.value))}},d.addEventListener(\"message\",d.wp.receiveEmbedMessage,!1),l.addEventListener(\"DOMContentLoaded\",function(){for(var e,t,s=l.querySelectorAll(\"iframe.wp-embedded-content\"),r=0;r<s.length;r++)(t=(e=s[r]).getAttribute(\"data-secret\"))||(t=Math.random().toString(36).substring(2,12),e.src+=\"#?secret=\"+t,e.setAttribute(\"data-secret\",t)),e.contentWindow.postMessage({message:\"ready\",secret:t},\"*\")},!1)))}(window,document);\n\/\/# sourceURL=https:\/\/mwc-cmm.org\/wp-includes\/js\/wp-embed.min.js\n<\/script>\n","thumbnail_url":"https:\/\/mwc-cmm.org\/wp-content\/uploads\/2024\/11\/photo_article_rmf_credit_claude_nommay-scaled.jpg","thumbnail_width":2560,"thumbnail_height":1920,"description":"Observateur du monde mennonite fran\u00e7ais depuis 35 ans, Didier Bellefleur a accept\u00e9 de partager son regard personnel sur cette identit\u00e9 mennonite en 2020. La syntaxe de ce titre est volontairement bancale. Ce qui commence comme une affirmation simple, objective, se termine par un questionnement, tant il est vrai que l\u2019identit\u00e9 mennonite fran\u00e7aise me para\u00eet probl\u00e9matique. [&hellip;]"}

Être Mennonite, en France, aujourd’hui ? - Mennonite World Conference

<blockquote class="wp-embedded-content" data-secret="8p9p3Ng52R"><a href="https://mwc-cmm.org/fr/stories/etre-mennonite-en-france-aujourdhui/">Être Mennonite, en France, aujourd’hui ?</a></blockquote><iframe sandbox="allow-scripts" security="restricted" src="https://mwc-cmm.org/fr/stories/etre-mennonite-en-france-aujourdhui/embed/#?secret=8p9p3Ng52R" width="600" height="338" title="« Être Mennonite, en France, aujourd’hui ? » &#8212; Mennonite World Conference" data-secret="8p9p3Ng52R" frameborder="0" marginwidth="0" marginheight="0" scrolling="no" class="wp-embedded-content"></iframe><script>
/*! This file is auto-generated */
!function(d,l){"use strict";l.querySelector&&d.addEventListener&&"undefined"!=typeof URL&&(d.wp=d.wp||{},d.wp.receiveEmbedMessage||(d.wp.receiveEmbedMessage=function(e){var t=e.data;if((t||t.secret||t.message||t.value)&&!/[^a-zA-Z0-9]/.test(t.secret)){for(var s,r,n,a=l.querySelectorAll('iframe[data-secret="'+t.secret+'"]'),o=l.querySelectorAll('blockquote[data-secret="'+t.secret+'"]'),c=new RegExp("^https?:$","i"),i=0;i<o.length;i++)o[i].style.display="none";for(i=0;i<a.length;i++)s=a[i],e.source===s.contentWindow&&(s.removeAttribute("style"),"height"===t.message?(1e3<(r=parseInt(t.value,10))?r=1e3:~~r<200&&(r=200),s.height=r):"link"===t.message&&(r=new URL(s.getAttribute("src")),n=new URL(t.value),c.test(n.protocol))&&n.host===r.host&&l.activeElement===s&&(d.top.location.href=t.value))}},d.addEventListener("message",d.wp.receiveEmbedMessage,!1),l.addEventListener("DOMContentLoaded",function(){for(var e,t,s=l.querySelectorAll("iframe.wp-embedded-content"),r=0;r<s.length;r++)(t=(e=s[r]).getAttribute("data-secret"))||(t=Math.random().toString(36).substring(2,12),e.src+="#?secret="+t,e.setAttribute("data-secret",t)),e.contentWindow.postMessage({message:"ready",secret:t},"*")},!1)))}(window,document);
//# sourceURL=https://mwc-cmm.org/wp-includes/js/wp-embed.min.js
</script>

Observateur du monde mennonite français depuis 35 ans, Didier Bellefleur a accepté de partager son regard personnel sur cette identité mennonite en 2020. La syntaxe de ce titre est volontairement bancale. Ce qui commence comme une affirmation simple, objective, se termine par un questionnement, tant il est vrai que l’identité mennonite française me paraît problématique. [&hellip;]
