{"version":"1.0","provider_name":"Mennonite World Conference","provider_url":"https:\/\/mwc-cmm.org\/fr\/","author_name":"mennworldcon","author_url":"https:\/\/mwc-cmm.org\/fr\/stories\/author\/mennworldcon\/","title":"Adorer un Esprit vivant et agissant ! - Mennonite World Conference","type":"rich","width":600,"height":338,"html":"<blockquote class=\"wp-embedded-content\" data-secret=\"yrWo1HoVJU\"><a href=\"https:\/\/mwc-cmm.org\/fr\/stories\/adorer-un-esprit-vivant-et-agissant\/\">Adorer un Esprit vivant et agissant !<\/a><\/blockquote><iframe sandbox=\"allow-scripts\" security=\"restricted\" src=\"https:\/\/mwc-cmm.org\/fr\/stories\/adorer-un-esprit-vivant-et-agissant\/embed\/#?secret=yrWo1HoVJU\" width=\"600\" height=\"338\" title=\"\u00ab\u00a0Adorer un Esprit vivant et agissant !\u00a0\u00bb &#8212; Mennonite World Conference\" data-secret=\"yrWo1HoVJU\" frameborder=\"0\" marginwidth=\"0\" marginheight=\"0\" scrolling=\"no\" class=\"wp-embedded-content\"><\/iframe><script>\n\/*! This file is auto-generated *\/\n!function(d,l){\"use strict\";l.querySelector&&d.addEventListener&&\"undefined\"!=typeof URL&&(d.wp=d.wp||{},d.wp.receiveEmbedMessage||(d.wp.receiveEmbedMessage=function(e){var t=e.data;if((t||t.secret||t.message||t.value)&&!\/[^a-zA-Z0-9]\/.test(t.secret)){for(var s,r,n,a=l.querySelectorAll('iframe[data-secret=\"'+t.secret+'\"]'),o=l.querySelectorAll('blockquote[data-secret=\"'+t.secret+'\"]'),c=new RegExp(\"^https?:$\",\"i\"),i=0;i<o.length;i++)o[i].style.display=\"none\";for(i=0;i<a.length;i++)s=a[i],e.source===s.contentWindow&&(s.removeAttribute(\"style\"),\"height\"===t.message?(1e3<(r=parseInt(t.value,10))?r=1e3:~~r<200&&(r=200),s.height=r):\"link\"===t.message&&(r=new URL(s.getAttribute(\"src\")),n=new URL(t.value),c.test(n.protocol))&&n.host===r.host&&l.activeElement===s&&(d.top.location.href=t.value))}},d.addEventListener(\"message\",d.wp.receiveEmbedMessage,!1),l.addEventListener(\"DOMContentLoaded\",function(){for(var e,t,s=l.querySelectorAll(\"iframe.wp-embedded-content\"),r=0;r<s.length;r++)(t=(e=s[r]).getAttribute(\"data-secret\"))||(t=Math.random().toString(36).substring(2,12),e.src+=\"#?secret=\"+t,e.setAttribute(\"data-secret\",t)),e.contentWindow.postMessage({message:\"ready\",secret:t},\"*\")},!1)))}(window,document);\n\/\/# sourceURL=https:\/\/mwc-cmm.org\/wp-includes\/js\/wp-embed.min.js\n<\/script>\n","thumbnail_url":"https:\/\/mwc-cmm.org\/wp-content\/uploads\/2024\/11\/img_8093.jpg","thumbnail_width":1920,"thumbnail_height":1280,"description":"Allemagne Mon parcours spirituel dans et hors des traditions mennonites et pentec\u00f4tistes commence avant ma naissance. \u00ca 18 ans, ma m\u00e8re a quitt\u00e9 l\u2019\u00e9glise mennonite apr\u00e8s un commentaire irr\u00e9fl\u00e9chi et franchement embarrassant fait \u00e0 son encontre, du haut de la chaire. Mon p\u00e8re et elle ont \u00e9lev\u00e9 leurs enfants dans des \u00e9glises \u00e9vang\u00e9liques jusqu\u2019\u00e0 ce [&hellip;]"}

Allemagne Mon parcours spirituel dans et hors des traditions mennonites et pentecôtistes commence avant ma naissance. Ê 18 ans, ma mère a quitté l’église mennonite après un commentaire irréfléchi et franchement embarrassant fait à son encontre, du haut de la chaire. Mon père et elle ont élevé leurs enfants dans des églises évangéliques jusqu’à ce [&hellip;]
