{"version":"1.0","provider_name":"Mennonite World Conference","provider_url":"https:\/\/mwc-cmm.org\/fr\/","author_name":"mennworldcon","author_url":"https:\/\/mwc-cmm.org\/fr\/stories\/author\/mennworldcon\/","title":"Adorer Dieu ensemble au-del\u00e0 des barri\u00e8res - Mennonite World Conference","type":"rich","width":600,"height":338,"html":"<blockquote class=\"wp-embedded-content\" data-secret=\"V6o6n9PPrb\"><a href=\"https:\/\/mwc-cmm.org\/fr\/stories\/adorer-dieu-ensemble-au-dela-des-barrieres\/\">Adorer Dieu ensemble au-del\u00e0 des barri\u00e8res<\/a><\/blockquote><iframe sandbox=\"allow-scripts\" security=\"restricted\" src=\"https:\/\/mwc-cmm.org\/fr\/stories\/adorer-dieu-ensemble-au-dela-des-barrieres\/embed\/#?secret=V6o6n9PPrb\" width=\"600\" height=\"338\" title=\"\u00ab\u00a0Adorer Dieu ensemble au-del\u00e0 des barri\u00e8res\u00a0\u00bb &#8212; Mennonite World Conference\" data-secret=\"V6o6n9PPrb\" frameborder=\"0\" marginwidth=\"0\" marginheight=\"0\" scrolling=\"no\" class=\"wp-embedded-content\"><\/iframe><script>\n\/*! This file is auto-generated *\/\n!function(d,l){\"use strict\";l.querySelector&&d.addEventListener&&\"undefined\"!=typeof URL&&(d.wp=d.wp||{},d.wp.receiveEmbedMessage||(d.wp.receiveEmbedMessage=function(e){var t=e.data;if((t||t.secret||t.message||t.value)&&!\/[^a-zA-Z0-9]\/.test(t.secret)){for(var s,r,n,a=l.querySelectorAll('iframe[data-secret=\"'+t.secret+'\"]'),o=l.querySelectorAll('blockquote[data-secret=\"'+t.secret+'\"]'),c=new RegExp(\"^https?:$\",\"i\"),i=0;i<o.length;i++)o[i].style.display=\"none\";for(i=0;i<a.length;i++)s=a[i],e.source===s.contentWindow&&(s.removeAttribute(\"style\"),\"height\"===t.message?(1e3<(r=parseInt(t.value,10))?r=1e3:~~r<200&&(r=200),s.height=r):\"link\"===t.message&&(r=new URL(s.getAttribute(\"src\")),n=new URL(t.value),c.test(n.protocol))&&n.host===r.host&&l.activeElement===s&&(d.top.location.href=t.value))}},d.addEventListener(\"message\",d.wp.receiveEmbedMessage,!1),l.addEventListener(\"DOMContentLoaded\",function(){for(var e,t,s=l.querySelectorAll(\"iframe.wp-embedded-content\"),r=0;r<s.length;r++)(t=(e=s[r]).getAttribute(\"data-secret\"))||(t=Math.random().toString(36).substring(2,12),e.src+=\"#?secret=\"+t,e.setAttribute(\"data-secret\",t)),e.contentWindow.postMessage({message:\"ready\",secret:t},\"*\")},!1)))}(window,document);\n\/\/# sourceURL=https:\/\/mwc-cmm.org\/wp-includes\/js\/wp-embed.min.js\n<\/script>\n","thumbnail_url":"https:\/\/mwc-cmm.org\/wp-content\/uploads\/2024\/10\/img-20220223-wa0015.jpg","thumbnail_width":180,"thumbnail_height":135,"description":"\u00ab&nbsp;Je vois une seule famille avec beaucoup de membres, qui adorent le m\u00eame P\u00e8re&nbsp;\u00bb, dit Natacha Kyendrebeogo du Burkina Faso.&nbsp; Elle est l\u2019une des quatre jeunes qui \u0153uvrent dans le cadre de YAMEN au sein de l\u2019\u00e9quipe de l\u2019Assembl\u00e9e de la Conf\u00e9rence Mennonite Mondiale (CMM) en Indon\u00e9sie. YAMEN (R\u00e9seau Anabaptiste Mondial d\u2019Echange de Jeunes ) [&hellip;]"}

Adorer Dieu ensemble au-delà des barrières - Mennonite World Conference

<blockquote class="wp-embedded-content" data-secret="V6o6n9PPrb"><a href="https://mwc-cmm.org/fr/stories/adorer-dieu-ensemble-au-dela-des-barrieres/">Adorer Dieu ensemble au-delà des barrières</a></blockquote><iframe sandbox="allow-scripts" security="restricted" src="https://mwc-cmm.org/fr/stories/adorer-dieu-ensemble-au-dela-des-barrieres/embed/#?secret=V6o6n9PPrb" width="600" height="338" title="« Adorer Dieu ensemble au-delà des barrières » &#8212; Mennonite World Conference" data-secret="V6o6n9PPrb" frameborder="0" marginwidth="0" marginheight="0" scrolling="no" class="wp-embedded-content"></iframe><script>
/*! This file is auto-generated */
!function(d,l){"use strict";l.querySelector&&d.addEventListener&&"undefined"!=typeof URL&&(d.wp=d.wp||{},d.wp.receiveEmbedMessage||(d.wp.receiveEmbedMessage=function(e){var t=e.data;if((t||t.secret||t.message||t.value)&&!/[^a-zA-Z0-9]/.test(t.secret)){for(var s,r,n,a=l.querySelectorAll('iframe[data-secret="'+t.secret+'"]'),o=l.querySelectorAll('blockquote[data-secret="'+t.secret+'"]'),c=new RegExp("^https?:$","i"),i=0;i<o.length;i++)o[i].style.display="none";for(i=0;i<a.length;i++)s=a[i],e.source===s.contentWindow&&(s.removeAttribute("style"),"height"===t.message?(1e3<(r=parseInt(t.value,10))?r=1e3:~~r<200&&(r=200),s.height=r):"link"===t.message&&(r=new URL(s.getAttribute("src")),n=new URL(t.value),c.test(n.protocol))&&n.host===r.host&&l.activeElement===s&&(d.top.location.href=t.value))}},d.addEventListener("message",d.wp.receiveEmbedMessage,!1),l.addEventListener("DOMContentLoaded",function(){for(var e,t,s=l.querySelectorAll("iframe.wp-embedded-content"),r=0;r<s.length;r++)(t=(e=s[r]).getAttribute("data-secret"))||(t=Math.random().toString(36).substring(2,12),e.src+="#?secret="+t,e.setAttribute("data-secret",t)),e.contentWindow.postMessage({message:"ready",secret:t},"*")},!1)))}(window,document);
//# sourceURL=https://mwc-cmm.org/wp-includes/js/wp-embed.min.js
</script>

«&nbsp;Je vois une seule famille avec beaucoup de membres, qui adorent le même Père&nbsp;», dit Natacha Kyendrebeogo du Burkina Faso.&nbsp; Elle est l’une des quatre jeunes qui œuvrent dans le cadre de YAMEN au sein de l’équipe de l’Assemblée de la Conférence Mennonite Mondiale (CMM) en Indonésie. YAMEN (Réseau Anabaptiste Mondial d’Echange de Jeunes ) [&hellip;]
