{"version":"1.0","provider_name":"Mennonite World Conference","provider_url":"https:\/\/mwc-cmm.org\/fr\/","author_name":"Stephanie Setiawan","author_url":"https:\/\/mwc-cmm.org\/fr\/stories\/author\/stephanie\/","title":"\u00catre baptis\u00e9 \u00e0 la suite de J\u00e9sus - Mennonite World Conference","type":"rich","width":600,"height":338,"html":"<blockquote class=\"wp-embedded-content\" data-secret=\"gbRfa6HvQ9\"><a href=\"https:\/\/mwc-cmm.org\/fr\/resources\/etre-baptise-a-la-suite-de-jesus\/\">\u00catre baptis\u00e9 \u00e0 la suite de J\u00e9sus<\/a><\/blockquote><iframe sandbox=\"allow-scripts\" security=\"restricted\" src=\"https:\/\/mwc-cmm.org\/fr\/resources\/etre-baptise-a-la-suite-de-jesus\/embed\/#?secret=gbRfa6HvQ9\" width=\"600\" height=\"338\" title=\"\u00ab\u00a0\u00catre baptis\u00e9 \u00e0 la suite de J\u00e9sus\u00a0\u00bb &#8212; Mennonite World Conference\" data-secret=\"gbRfa6HvQ9\" frameborder=\"0\" marginwidth=\"0\" marginheight=\"0\" scrolling=\"no\" class=\"wp-embedded-content\"><\/iframe><script>\n\/*! This file is auto-generated *\/\n!function(d,l){\"use strict\";l.querySelector&&d.addEventListener&&\"undefined\"!=typeof URL&&(d.wp=d.wp||{},d.wp.receiveEmbedMessage||(d.wp.receiveEmbedMessage=function(e){var t=e.data;if((t||t.secret||t.message||t.value)&&!\/[^a-zA-Z0-9]\/.test(t.secret)){for(var s,r,n,a=l.querySelectorAll('iframe[data-secret=\"'+t.secret+'\"]'),o=l.querySelectorAll('blockquote[data-secret=\"'+t.secret+'\"]'),c=new RegExp(\"^https?:$\",\"i\"),i=0;i<o.length;i++)o[i].style.display=\"none\";for(i=0;i<a.length;i++)s=a[i],e.source===s.contentWindow&&(s.removeAttribute(\"style\"),\"height\"===t.message?(1e3<(r=parseInt(t.value,10))?r=1e3:~~r<200&&(r=200),s.height=r):\"link\"===t.message&&(r=new URL(s.getAttribute(\"src\")),n=new URL(t.value),c.test(n.protocol))&&n.host===r.host&&l.activeElement===s&&(d.top.location.href=t.value))}},d.addEventListener(\"message\",d.wp.receiveEmbedMessage,!1),l.addEventListener(\"DOMContentLoaded\",function(){for(var e,t,s=l.querySelectorAll(\"iframe.wp-embedded-content\"),r=0;r<s.length;r++)(t=(e=s[r]).getAttribute(\"data-secret\"))||(t=Math.random().toString(36).substring(2,12),e.src+=\"#?secret=\"+t,e.setAttribute(\"data-secret\",t)),e.contentWindow.postMessage({message:\"ready\",secret:t},\"*\")},!1)))}(window,document);\n\/\/# sourceURL=https:\/\/mwc-cmm.org\/wp-includes\/js\/wp-embed.min.js\n<\/script>\n","description":"Rev\u00eatus ensemble du Christ Pr\u00e9sent\u00e9 par Thomas R Yoder Neufeld \u00c0 l\u2019occasion du 500e anniversaire du mouvement anabaptiste et du 100e anniversaire de la CMM, nous pouvons saisir l\u2019occasion de r\u00e9fl\u00e9chir profond\u00e9ment \u00e0 nos origines, \u00e0 notre situation actuelle et \u00e0 notre avenir."}

Être baptisé à la suite de Jésus - Mennonite World Conference

<blockquote class="wp-embedded-content" data-secret="gbRfa6HvQ9"><a href="https://mwc-cmm.org/fr/resources/etre-baptise-a-la-suite-de-jesus/">Être baptisé à la suite de Jésus</a></blockquote><iframe sandbox="allow-scripts" security="restricted" src="https://mwc-cmm.org/fr/resources/etre-baptise-a-la-suite-de-jesus/embed/#?secret=gbRfa6HvQ9" width="600" height="338" title="« Être baptisé à la suite de Jésus » &#8212; Mennonite World Conference" data-secret="gbRfa6HvQ9" frameborder="0" marginwidth="0" marginheight="0" scrolling="no" class="wp-embedded-content"></iframe><script>
/*! This file is auto-generated */
!function(d,l){"use strict";l.querySelector&&d.addEventListener&&"undefined"!=typeof URL&&(d.wp=d.wp||{},d.wp.receiveEmbedMessage||(d.wp.receiveEmbedMessage=function(e){var t=e.data;if((t||t.secret||t.message||t.value)&&!/[^a-zA-Z0-9]/.test(t.secret)){for(var s,r,n,a=l.querySelectorAll('iframe[data-secret="'+t.secret+'"]'),o=l.querySelectorAll('blockquote[data-secret="'+t.secret+'"]'),c=new RegExp("^https?:$","i"),i=0;i<o.length;i++)o[i].style.display="none";for(i=0;i<a.length;i++)s=a[i],e.source===s.contentWindow&&(s.removeAttribute("style"),"height"===t.message?(1e3<(r=parseInt(t.value,10))?r=1e3:~~r<200&&(r=200),s.height=r):"link"===t.message&&(r=new URL(s.getAttribute("src")),n=new URL(t.value),c.test(n.protocol))&&n.host===r.host&&l.activeElement===s&&(d.top.location.href=t.value))}},d.addEventListener("message",d.wp.receiveEmbedMessage,!1),l.addEventListener("DOMContentLoaded",function(){for(var e,t,s=l.querySelectorAll("iframe.wp-embedded-content"),r=0;r<s.length;r++)(t=(e=s[r]).getAttribute("data-secret"))||(t=Math.random().toString(36).substring(2,12),e.src+="#?secret="+t,e.setAttribute("data-secret",t)),e.contentWindow.postMessage({message:"ready",secret:t},"*")},!1)))}(window,document);
//# sourceURL=https://mwc-cmm.org/wp-includes/js/wp-embed.min.js
</script>

Revêtus ensemble du Christ Présenté par Thomas R Yoder Neufeld À l’occasion du 500e anniversaire du mouvement anabaptiste et du 100e anniversaire de la CMM, nous pouvons saisir l’occasion de réfléchir profondément à nos origines, à notre situation actuelle et à notre avenir.
