{"version":"1.0","provider_name":"Mennonite World Conference","provider_url":"https:\/\/mwc-cmm.org\/fr\/","author_name":"Stephanie Setiawan","author_url":"https:\/\/mwc-cmm.org\/fr\/stories\/author\/stephanie\/","title":"PN-July-25-DRC - Mennonite World Conference","type":"rich","width":600,"height":338,"html":"<blockquote class=\"wp-embedded-content\" data-secret=\"YvYYhIqO3z\"><a href=\"https:\/\/mwc-cmm.org\/fr\/prayer\/pn-july-25-drc\/\">PN-July-25-DRC<\/a><\/blockquote><iframe sandbox=\"allow-scripts\" security=\"restricted\" src=\"https:\/\/mwc-cmm.org\/fr\/prayer\/pn-july-25-drc\/embed\/#?secret=YvYYhIqO3z\" width=\"600\" height=\"338\" title=\"\u00ab\u00a0PN-July-25-DRC\u00a0\u00bb &#8212; Mennonite World Conference\" data-secret=\"YvYYhIqO3z\" frameborder=\"0\" marginwidth=\"0\" marginheight=\"0\" scrolling=\"no\" class=\"wp-embedded-content\"><\/iframe><script>\n\/*! This file is auto-generated *\/\n!function(d,l){\"use strict\";l.querySelector&&d.addEventListener&&\"undefined\"!=typeof URL&&(d.wp=d.wp||{},d.wp.receiveEmbedMessage||(d.wp.receiveEmbedMessage=function(e){var t=e.data;if((t||t.secret||t.message||t.value)&&!\/[^a-zA-Z0-9]\/.test(t.secret)){for(var s,r,n,a=l.querySelectorAll('iframe[data-secret=\"'+t.secret+'\"]'),o=l.querySelectorAll('blockquote[data-secret=\"'+t.secret+'\"]'),c=new RegExp(\"^https?:$\",\"i\"),i=0;i<o.length;i++)o[i].style.display=\"none\";for(i=0;i<a.length;i++)s=a[i],e.source===s.contentWindow&&(s.removeAttribute(\"style\"),\"height\"===t.message?(1e3<(r=parseInt(t.value,10))?r=1e3:~~r<200&&(r=200),s.height=r):\"link\"===t.message&&(r=new URL(s.getAttribute(\"src\")),n=new URL(t.value),c.test(n.protocol))&&n.host===r.host&&l.activeElement===s&&(d.top.location.href=t.value))}},d.addEventListener(\"message\",d.wp.receiveEmbedMessage,!1),l.addEventListener(\"DOMContentLoaded\",function(){for(var e,t,s=l.querySelectorAll(\"iframe.wp-embedded-content\"),r=0;r<s.length;r++)(t=(e=s[r]).getAttribute(\"data-secret\"))||(t=Math.random().toString(36).substring(2,12),e.src+=\"#?secret=\"+t,e.setAttribute(\"data-secret\",t)),e.contentWindow.postMessage({message:\"ready\",secret:t},\"*\")},!1)))}(window,document);\n\/\/# sourceURL=https:\/\/mwc-cmm.org\/wp-includes\/js\/wp-embed.min.js\n<\/script>\n","thumbnail_url":"https:\/\/mwc-cmm.org\/wp-content\/uploads\/2025\/08\/20231022SiakaTraoreIMG_2110-scaled.jpg","thumbnail_width":2560,"thumbnail_height":1657,"description":"Louons Dieu pour les \u00e9glises de la R\u00e9publique d\u00e9mocratique du Congo qui continuent \u00e0 partager l\u2019\u00c9vangile malgr\u00e9 la guerre dans l\u2019est du pays. Prions pour ceux qui sont directement touch\u00e9s par la violence et les souffrances du conflit. La CMM compte quatre \u00e9glises membres en R\u00e9publique d\u00e9mocratique du Congo. Photo : Eglise Communaute Mennonite de [&hellip;]"}

Louons Dieu pour les églises de la République démocratique du Congo qui continuent à partager l’Évangile malgré la guerre dans l’est du pays. Prions pour ceux qui sont directement touchés par la violence et les souffrances du conflit. La CMM compte quatre églises membres en République démocratique du Congo. Photo : Eglise Communaute Mennonite de [&hellip;]
