{"version":"1.0","provider_name":"Mennonite World Conference","provider_url":"https:\/\/mwc-cmm.org\/fr\/","author_name":"mennworldcon","author_url":"https:\/\/mwc-cmm.org\/fr\/stories\/author\/mennworldcon\/","title":"Dimanche de la Fraternit\u00e9 Anabaptiste Mondiale - Mennonite World Conference","type":"rich","width":600,"height":338,"html":"<blockquote class=\"wp-embedded-content\" data-secret=\"sJxcPzDFzr\"><a href=\"https:\/\/mwc-cmm.org\/fr\/dimanche-de-la-fraternite-anabaptiste-mondiale\/\">Dimanche de la Fraternit\u00e9 Anabaptiste Mondiale<\/a><\/blockquote><iframe sandbox=\"allow-scripts\" security=\"restricted\" src=\"https:\/\/mwc-cmm.org\/fr\/dimanche-de-la-fraternite-anabaptiste-mondiale\/embed\/#?secret=sJxcPzDFzr\" width=\"600\" height=\"338\" title=\"\u00ab\u00a0Dimanche de la Fraternit\u00e9 Anabaptiste Mondiale\u00a0\u00bb &#8212; Mennonite World Conference\" data-secret=\"sJxcPzDFzr\" frameborder=\"0\" marginwidth=\"0\" marginheight=\"0\" scrolling=\"no\" class=\"wp-embedded-content\"><\/iframe><script>\n\/*! This file is auto-generated *\/\n!function(d,l){\"use strict\";l.querySelector&&d.addEventListener&&\"undefined\"!=typeof URL&&(d.wp=d.wp||{},d.wp.receiveEmbedMessage||(d.wp.receiveEmbedMessage=function(e){var t=e.data;if((t||t.secret||t.message||t.value)&&!\/[^a-zA-Z0-9]\/.test(t.secret)){for(var s,r,n,a=l.querySelectorAll('iframe[data-secret=\"'+t.secret+'\"]'),o=l.querySelectorAll('blockquote[data-secret=\"'+t.secret+'\"]'),c=new RegExp(\"^https?:$\",\"i\"),i=0;i<o.length;i++)o[i].style.display=\"none\";for(i=0;i<a.length;i++)s=a[i],e.source===s.contentWindow&&(s.removeAttribute(\"style\"),\"height\"===t.message?(1e3<(r=parseInt(t.value,10))?r=1e3:~~r<200&&(r=200),s.height=r):\"link\"===t.message&&(r=new URL(s.getAttribute(\"src\")),n=new URL(t.value),c.test(n.protocol))&&n.host===r.host&&l.activeElement===s&&(d.top.location.href=t.value))}},d.addEventListener(\"message\",d.wp.receiveEmbedMessage,!1),l.addEventListener(\"DOMContentLoaded\",function(){for(var e,t,s=l.querySelectorAll(\"iframe.wp-embedded-content\"),r=0;r<s.length;r++)(t=(e=s[r]).getAttribute(\"data-secret\"))||(t=Math.random().toString(36).substring(2,12),e.src+=\"#?secret=\"+t,e.setAttribute(\"data-secret\",t)),e.contentWindow.postMessage({message:\"ready\",secret:t},\"*\")},!1)))}(window,document);\n\/\/# sourceURL=https:\/\/mwc-cmm.org\/wp-includes\/js\/wp-embed.min.js\n<\/script>\n","description":"Notez cette date! Dimanche 24 janvier 2027 Chaque ann\u00e9e, les \u00e9glises anabaptistes du monde entier sont encourag\u00e9es \u00e0 prier, le dimanche le plus proche du 21 janvier (habituellement le quatri\u00e8me dimanche de janvier), autour d&rsquo;un th\u00e8me commun. En 1525, en cette m\u00eame date, le premier bapt\u00eame anabaptiste avait eu lieu \u00e0 Zurich en Suisse. Le [&hellip;]","thumbnail_url":"https:\/\/mwc-cmm.org\/wp-content\/uploads\/2024\/10\/AnabaptistWorldFellowshipSunday.jpg","thumbnail_width":800,"thumbnail_height":450}

Dimanche de la Fraternité Anabaptiste Mondiale - Mennonite World Conference

<blockquote class="wp-embedded-content" data-secret="sJxcPzDFzr"><a href="https://mwc-cmm.org/fr/dimanche-de-la-fraternite-anabaptiste-mondiale/">Dimanche de la Fraternité Anabaptiste Mondiale</a></blockquote><iframe sandbox="allow-scripts" security="restricted" src="https://mwc-cmm.org/fr/dimanche-de-la-fraternite-anabaptiste-mondiale/embed/#?secret=sJxcPzDFzr" width="600" height="338" title="« Dimanche de la Fraternité Anabaptiste Mondiale » &#8212; Mennonite World Conference" data-secret="sJxcPzDFzr" frameborder="0" marginwidth="0" marginheight="0" scrolling="no" class="wp-embedded-content"></iframe><script>
/*! This file is auto-generated */
!function(d,l){"use strict";l.querySelector&&d.addEventListener&&"undefined"!=typeof URL&&(d.wp=d.wp||{},d.wp.receiveEmbedMessage||(d.wp.receiveEmbedMessage=function(e){var t=e.data;if((t||t.secret||t.message||t.value)&&!/[^a-zA-Z0-9]/.test(t.secret)){for(var s,r,n,a=l.querySelectorAll('iframe[data-secret="'+t.secret+'"]'),o=l.querySelectorAll('blockquote[data-secret="'+t.secret+'"]'),c=new RegExp("^https?:$","i"),i=0;i<o.length;i++)o[i].style.display="none";for(i=0;i<a.length;i++)s=a[i],e.source===s.contentWindow&&(s.removeAttribute("style"),"height"===t.message?(1e3<(r=parseInt(t.value,10))?r=1e3:~~r<200&&(r=200),s.height=r):"link"===t.message&&(r=new URL(s.getAttribute("src")),n=new URL(t.value),c.test(n.protocol))&&n.host===r.host&&l.activeElement===s&&(d.top.location.href=t.value))}},d.addEventListener("message",d.wp.receiveEmbedMessage,!1),l.addEventListener("DOMContentLoaded",function(){for(var e,t,s=l.querySelectorAll("iframe.wp-embedded-content"),r=0;r<s.length;r++)(t=(e=s[r]).getAttribute("data-secret"))||(t=Math.random().toString(36).substring(2,12),e.src+="#?secret="+t,e.setAttribute("data-secret",t)),e.contentWindow.postMessage({message:"ready",secret:t},"*")},!1)))}(window,document);
//# sourceURL=https://mwc-cmm.org/wp-includes/js/wp-embed.min.js
</script>

Notez cette date! Dimanche 24 janvier 2027 Chaque année, les églises anabaptistes du monde entier sont encouragées à prier, le dimanche le plus proche du 21 janvier (habituellement le quatrième dimanche de janvier), autour d&rsquo;un thème commun. En 1525, en cette même date, le premier baptême anabaptiste avait eu lieu à Zurich en Suisse. Le [&hellip;]
