{"id":5295,"date":"2024-04-06T00:00:00","date_gmt":"2024-04-06T00:00:00","guid":{"rendered":"https:\/\/mwc-cmm.org\/prayers\/pn-march-24-southern-africa-2\/"},"modified":"2024-11-27T22:16:36","modified_gmt":"2024-11-27T22:16:36","slug":"pn-march-24-southern-africa-2","status":"publish","type":"prayers","link":"https:\/\/mwc-cmm.org\/es\/prayer\/pn-march-24-southern-africa-2\/","title":{"rendered":"PN-March-24-Southern Africa"},"content":{"rendered":"<p>La mayor parte del sur de \u00a1frica ha recibido pocas lluvias hasta ahora. Los cultivos muestran signos de estr\u00e9s h\u00eddrico o ya son inviables. En Bulawayo (Zimbabue), hasta estos momentos, los embalses que abastecen de agua a la ciudad no han recibido caudales significativos. \u00a1Algunas zonas de la ciudad llevan semanas sin recibir agua! Nos preocupa que enfermedades como el c\u00f3lera puedan propagarse f\u00b7cilmente en la regi\u00f3n. Oremos para que Dios muestre compasi\u00f3n por nuestra regi\u00f3n y nos proporcione lluvias. La situaci\u00f3n es desesperada.<br \/>\n<em>\u201d enviado por Danisa Ndlovu, representante regional de \u00a1frica del Sur<\/em><br \/>\n<span style=\"font-size:12px\">Foto: Kristina Toews<\/span><\/p>\n","protected":false},"excerpt":{"rendered":"<p>La mayor parte del sur de \u00a1frica ha recibido pocas lluvias hasta ahora. Los cultivos muestran signos de estr\u00e9s h\u00eddrico o ya son inviables. En Bulawayo (Zimbabue), hasta estos momentos, los embalses que abastecen de agua a la ciudad no han recibido caudales significativos. \u00a1Algunas zonas de la ciudad llevan semanas sin recibir agua! Nos [&hellip;]<\/p>\n","protected":false},"featured_media":75931,"template":"","class_list":["post-5295","prayers","type-prayers","status-publish","has-post-thumbnail","hentry"],"acf":[],"yoast_head":"<!-- This site is optimized with the Yoast SEO plugin v27.5 - https:\/\/yoast.com\/product\/yoast-seo-wordpress\/ -->\n<title>PN-March-24-Southern Africa - Mennonite World Conference<\/title>\n<meta name=\"robots\" content=\"index, follow, max-snippet:-1, max-image-preview:large, max-video-preview:-1\" \/>\n<link rel=\"canonical\" href=\"https:\/\/mwc-cmm.org\/es\/prayer\/pn-march-24-southern-africa-2\/\" \/>\n<meta property=\"og:locale\" content=\"es_ES\" \/>\n<meta property=\"og:type\" content=\"article\" \/>\n<meta property=\"og:title\" content=\"PN-March-24-Southern Africa - Mennonite World Conference\" \/>\n<meta property=\"og:description\" content=\"La mayor parte del sur de \u00a1frica ha recibido pocas lluvias hasta ahora. Los cultivos muestran signos de estr\u00e9s h\u00eddrico o ya son inviables. En Bulawayo (Zimbabue), hasta estos momentos, los embalses que abastecen de agua a la ciudad no han recibido caudales significativos. \u00a1Algunas zonas de la ciudad llevan semanas sin recibir agua! Nos [&hellip;]\" \/>\n<meta property=\"og:url\" content=\"https:\/\/mwc-cmm.org\/es\/prayer\/pn-march-24-southern-africa-2\/\" \/>\n<meta property=\"og:site_name\" content=\"Mennonite World Conference\" \/>\n<meta property=\"article:publisher\" content=\"https:\/\/www.facebook.com\/MennoniteWorldConference\" \/>\n<meta property=\"article:modified_time\" content=\"2024-11-27T22:16:36+00:00\" \/>\n<meta property=\"og:image\" content=\"https:\/\/mwc-cmm.org\/wp-content\/uploads\/2024\/11\/20180424kristinatoews2018-04-24_17.53.06-scaled.jpg\" \/>\n\t<meta property=\"og:image:width\" content=\"2560\" \/>\n\t<meta property=\"og:image:height\" content=\"1920\" \/>\n\t<meta property=\"og:image:type\" content=\"image\/jpeg\" \/>\n<script type=\"application\/ld+json\" class=\"yoast-schema-graph\">{\"@context\":\"https:\\\/\\\/schema.org\",\"@graph\":[{\"@type\":\"WebPage\",\"@id\":\"https:\\\/\\\/mwc-cmm.org\\\/es\\\/prayer\\\/pn-march-24-southern-africa-2\\\/\",\"url\":\"https:\\\/\\\/mwc-cmm.org\\\/es\\\/prayer\\\/pn-march-24-southern-africa-2\\\/\",\"name\":\"PN-March-24-Southern Africa - Mennonite World Conference\",\"isPartOf\":{\"@id\":\"https:\\\/\\\/mwc-cmm.org\\\/en\\\/#website\"},\"primaryImageOfPage\":{\"@id\":\"https:\\\/\\\/mwc-cmm.org\\\/es\\\/prayer\\\/pn-march-24-southern-africa-2\\\/#primaryimage\"},\"image\":{\"@id\":\"https:\\\/\\\/mwc-cmm.org\\\/es\\\/prayer\\\/pn-march-24-southern-africa-2\\\/#primaryimage\"},\"thumbnailUrl\":\"https:\\\/\\\/mwc-cmm.org\\\/wp-content\\\/uploads\\\/2024\\\/11\\\/20180424kristinatoews2018-04-24_17.53.06-scaled.jpg\",\"datePublished\":\"2024-04-06T00:00:00+00:00\",\"dateModified\":\"2024-11-27T22:16:36+00:00\",\"breadcrumb\":{\"@id\":\"https:\\\/\\\/mwc-cmm.org\\\/es\\\/prayer\\\/pn-march-24-southern-africa-2\\\/#breadcrumb\"},\"inLanguage\":\"es\",\"potentialAction\":[{\"@type\":\"ReadAction\",\"target\":[\"https:\\\/\\\/mwc-cmm.org\\\/es\\\/prayer\\\/pn-march-24-southern-africa-2\\\/\"]}]},{\"@type\":\"ImageObject\",\"inLanguage\":\"es\",\"@id\":\"https:\\\/\\\/mwc-cmm.org\\\/es\\\/prayer\\\/pn-march-24-southern-africa-2\\\/#primaryimage\",\"url\":\"https:\\\/\\\/mwc-cmm.org\\\/wp-content\\\/uploads\\\/2024\\\/11\\\/20180424kristinatoews2018-04-24_17.53.06-scaled.jpg\",\"contentUrl\":\"https:\\\/\\\/mwc-cmm.org\\\/wp-content\\\/uploads\\\/2024\\\/11\\\/20180424kristinatoews2018-04-24_17.53.06-scaled.jpg\",\"width\":2560,\"height\":1920},{\"@type\":\"BreadcrumbList\",\"@id\":\"https:\\\/\\\/mwc-cmm.org\\\/es\\\/prayer\\\/pn-march-24-southern-africa-2\\\/#breadcrumb\",\"itemListElement\":[{\"@type\":\"ListItem\",\"position\":1,\"name\":\"Home\",\"item\":\"https:\\\/\\\/mwc-cmm.org\\\/es\\\/\"},{\"@type\":\"ListItem\",\"position\":2,\"name\":\"Prayers\",\"item\":\"https:\\\/\\\/mwc-cmm.org\\\/en\\\/prayer\\\/\"},{\"@type\":\"ListItem\",\"position\":3,\"name\":\"PN-March-24-Southern Africa\"}]},{\"@type\":\"WebSite\",\"@id\":\"https:\\\/\\\/mwc-cmm.org\\\/en\\\/#website\",\"url\":\"https:\\\/\\\/mwc-cmm.org\\\/en\\\/\",\"name\":\"Mennonite World Conference\",\"description\":\"A communion of Anabaptist-related churches\",\"publisher\":{\"@id\":\"https:\\\/\\\/mwc-cmm.org\\\/en\\\/#organization\"},\"alternateName\":\"MWC\",\"potentialAction\":[{\"@type\":\"SearchAction\",\"target\":{\"@type\":\"EntryPoint\",\"urlTemplate\":\"https:\\\/\\\/mwc-cmm.org\\\/en\\\/?s={search_term_string}\"},\"query-input\":{\"@type\":\"PropertyValueSpecification\",\"valueRequired\":true,\"valueName\":\"search_term_string\"}}],\"inLanguage\":\"es\"},{\"@type\":\"Organization\",\"@id\":\"https:\\\/\\\/mwc-cmm.org\\\/en\\\/#organization\",\"name\":\"Mennonite World Conference\",\"alternateName\":\"MWC\",\"url\":\"https:\\\/\\\/mwc-cmm.org\\\/en\\\/\",\"logo\":{\"@type\":\"ImageObject\",\"inLanguage\":\"es\",\"@id\":\"https:\\\/\\\/mwc-cmm.org\\\/en\\\/#\\\/schema\\\/logo\\\/image\\\/\",\"url\":\"https:\\\/\\\/mwc-cmm.org\\\/wp-content\\\/uploads\\\/2026\\\/01\\\/MWC_Sig_Blue_Horiz_webheader1-logo.svg\",\"contentUrl\":\"https:\\\/\\\/mwc-cmm.org\\\/wp-content\\\/uploads\\\/2026\\\/01\\\/MWC_Sig_Blue_Horiz_webheader1-logo.svg\",\"width\":786,\"height\":82,\"caption\":\"Mennonite World Conference\"},\"image\":{\"@id\":\"https:\\\/\\\/mwc-cmm.org\\\/en\\\/#\\\/schema\\\/logo\\\/image\\\/\"},\"sameAs\":[\"https:\\\/\\\/www.facebook.com\\\/MennoniteWorldConference\",\"https:\\\/\\\/www.linkedin.com\\\/company\\\/mennonite-world-conference-mwc\\\/\",\"https:\\\/\\\/www.instagram.com\\\/mwcmm\\\/\",\"https:\\\/\\\/www.youtube.com\\\/user\\\/mwccmm\",\"https:\\\/\\\/bsky.app\\\/profile\\\/mwcmm.bsky.social\"]}]}<\/script>\n<!-- \/ Yoast SEO plugin. -->","yoast_head_json":{"title":"PN-March-24-Southern Africa - Mennonite World Conference","robots":{"index":"index","follow":"follow","max-snippet":"max-snippet:-1","max-image-preview":"max-image-preview:large","max-video-preview":"max-video-preview:-1"},"canonical":"https:\/\/mwc-cmm.org\/es\/prayer\/pn-march-24-southern-africa-2\/","og_locale":"es_ES","og_type":"article","og_title":"PN-March-24-Southern Africa - Mennonite World Conference","og_description":"La mayor parte del sur de \u00a1frica ha recibido pocas lluvias hasta ahora. Los cultivos muestran signos de estr\u00e9s h\u00eddrico o ya son inviables. En Bulawayo (Zimbabue), hasta estos momentos, los embalses que abastecen de agua a la ciudad no han recibido caudales significativos. \u00a1Algunas zonas de la ciudad llevan semanas sin recibir agua! Nos [&hellip;]","og_url":"https:\/\/mwc-cmm.org\/es\/prayer\/pn-march-24-southern-africa-2\/","og_site_name":"Mennonite World Conference","article_publisher":"https:\/\/www.facebook.com\/MennoniteWorldConference","article_modified_time":"2024-11-27T22:16:36+00:00","og_image":[{"width":2560,"height":1920,"url":"https:\/\/mwc-cmm.org\/wp-content\/uploads\/2024\/11\/20180424kristinatoews2018-04-24_17.53.06-scaled.jpg","type":"image\/jpeg"}],"schema":{"@context":"https:\/\/schema.org","@graph":[{"@type":"WebPage","@id":"https:\/\/mwc-cmm.org\/es\/prayer\/pn-march-24-southern-africa-2\/","url":"https:\/\/mwc-cmm.org\/es\/prayer\/pn-march-24-southern-africa-2\/","name":"PN-March-24-Southern Africa - Mennonite World Conference","isPartOf":{"@id":"https:\/\/mwc-cmm.org\/en\/#website"},"primaryImageOfPage":{"@id":"https:\/\/mwc-cmm.org\/es\/prayer\/pn-march-24-southern-africa-2\/#primaryimage"},"image":{"@id":"https:\/\/mwc-cmm.org\/es\/prayer\/pn-march-24-southern-africa-2\/#primaryimage"},"thumbnailUrl":"https:\/\/mwc-cmm.org\/wp-content\/uploads\/2024\/11\/20180424kristinatoews2018-04-24_17.53.06-scaled.jpg","datePublished":"2024-04-06T00:00:00+00:00","dateModified":"2024-11-27T22:16:36+00:00","breadcrumb":{"@id":"https:\/\/mwc-cmm.org\/es\/prayer\/pn-march-24-southern-africa-2\/#breadcrumb"},"inLanguage":"es","potentialAction":[{"@type":"ReadAction","target":["https:\/\/mwc-cmm.org\/es\/prayer\/pn-march-24-southern-africa-2\/"]}]},{"@type":"ImageObject","inLanguage":"es","@id":"https:\/\/mwc-cmm.org\/es\/prayer\/pn-march-24-southern-africa-2\/#primaryimage","url":"https:\/\/mwc-cmm.org\/wp-content\/uploads\/2024\/11\/20180424kristinatoews2018-04-24_17.53.06-scaled.jpg","contentUrl":"https:\/\/mwc-cmm.org\/wp-content\/uploads\/2024\/11\/20180424kristinatoews2018-04-24_17.53.06-scaled.jpg","width":2560,"height":1920},{"@type":"BreadcrumbList","@id":"https:\/\/mwc-cmm.org\/es\/prayer\/pn-march-24-southern-africa-2\/#breadcrumb","itemListElement":[{"@type":"ListItem","position":1,"name":"Home","item":"https:\/\/mwc-cmm.org\/es\/"},{"@type":"ListItem","position":2,"name":"Prayers","item":"https:\/\/mwc-cmm.org\/en\/prayer\/"},{"@type":"ListItem","position":3,"name":"PN-March-24-Southern Africa"}]},{"@type":"WebSite","@id":"https:\/\/mwc-cmm.org\/en\/#website","url":"https:\/\/mwc-cmm.org\/en\/","name":"Mennonite World Conference","description":"A communion of Anabaptist-related churches","publisher":{"@id":"https:\/\/mwc-cmm.org\/en\/#organization"},"alternateName":"MWC","potentialAction":[{"@type":"SearchAction","target":{"@type":"EntryPoint","urlTemplate":"https:\/\/mwc-cmm.org\/en\/?s={search_term_string}"},"query-input":{"@type":"PropertyValueSpecification","valueRequired":true,"valueName":"search_term_string"}}],"inLanguage":"es"},{"@type":"Organization","@id":"https:\/\/mwc-cmm.org\/en\/#organization","name":"Mennonite World Conference","alternateName":"MWC","url":"https:\/\/mwc-cmm.org\/en\/","logo":{"@type":"ImageObject","inLanguage":"es","@id":"https:\/\/mwc-cmm.org\/en\/#\/schema\/logo\/image\/","url":"https:\/\/mwc-cmm.org\/wp-content\/uploads\/2026\/01\/MWC_Sig_Blue_Horiz_webheader1-logo.svg","contentUrl":"https:\/\/mwc-cmm.org\/wp-content\/uploads\/2026\/01\/MWC_Sig_Blue_Horiz_webheader1-logo.svg","width":786,"height":82,"caption":"Mennonite World Conference"},"image":{"@id":"https:\/\/mwc-cmm.org\/en\/#\/schema\/logo\/image\/"},"sameAs":["https:\/\/www.facebook.com\/MennoniteWorldConference","https:\/\/www.linkedin.com\/company\/mennonite-world-conference-mwc\/","https:\/\/www.instagram.com\/mwcmm\/","https:\/\/www.youtube.com\/user\/mwccmm","https:\/\/bsky.app\/profile\/mwcmm.bsky.social"]}]}},"_links":{"self":[{"href":"https:\/\/mwc-cmm.org\/es\/wp-json\/wp\/v2\/prayers\/5295","targetHints":{"allow":["GET"]}}],"collection":[{"href":"https:\/\/mwc-cmm.org\/es\/wp-json\/wp\/v2\/prayers"}],"about":[{"href":"https:\/\/mwc-cmm.org\/es\/wp-json\/wp\/v2\/types\/prayers"}],"wp:featuredmedia":[{"embeddable":true,"href":"https:\/\/mwc-cmm.org\/es\/wp-json\/wp\/v2\/media\/75931"}],"wp:attachment":[{"href":"https:\/\/mwc-cmm.org\/es\/wp-json\/wp\/v2\/media?parent=5295"}],"curies":[{"name":"wp","href":"https:\/\/api.w.org\/{rel}","templated":true}]}}

<p>La mayor parte del sur de ¡frica ha recibido pocas lluvias hasta ahora. Los cultivos muestran signos de estrés hídrico o ya son inviables. En Bulawayo (Zimbabue), hasta estos momentos, los embalses que abastecen de agua a la ciudad no han recibido caudales significativos. ¡Algunas zonas de la ciudad llevan semanas sin recibir agua! Nos preocupa que enfermedades como el cólera puedan propagarse f·cilmente en la región. Oremos para que Dios muestre compasión por nuestra región y nos proporcione lluvias. La situación es desesperada.<br />
<em>” enviado por Danisa Ndlovu, representante regional de ¡frica del Sur</em><br />
<span style="font-size:12px">Foto: Kristina Toews</span></p>

<p>La mayor parte del sur de ¡frica ha recibido pocas lluvias hasta ahora. Los cultivos muestran signos de estrés hídrico o ya son inviables. En Bulawayo (Zimbabue), hasta estos momentos, los embalses que abastecen de agua a la ciudad no han recibido caudales significativos. ¡Algunas zonas de la ciudad llevan semanas sin recibir agua! Nos [&hellip;]</p>

<!-- This site is optimized with the Yoast SEO plugin v27.5 - https://yoast.com/product/yoast-seo-wordpress/ -->
<title>PN-March-24-Southern Africa - Mennonite World Conference</title>
<meta name="robots" content="index, follow, max-snippet:-1, max-image-preview:large, max-video-preview:-1" />
<link rel="canonical" href="https://mwc-cmm.org/es/prayer/pn-march-24-southern-africa-2/" />
<meta property="og:locale" content="es_ES" />
<meta property="og:type" content="article" />
<meta property="og:title" content="PN-March-24-Southern Africa - Mennonite World Conference" />
<meta property="og:description" content="La mayor parte del sur de ¡frica ha recibido pocas lluvias hasta ahora. Los cultivos muestran signos de estrés hídrico o ya son inviables. En Bulawayo (Zimbabue), hasta estos momentos, los embalses que abastecen de agua a la ciudad no han recibido caudales significativos. ¡Algunas zonas de la ciudad llevan semanas sin recibir agua! Nos [&hellip;]" />
<meta property="og:url" content="https://mwc-cmm.org/es/prayer/pn-march-24-southern-africa-2/" />
<meta property="og:site_name" content="Mennonite World Conference" />
<meta property="article:publisher" content="https://www.facebook.com/MennoniteWorldConference" />
<meta property="article:modified_time" content="2024-11-27T22:16:36+00:00" />
<meta property="og:image" content="https://mwc-cmm.org/wp-content/uploads/2024/11/20180424kristinatoews2018-04-24_17.53.06-scaled.jpg" />
	<meta property="og:image:width" content="2560" />
	<meta property="og:image:height" content="1920" />
	<meta property="og:image:type" content="image/jpeg" />
<script type="application/ld+json" class="yoast-schema-graph">{"@context":"https:\/\/schema.org","@graph":[{"@type":"WebPage","@id":"https:\/\/mwc-cmm.org\/es\/prayer\/pn-march-24-southern-africa-2\/","url":"https:\/\/mwc-cmm.org\/es\/prayer\/pn-march-24-southern-africa-2\/","name":"PN-March-24-Southern Africa - Mennonite World Conference","isPartOf":{"@id":"https:\/\/mwc-cmm.org\/en\/#website"},"primaryImageOfPage":{"@id":"https:\/\/mwc-cmm.org\/es\/prayer\/pn-march-24-southern-africa-2\/#primaryimage"},"image":{"@id":"https:\/\/mwc-cmm.org\/es\/prayer\/pn-march-24-southern-africa-2\/#primaryimage"},"thumbnailUrl":"https:\/\/mwc-cmm.org\/wp-content\/uploads\/2024\/11\/20180424kristinatoews2018-04-24_17.53.06-scaled.jpg","datePublished":"2024-04-06T00:00:00+00:00","dateModified":"2024-11-27T22:16:36+00:00","breadcrumb":{"@id":"https:\/\/mwc-cmm.org\/es\/prayer\/pn-march-24-southern-africa-2\/#breadcrumb"},"inLanguage":"es","potentialAction":[{"@type":"ReadAction","target":["https:\/\/mwc-cmm.org\/es\/prayer\/pn-march-24-southern-africa-2\/"]}]},{"@type":"ImageObject","inLanguage":"es","@id":"https:\/\/mwc-cmm.org\/es\/prayer\/pn-march-24-southern-africa-2\/#primaryimage","url":"https:\/\/mwc-cmm.org\/wp-content\/uploads\/2024\/11\/20180424kristinatoews2018-04-24_17.53.06-scaled.jpg","contentUrl":"https:\/\/mwc-cmm.org\/wp-content\/uploads\/2024\/11\/20180424kristinatoews2018-04-24_17.53.06-scaled.jpg","width":2560,"height":1920},{"@type":"BreadcrumbList","@id":"https:\/\/mwc-cmm.org\/es\/prayer\/pn-march-24-southern-africa-2\/#breadcrumb","itemListElement":[{"@type":"ListItem","position":1,"name":"Home","item":"https:\/\/mwc-cmm.org\/es\/"},{"@type":"ListItem","position":2,"name":"Prayers","item":"https:\/\/mwc-cmm.org\/en\/prayer\/"},{"@type":"ListItem","position":3,"name":"PN-March-24-Southern Africa"}]},{"@type":"WebSite","@id":"https:\/\/mwc-cmm.org\/en\/#website","url":"https:\/\/mwc-cmm.org\/en\/","name":"Mennonite World Conference","description":"A communion of Anabaptist-related churches","publisher":{"@id":"https:\/\/mwc-cmm.org\/en\/#organization"},"alternateName":"MWC","potentialAction":[{"@type":"SearchAction","target":{"@type":"EntryPoint","urlTemplate":"https:\/\/mwc-cmm.org\/en\/?s={search_term_string}"},"query-input":{"@type":"PropertyValueSpecification","valueRequired":true,"valueName":"search_term_string"}}],"inLanguage":"es"},{"@type":"Organization","@id":"https:\/\/mwc-cmm.org\/en\/#organization","name":"Mennonite World Conference","alternateName":"MWC","url":"https:\/\/mwc-cmm.org\/en\/","logo":{"@type":"ImageObject","inLanguage":"es","@id":"https:\/\/mwc-cmm.org\/en\/#\/schema\/logo\/image\/","url":"https:\/\/mwc-cmm.org\/wp-content\/uploads\/2026\/01\/MWC_Sig_Blue_Horiz_webheader1-logo.svg","contentUrl":"https:\/\/mwc-cmm.org\/wp-content\/uploads\/2026\/01\/MWC_Sig_Blue_Horiz_webheader1-logo.svg","width":786,"height":82,"caption":"Mennonite World Conference"},"image":{"@id":"https:\/\/mwc-cmm.org\/en\/#\/schema\/logo\/image\/"},"sameAs":["https:\/\/www.facebook.com\/MennoniteWorldConference","https:\/\/www.linkedin.com\/company\/mennonite-world-conference-mwc\/","https:\/\/www.instagram.com\/mwcmm\/","https:\/\/www.youtube.com\/user\/mwccmm","https:\/\/bsky.app\/profile\/mwcmm.bsky.social"]}]}</script>
<!-- / Yoast SEO plugin. -->

La mayor parte del sur de ¡frica ha recibido pocas lluvias hasta ahora. Los cultivos muestran signos de estrés hídrico o ya son inviables. En Bulawayo (Zimbabue), hasta estos momentos, los embalses que abastecen de agua a la ciudad no han recibido caudales significativos. ¡Algunas zonas de la ciudad llevan semanas sin recibir agua! Nos [&hellip;]
