{"id":5252,"date":"2023-08-14T00:00:00","date_gmt":"2023-08-14T00:00:00","guid":{"rendered":"https:\/\/mwc-cmm.org\/prayers\/pn-july-23-india-1-2\/"},"modified":"2024-11-27T22:16:02","modified_gmt":"2024-11-27T22:16:02","slug":"pn-july-23-india-1-2","status":"publish","type":"prayers","link":"https:\/\/mwc-cmm.org\/es\/prayer\/pn-july-23-india-1-2\/","title":{"rendered":"PN-July-23-India 1"},"content":{"rendered":"<p>La Conferencia Trienal de Mujeres Menonitas de toda la India se llevar\u00b7 a cabo en octubre de 2023 en Jagdeeshpur, CG en la regi\u00f3n de BGCMC, donde habr\u00b7 m\u00b7s de 300 mujeres de las 8 conferencias. Oremos para que Tigist Tesfaye, oradora de la conferencia de Etiop\u00eda, reciba su visa sin ning\u02d9n problema y pueda estar presente. Tambi\u00e9n que todas las necesidades sean satisfechas para la Conferencia y todas sean bendecidas. Poco despu\u00e9s, El congreso de la Juventud Menonita de Toda la India tambi\u00e9n tendr\u00b7 lugar en el mismo lugar. Oremos tambi\u00e9n por un encuentro bendecido all\u2019. <br \/>\n<em>\u2014enviado por&nbsp;<\/em><em>Cynthia Peacock<\/em><br \/>\n<span style=\"font-size:12px\">Foto: Cynthia Peacock<\/span><\/p>\n","protected":false},"excerpt":{"rendered":"<p>La Conferencia Trienal de Mujeres Menonitas de toda la India se llevar\u00b7 a cabo en octubre de 2023 en Jagdeeshpur, CG en la regi\u00f3n de BGCMC, donde habr\u00b7 m\u00b7s de 300 mujeres de las 8 conferencias. Oremos para que Tigist Tesfaye, oradora de la conferencia de Etiop\u00eda, reciba su visa sin ning\u02d9n problema y pueda [&hellip;]<\/p>\n","protected":false},"featured_media":74220,"template":"","class_list":["post-5252","prayers","type-prayers","status-publish","has-post-thumbnail","hentry"],"acf":[],"yoast_head":"<!-- This site is optimized with the Yoast SEO plugin v27.5 - https:\/\/yoast.com\/product\/yoast-seo-wordpress\/ -->\n<title>PN-July-23-India 1 - Mennonite World Conference<\/title>\n<meta name=\"robots\" content=\"index, follow, max-snippet:-1, max-image-preview:large, max-video-preview:-1\" \/>\n<link rel=\"canonical\" href=\"https:\/\/mwc-cmm.org\/es\/prayer\/pn-july-23-india-1-2\/\" \/>\n<meta property=\"og:locale\" content=\"es_ES\" \/>\n<meta property=\"og:type\" content=\"article\" \/>\n<meta property=\"og:title\" content=\"PN-July-23-India 1 - Mennonite World Conference\" \/>\n<meta property=\"og:description\" content=\"La Conferencia Trienal de Mujeres Menonitas de toda la India se llevar\u00b7 a cabo en octubre de 2023 en Jagdeeshpur, CG en la regi\u00f3n de BGCMC, donde habr\u00b7 m\u00b7s de 300 mujeres de las 8 conferencias. Oremos para que Tigist Tesfaye, oradora de la conferencia de Etiop\u00eda, reciba su visa sin ning\u02d9n problema y pueda [&hellip;]\" \/>\n<meta property=\"og:url\" content=\"https:\/\/mwc-cmm.org\/es\/prayer\/pn-july-23-india-1-2\/\" \/>\n<meta property=\"og:site_name\" content=\"Mennonite World Conference\" \/>\n<meta property=\"article:publisher\" content=\"https:\/\/www.facebook.com\/MennoniteWorldConference\" \/>\n<meta property=\"article:modified_time\" content=\"2024-11-27T22:16:02+00:00\" \/>\n<meta property=\"og:image\" content=\"https:\/\/mwc-cmm.org\/wp-content\/uploads\/2024\/11\/20230531cynthiapeacockwhatsapp_image_2023-05-31_at_00.14.40.jpeg\" \/>\n\t<meta property=\"og:image:width\" content=\"1280\" \/>\n\t<meta property=\"og:image:height\" content=\"720\" \/>\n\t<meta property=\"og:image:type\" content=\"image\/jpeg\" \/>\n<script type=\"application\/ld+json\" class=\"yoast-schema-graph\">{\"@context\":\"https:\\\/\\\/schema.org\",\"@graph\":[{\"@type\":\"WebPage\",\"@id\":\"https:\\\/\\\/mwc-cmm.org\\\/es\\\/prayer\\\/pn-july-23-india-1-2\\\/\",\"url\":\"https:\\\/\\\/mwc-cmm.org\\\/es\\\/prayer\\\/pn-july-23-india-1-2\\\/\",\"name\":\"PN-July-23-India 1 - Mennonite World Conference\",\"isPartOf\":{\"@id\":\"https:\\\/\\\/mwc-cmm.org\\\/en\\\/#website\"},\"primaryImageOfPage\":{\"@id\":\"https:\\\/\\\/mwc-cmm.org\\\/es\\\/prayer\\\/pn-july-23-india-1-2\\\/#primaryimage\"},\"image\":{\"@id\":\"https:\\\/\\\/mwc-cmm.org\\\/es\\\/prayer\\\/pn-july-23-india-1-2\\\/#primaryimage\"},\"thumbnailUrl\":\"https:\\\/\\\/mwc-cmm.org\\\/wp-content\\\/uploads\\\/2024\\\/11\\\/20230531cynthiapeacockwhatsapp_image_2023-05-31_at_00.14.40.jpeg\",\"datePublished\":\"2023-08-14T00:00:00+00:00\",\"dateModified\":\"2024-11-27T22:16:02+00:00\",\"breadcrumb\":{\"@id\":\"https:\\\/\\\/mwc-cmm.org\\\/es\\\/prayer\\\/pn-july-23-india-1-2\\\/#breadcrumb\"},\"inLanguage\":\"es\",\"potentialAction\":[{\"@type\":\"ReadAction\",\"target\":[\"https:\\\/\\\/mwc-cmm.org\\\/es\\\/prayer\\\/pn-july-23-india-1-2\\\/\"]}]},{\"@type\":\"ImageObject\",\"inLanguage\":\"es\",\"@id\":\"https:\\\/\\\/mwc-cmm.org\\\/es\\\/prayer\\\/pn-july-23-india-1-2\\\/#primaryimage\",\"url\":\"https:\\\/\\\/mwc-cmm.org\\\/wp-content\\\/uploads\\\/2024\\\/11\\\/20230531cynthiapeacockwhatsapp_image_2023-05-31_at_00.14.40.jpeg\",\"contentUrl\":\"https:\\\/\\\/mwc-cmm.org\\\/wp-content\\\/uploads\\\/2024\\\/11\\\/20230531cynthiapeacockwhatsapp_image_2023-05-31_at_00.14.40.jpeg\",\"width\":1280,\"height\":720},{\"@type\":\"BreadcrumbList\",\"@id\":\"https:\\\/\\\/mwc-cmm.org\\\/es\\\/prayer\\\/pn-july-23-india-1-2\\\/#breadcrumb\",\"itemListElement\":[{\"@type\":\"ListItem\",\"position\":1,\"name\":\"Home\",\"item\":\"https:\\\/\\\/mwc-cmm.org\\\/es\\\/\"},{\"@type\":\"ListItem\",\"position\":2,\"name\":\"Prayers\",\"item\":\"https:\\\/\\\/mwc-cmm.org\\\/en\\\/prayer\\\/\"},{\"@type\":\"ListItem\",\"position\":3,\"name\":\"PN-July-23-India 1\"}]},{\"@type\":\"WebSite\",\"@id\":\"https:\\\/\\\/mwc-cmm.org\\\/en\\\/#website\",\"url\":\"https:\\\/\\\/mwc-cmm.org\\\/en\\\/\",\"name\":\"Mennonite World Conference\",\"description\":\"A communion of Anabaptist-related churches\",\"publisher\":{\"@id\":\"https:\\\/\\\/mwc-cmm.org\\\/en\\\/#organization\"},\"alternateName\":\"MWC\",\"potentialAction\":[{\"@type\":\"SearchAction\",\"target\":{\"@type\":\"EntryPoint\",\"urlTemplate\":\"https:\\\/\\\/mwc-cmm.org\\\/en\\\/?s={search_term_string}\"},\"query-input\":{\"@type\":\"PropertyValueSpecification\",\"valueRequired\":true,\"valueName\":\"search_term_string\"}}],\"inLanguage\":\"es\"},{\"@type\":\"Organization\",\"@id\":\"https:\\\/\\\/mwc-cmm.org\\\/en\\\/#organization\",\"name\":\"Mennonite World Conference\",\"alternateName\":\"MWC\",\"url\":\"https:\\\/\\\/mwc-cmm.org\\\/en\\\/\",\"logo\":{\"@type\":\"ImageObject\",\"inLanguage\":\"es\",\"@id\":\"https:\\\/\\\/mwc-cmm.org\\\/en\\\/#\\\/schema\\\/logo\\\/image\\\/\",\"url\":\"https:\\\/\\\/mwc-cmm.org\\\/wp-content\\\/uploads\\\/2026\\\/01\\\/MWC_Sig_Blue_Horiz_webheader1-logo.svg\",\"contentUrl\":\"https:\\\/\\\/mwc-cmm.org\\\/wp-content\\\/uploads\\\/2026\\\/01\\\/MWC_Sig_Blue_Horiz_webheader1-logo.svg\",\"width\":786,\"height\":82,\"caption\":\"Mennonite World Conference\"},\"image\":{\"@id\":\"https:\\\/\\\/mwc-cmm.org\\\/en\\\/#\\\/schema\\\/logo\\\/image\\\/\"},\"sameAs\":[\"https:\\\/\\\/www.facebook.com\\\/MennoniteWorldConference\",\"https:\\\/\\\/www.linkedin.com\\\/company\\\/mennonite-world-conference-mwc\\\/\",\"https:\\\/\\\/www.instagram.com\\\/mwcmm\\\/\",\"https:\\\/\\\/www.youtube.com\\\/user\\\/mwccmm\",\"https:\\\/\\\/bsky.app\\\/profile\\\/mwcmm.bsky.social\"]}]}<\/script>\n<!-- \/ Yoast SEO plugin. -->","yoast_head_json":{"title":"PN-July-23-India 1 - Mennonite World Conference","robots":{"index":"index","follow":"follow","max-snippet":"max-snippet:-1","max-image-preview":"max-image-preview:large","max-video-preview":"max-video-preview:-1"},"canonical":"https:\/\/mwc-cmm.org\/es\/prayer\/pn-july-23-india-1-2\/","og_locale":"es_ES","og_type":"article","og_title":"PN-July-23-India 1 - Mennonite World Conference","og_description":"La Conferencia Trienal de Mujeres Menonitas de toda la India se llevar\u00b7 a cabo en octubre de 2023 en Jagdeeshpur, CG en la regi\u00f3n de BGCMC, donde habr\u00b7 m\u00b7s de 300 mujeres de las 8 conferencias. Oremos para que Tigist Tesfaye, oradora de la conferencia de Etiop\u00eda, reciba su visa sin ning\u02d9n problema y pueda [&hellip;]","og_url":"https:\/\/mwc-cmm.org\/es\/prayer\/pn-july-23-india-1-2\/","og_site_name":"Mennonite World Conference","article_publisher":"https:\/\/www.facebook.com\/MennoniteWorldConference","article_modified_time":"2024-11-27T22:16:02+00:00","og_image":[{"width":1280,"height":720,"url":"https:\/\/mwc-cmm.org\/wp-content\/uploads\/2024\/11\/20230531cynthiapeacockwhatsapp_image_2023-05-31_at_00.14.40.jpeg","type":"image\/jpeg"}],"schema":{"@context":"https:\/\/schema.org","@graph":[{"@type":"WebPage","@id":"https:\/\/mwc-cmm.org\/es\/prayer\/pn-july-23-india-1-2\/","url":"https:\/\/mwc-cmm.org\/es\/prayer\/pn-july-23-india-1-2\/","name":"PN-July-23-India 1 - Mennonite World Conference","isPartOf":{"@id":"https:\/\/mwc-cmm.org\/en\/#website"},"primaryImageOfPage":{"@id":"https:\/\/mwc-cmm.org\/es\/prayer\/pn-july-23-india-1-2\/#primaryimage"},"image":{"@id":"https:\/\/mwc-cmm.org\/es\/prayer\/pn-july-23-india-1-2\/#primaryimage"},"thumbnailUrl":"https:\/\/mwc-cmm.org\/wp-content\/uploads\/2024\/11\/20230531cynthiapeacockwhatsapp_image_2023-05-31_at_00.14.40.jpeg","datePublished":"2023-08-14T00:00:00+00:00","dateModified":"2024-11-27T22:16:02+00:00","breadcrumb":{"@id":"https:\/\/mwc-cmm.org\/es\/prayer\/pn-july-23-india-1-2\/#breadcrumb"},"inLanguage":"es","potentialAction":[{"@type":"ReadAction","target":["https:\/\/mwc-cmm.org\/es\/prayer\/pn-july-23-india-1-2\/"]}]},{"@type":"ImageObject","inLanguage":"es","@id":"https:\/\/mwc-cmm.org\/es\/prayer\/pn-july-23-india-1-2\/#primaryimage","url":"https:\/\/mwc-cmm.org\/wp-content\/uploads\/2024\/11\/20230531cynthiapeacockwhatsapp_image_2023-05-31_at_00.14.40.jpeg","contentUrl":"https:\/\/mwc-cmm.org\/wp-content\/uploads\/2024\/11\/20230531cynthiapeacockwhatsapp_image_2023-05-31_at_00.14.40.jpeg","width":1280,"height":720},{"@type":"BreadcrumbList","@id":"https:\/\/mwc-cmm.org\/es\/prayer\/pn-july-23-india-1-2\/#breadcrumb","itemListElement":[{"@type":"ListItem","position":1,"name":"Home","item":"https:\/\/mwc-cmm.org\/es\/"},{"@type":"ListItem","position":2,"name":"Prayers","item":"https:\/\/mwc-cmm.org\/en\/prayer\/"},{"@type":"ListItem","position":3,"name":"PN-July-23-India 1"}]},{"@type":"WebSite","@id":"https:\/\/mwc-cmm.org\/en\/#website","url":"https:\/\/mwc-cmm.org\/en\/","name":"Mennonite World Conference","description":"A communion of Anabaptist-related churches","publisher":{"@id":"https:\/\/mwc-cmm.org\/en\/#organization"},"alternateName":"MWC","potentialAction":[{"@type":"SearchAction","target":{"@type":"EntryPoint","urlTemplate":"https:\/\/mwc-cmm.org\/en\/?s={search_term_string}"},"query-input":{"@type":"PropertyValueSpecification","valueRequired":true,"valueName":"search_term_string"}}],"inLanguage":"es"},{"@type":"Organization","@id":"https:\/\/mwc-cmm.org\/en\/#organization","name":"Mennonite World Conference","alternateName":"MWC","url":"https:\/\/mwc-cmm.org\/en\/","logo":{"@type":"ImageObject","inLanguage":"es","@id":"https:\/\/mwc-cmm.org\/en\/#\/schema\/logo\/image\/","url":"https:\/\/mwc-cmm.org\/wp-content\/uploads\/2026\/01\/MWC_Sig_Blue_Horiz_webheader1-logo.svg","contentUrl":"https:\/\/mwc-cmm.org\/wp-content\/uploads\/2026\/01\/MWC_Sig_Blue_Horiz_webheader1-logo.svg","width":786,"height":82,"caption":"Mennonite World Conference"},"image":{"@id":"https:\/\/mwc-cmm.org\/en\/#\/schema\/logo\/image\/"},"sameAs":["https:\/\/www.facebook.com\/MennoniteWorldConference","https:\/\/www.linkedin.com\/company\/mennonite-world-conference-mwc\/","https:\/\/www.instagram.com\/mwcmm\/","https:\/\/www.youtube.com\/user\/mwccmm","https:\/\/bsky.app\/profile\/mwcmm.bsky.social"]}]}},"_links":{"self":[{"href":"https:\/\/mwc-cmm.org\/es\/wp-json\/wp\/v2\/prayers\/5252","targetHints":{"allow":["GET"]}}],"collection":[{"href":"https:\/\/mwc-cmm.org\/es\/wp-json\/wp\/v2\/prayers"}],"about":[{"href":"https:\/\/mwc-cmm.org\/es\/wp-json\/wp\/v2\/types\/prayers"}],"wp:featuredmedia":[{"embeddable":true,"href":"https:\/\/mwc-cmm.org\/es\/wp-json\/wp\/v2\/media\/74220"}],"wp:attachment":[{"href":"https:\/\/mwc-cmm.org\/es\/wp-json\/wp\/v2\/media?parent=5252"}],"curies":[{"name":"wp","href":"https:\/\/api.w.org\/{rel}","templated":true}]}}

<p>La Conferencia Trienal de Mujeres Menonitas de toda la India se llevar· a cabo en octubre de 2023 en Jagdeeshpur, CG en la región de BGCMC, donde habr· m·s de 300 mujeres de las 8 conferencias. Oremos para que Tigist Tesfaye, oradora de la conferencia de Etiopía, reciba su visa sin ning˙n problema y pueda estar presente. También que todas las necesidades sean satisfechas para la Conferencia y todas sean bendecidas. Poco después, El congreso de la Juventud Menonita de Toda la India también tendr· lugar en el mismo lugar. Oremos también por un encuentro bendecido all’. <br />
<em>—enviado por&nbsp;</em><em>Cynthia Peacock</em><br />
<span style="font-size:12px">Foto: Cynthia Peacock</span></p>

<p>La Conferencia Trienal de Mujeres Menonitas de toda la India se llevar· a cabo en octubre de 2023 en Jagdeeshpur, CG en la región de BGCMC, donde habr· m·s de 300 mujeres de las 8 conferencias. Oremos para que Tigist Tesfaye, oradora de la conferencia de Etiopía, reciba su visa sin ning˙n problema y pueda [&hellip;]</p>

<!-- This site is optimized with the Yoast SEO plugin v27.5 - https://yoast.com/product/yoast-seo-wordpress/ -->
<title>PN-July-23-India 1 - Mennonite World Conference</title>
<meta name="robots" content="index, follow, max-snippet:-1, max-image-preview:large, max-video-preview:-1" />
<link rel="canonical" href="https://mwc-cmm.org/es/prayer/pn-july-23-india-1-2/" />
<meta property="og:locale" content="es_ES" />
<meta property="og:type" content="article" />
<meta property="og:title" content="PN-July-23-India 1 - Mennonite World Conference" />
<meta property="og:description" content="La Conferencia Trienal de Mujeres Menonitas de toda la India se llevar· a cabo en octubre de 2023 en Jagdeeshpur, CG en la región de BGCMC, donde habr· m·s de 300 mujeres de las 8 conferencias. Oremos para que Tigist Tesfaye, oradora de la conferencia de Etiopía, reciba su visa sin ning˙n problema y pueda [&hellip;]" />
<meta property="og:url" content="https://mwc-cmm.org/es/prayer/pn-july-23-india-1-2/" />
<meta property="og:site_name" content="Mennonite World Conference" />
<meta property="article:publisher" content="https://www.facebook.com/MennoniteWorldConference" />
<meta property="article:modified_time" content="2024-11-27T22:16:02+00:00" />
<meta property="og:image" content="https://mwc-cmm.org/wp-content/uploads/2024/11/20230531cynthiapeacockwhatsapp_image_2023-05-31_at_00.14.40.jpeg" />
	<meta property="og:image:width" content="1280" />
	<meta property="og:image:height" content="720" />
	<meta property="og:image:type" content="image/jpeg" />
<script type="application/ld+json" class="yoast-schema-graph">{"@context":"https:\/\/schema.org","@graph":[{"@type":"WebPage","@id":"https:\/\/mwc-cmm.org\/es\/prayer\/pn-july-23-india-1-2\/","url":"https:\/\/mwc-cmm.org\/es\/prayer\/pn-july-23-india-1-2\/","name":"PN-July-23-India 1 - Mennonite World Conference","isPartOf":{"@id":"https:\/\/mwc-cmm.org\/en\/#website"},"primaryImageOfPage":{"@id":"https:\/\/mwc-cmm.org\/es\/prayer\/pn-july-23-india-1-2\/#primaryimage"},"image":{"@id":"https:\/\/mwc-cmm.org\/es\/prayer\/pn-july-23-india-1-2\/#primaryimage"},"thumbnailUrl":"https:\/\/mwc-cmm.org\/wp-content\/uploads\/2024\/11\/20230531cynthiapeacockwhatsapp_image_2023-05-31_at_00.14.40.jpeg","datePublished":"2023-08-14T00:00:00+00:00","dateModified":"2024-11-27T22:16:02+00:00","breadcrumb":{"@id":"https:\/\/mwc-cmm.org\/es\/prayer\/pn-july-23-india-1-2\/#breadcrumb"},"inLanguage":"es","potentialAction":[{"@type":"ReadAction","target":["https:\/\/mwc-cmm.org\/es\/prayer\/pn-july-23-india-1-2\/"]}]},{"@type":"ImageObject","inLanguage":"es","@id":"https:\/\/mwc-cmm.org\/es\/prayer\/pn-july-23-india-1-2\/#primaryimage","url":"https:\/\/mwc-cmm.org\/wp-content\/uploads\/2024\/11\/20230531cynthiapeacockwhatsapp_image_2023-05-31_at_00.14.40.jpeg","contentUrl":"https:\/\/mwc-cmm.org\/wp-content\/uploads\/2024\/11\/20230531cynthiapeacockwhatsapp_image_2023-05-31_at_00.14.40.jpeg","width":1280,"height":720},{"@type":"BreadcrumbList","@id":"https:\/\/mwc-cmm.org\/es\/prayer\/pn-july-23-india-1-2\/#breadcrumb","itemListElement":[{"@type":"ListItem","position":1,"name":"Home","item":"https:\/\/mwc-cmm.org\/es\/"},{"@type":"ListItem","position":2,"name":"Prayers","item":"https:\/\/mwc-cmm.org\/en\/prayer\/"},{"@type":"ListItem","position":3,"name":"PN-July-23-India 1"}]},{"@type":"WebSite","@id":"https:\/\/mwc-cmm.org\/en\/#website","url":"https:\/\/mwc-cmm.org\/en\/","name":"Mennonite World Conference","description":"A communion of Anabaptist-related churches","publisher":{"@id":"https:\/\/mwc-cmm.org\/en\/#organization"},"alternateName":"MWC","potentialAction":[{"@type":"SearchAction","target":{"@type":"EntryPoint","urlTemplate":"https:\/\/mwc-cmm.org\/en\/?s={search_term_string}"},"query-input":{"@type":"PropertyValueSpecification","valueRequired":true,"valueName":"search_term_string"}}],"inLanguage":"es"},{"@type":"Organization","@id":"https:\/\/mwc-cmm.org\/en\/#organization","name":"Mennonite World Conference","alternateName":"MWC","url":"https:\/\/mwc-cmm.org\/en\/","logo":{"@type":"ImageObject","inLanguage":"es","@id":"https:\/\/mwc-cmm.org\/en\/#\/schema\/logo\/image\/","url":"https:\/\/mwc-cmm.org\/wp-content\/uploads\/2026\/01\/MWC_Sig_Blue_Horiz_webheader1-logo.svg","contentUrl":"https:\/\/mwc-cmm.org\/wp-content\/uploads\/2026\/01\/MWC_Sig_Blue_Horiz_webheader1-logo.svg","width":786,"height":82,"caption":"Mennonite World Conference"},"image":{"@id":"https:\/\/mwc-cmm.org\/en\/#\/schema\/logo\/image\/"},"sameAs":["https:\/\/www.facebook.com\/MennoniteWorldConference","https:\/\/www.linkedin.com\/company\/mennonite-world-conference-mwc\/","https:\/\/www.instagram.com\/mwcmm\/","https:\/\/www.youtube.com\/user\/mwccmm","https:\/\/bsky.app\/profile\/mwcmm.bsky.social"]}]}</script>
<!-- / Yoast SEO plugin. -->

La Conferencia Trienal de Mujeres Menonitas de toda la India se llevar· a cabo en octubre de 2023 en Jagdeeshpur, CG en la región de BGCMC, donde habr· m·s de 300 mujeres de las 8 conferencias. Oremos para que Tigist Tesfaye, oradora de la conferencia de Etiopía, reciba su visa sin ning˙n problema y pueda [&hellip;]
