{"id":5210,"date":"2022-12-27T00:00:00","date_gmt":"2022-12-27T00:00:00","guid":{"rendered":"https:\/\/mwc-cmm.org\/prayers\/pn-november-22-paraguay-2\/"},"modified":"2024-11-27T22:15:36","modified_gmt":"2024-11-27T22:15:36","slug":"pn-november-22-paraguay-2","status":"publish","type":"prayers","link":"https:\/\/mwc-cmm.org\/es\/prayer\/pn-november-22-paraguay-2\/","title":{"rendered":"PN-November-22-Paraguay"},"content":{"rendered":"<p>Alabado sea el Se\u00f1or por la Convenci\u00f3n Evang\u00e9lica Hermanos Menonitas Nivacl\u00e9 en el Chaco paraguayo que realiz\u201d un evento evangel\u00edstico en el mes de octubre. Que las semillas plantadas all\u00ed, echen ra\u00edces y crezcan en la fe en Cristo y en una vida de discipulado.<br \/>\n\u00f3Leonardo Gomez, Convenci\u00f3n Evang\u00e9lica Hermanos Menonitas Nivacl\u00e9, Paraguay&nbsp;<br \/>\n<span style=\"font-size:12px\">Foto:&nbsp;?????? ????????\/Unsplash<\/span><\/p>\n","protected":false},"excerpt":{"rendered":"<p>Alabado sea el Se\u00f1or por la Convenci\u00f3n Evang\u00e9lica Hermanos Menonitas Nivacl\u00e9 en el Chaco paraguayo que realiz\u201d un evento evangel\u00edstico en el mes de octubre. Que las semillas plantadas all\u00ed, echen ra\u00edces y crezcan en la fe en Cristo y en una vida de discipulado. \u00f3Leonardo Gomez, Convenci\u00f3n Evang\u00e9lica Hermanos Menonitas Nivacl\u00e9, Paraguay&nbsp; Foto:&nbsp;?????? ????????\/Unsplash<\/p>\n","protected":false},"featured_media":72974,"template":"","class_list":["post-5210","prayers","type-prayers","status-publish","has-post-thumbnail","hentry"],"acf":[],"yoast_head":"<!-- This site is optimized with the Yoast SEO plugin v27.2 - https:\/\/yoast.com\/product\/yoast-seo-wordpress\/ -->\n<title>PN-November-22-Paraguay - Mennonite World Conference<\/title>\n<meta name=\"robots\" content=\"index, follow, max-snippet:-1, max-image-preview:large, max-video-preview:-1\" \/>\n<link rel=\"canonical\" href=\"https:\/\/mwc-cmm.org\/es\/prayer\/pn-november-22-paraguay-2\/\" \/>\n<meta property=\"og:locale\" content=\"es_ES\" \/>\n<meta property=\"og:type\" content=\"article\" \/>\n<meta property=\"og:title\" content=\"PN-November-22-Paraguay - Mennonite World Conference\" \/>\n<meta property=\"og:description\" content=\"Alabado sea el Se\u00f1or por la Convenci\u00f3n Evang\u00e9lica Hermanos Menonitas Nivacl\u00e9 en el Chaco paraguayo que realiz\u201d un evento evangel\u00edstico en el mes de octubre. Que las semillas plantadas all\u00ed, echen ra\u00edces y crezcan en la fe en Cristo y en una vida de discipulado. \u00f3Leonardo Gomez, Convenci\u00f3n Evang\u00e9lica Hermanos Menonitas Nivacl\u00e9, Paraguay&nbsp; Foto:&nbsp;?????? ????????\/Unsplash\" \/>\n<meta property=\"og:url\" content=\"https:\/\/mwc-cmm.org\/es\/prayer\/pn-november-22-paraguay-2\/\" \/>\n<meta property=\"og:site_name\" content=\"Mennonite World Conference\" \/>\n<meta property=\"article:publisher\" content=\"https:\/\/www.facebook.com\/MennoniteWorldConference\" \/>\n<meta property=\"article:modified_time\" content=\"2024-11-27T22:15:36+00:00\" \/>\n<meta property=\"og:image\" content=\"https:\/\/mwc-cmm.org\/wp-content\/uploads\/2024\/11\/pavlenko-8bno4huqyrw-unsplash-scaled.jpg\" \/>\n\t<meta property=\"og:image:width\" content=\"2560\" \/>\n\t<meta property=\"og:image:height\" content=\"1880\" \/>\n\t<meta property=\"og:image:type\" content=\"image\/jpeg\" \/>\n<script type=\"application\/ld+json\" class=\"yoast-schema-graph\">{\"@context\":\"https:\/\/schema.org\",\"@graph\":[{\"@type\":\"WebPage\",\"@id\":\"https:\/\/mwc-cmm.org\/es\/prayer\/pn-november-22-paraguay-2\/\",\"url\":\"https:\/\/mwc-cmm.org\/es\/prayer\/pn-november-22-paraguay-2\/\",\"name\":\"PN-November-22-Paraguay - Mennonite World Conference\",\"isPartOf\":{\"@id\":\"https:\/\/mwc-cmm.org\/en\/#website\"},\"primaryImageOfPage\":{\"@id\":\"https:\/\/mwc-cmm.org\/es\/prayer\/pn-november-22-paraguay-2\/#primaryimage\"},\"image\":{\"@id\":\"https:\/\/mwc-cmm.org\/es\/prayer\/pn-november-22-paraguay-2\/#primaryimage\"},\"thumbnailUrl\":\"https:\/\/mwc-cmm.org\/wp-content\/uploads\/2024\/11\/pavlenko-8bno4huqyrw-unsplash-scaled.jpg\",\"datePublished\":\"2022-12-27T00:00:00+00:00\",\"dateModified\":\"2024-11-27T22:15:36+00:00\",\"breadcrumb\":{\"@id\":\"https:\/\/mwc-cmm.org\/es\/prayer\/pn-november-22-paraguay-2\/#breadcrumb\"},\"inLanguage\":\"es\",\"potentialAction\":[{\"@type\":\"ReadAction\",\"target\":[\"https:\/\/mwc-cmm.org\/es\/prayer\/pn-november-22-paraguay-2\/\"]}]},{\"@type\":\"ImageObject\",\"inLanguage\":\"es\",\"@id\":\"https:\/\/mwc-cmm.org\/es\/prayer\/pn-november-22-paraguay-2\/#primaryimage\",\"url\":\"https:\/\/mwc-cmm.org\/wp-content\/uploads\/2024\/11\/pavlenko-8bno4huqyrw-unsplash-scaled.jpg\",\"contentUrl\":\"https:\/\/mwc-cmm.org\/wp-content\/uploads\/2024\/11\/pavlenko-8bno4huqyrw-unsplash-scaled.jpg\",\"width\":2560,\"height\":1880},{\"@type\":\"BreadcrumbList\",\"@id\":\"https:\/\/mwc-cmm.org\/es\/prayer\/pn-november-22-paraguay-2\/#breadcrumb\",\"itemListElement\":[{\"@type\":\"ListItem\",\"position\":1,\"name\":\"Home\",\"item\":\"https:\/\/mwc-cmm.org\/es\/\"},{\"@type\":\"ListItem\",\"position\":2,\"name\":\"Prayers\",\"item\":\"https:\/\/mwc-cmm.org\/en\/prayer\/\"},{\"@type\":\"ListItem\",\"position\":3,\"name\":\"PN-November-22-Paraguay\"}]},{\"@type\":\"WebSite\",\"@id\":\"https:\/\/mwc-cmm.org\/en\/#website\",\"url\":\"https:\/\/mwc-cmm.org\/en\/\",\"name\":\"Mennonite World Conference\",\"description\":\"A communion of Anabaptist-related churches\",\"publisher\":{\"@id\":\"https:\/\/mwc-cmm.org\/en\/#organization\"},\"alternateName\":\"MWC\",\"potentialAction\":[{\"@type\":\"SearchAction\",\"target\":{\"@type\":\"EntryPoint\",\"urlTemplate\":\"https:\/\/mwc-cmm.org\/en\/?s={search_term_string}\"},\"query-input\":{\"@type\":\"PropertyValueSpecification\",\"valueRequired\":true,\"valueName\":\"search_term_string\"}}],\"inLanguage\":\"es\"},{\"@type\":\"Organization\",\"@id\":\"https:\/\/mwc-cmm.org\/en\/#organization\",\"name\":\"Mennonite World Conference\",\"alternateName\":\"MWC\",\"url\":\"https:\/\/mwc-cmm.org\/en\/\",\"logo\":{\"@type\":\"ImageObject\",\"inLanguage\":\"es\",\"@id\":\"https:\/\/mwc-cmm.org\/en\/#\/schema\/logo\/image\/\",\"url\":\"https:\/\/mwc-cmm.org\/wp-content\/uploads\/2026\/01\/MWC_Sig_Blue_Horiz_webheader1-logo.svg\",\"contentUrl\":\"https:\/\/mwc-cmm.org\/wp-content\/uploads\/2026\/01\/MWC_Sig_Blue_Horiz_webheader1-logo.svg\",\"width\":786,\"height\":82,\"caption\":\"Mennonite World Conference\"},\"image\":{\"@id\":\"https:\/\/mwc-cmm.org\/en\/#\/schema\/logo\/image\/\"},\"sameAs\":[\"https:\/\/www.facebook.com\/MennoniteWorldConference\",\"https:\/\/www.linkedin.com\/company\/mennonite-world-conference-mwc\/\",\"https:\/\/www.instagram.com\/mwcmm\/\",\"https:\/\/www.youtube.com\/user\/mwccmm\",\"https:\/\/bsky.app\/profile\/mwcmm.bsky.social\"]}]}<\/script>\n<!-- \/ Yoast SEO plugin. -->","yoast_head_json":{"title":"PN-November-22-Paraguay - Mennonite World Conference","robots":{"index":"index","follow":"follow","max-snippet":"max-snippet:-1","max-image-preview":"max-image-preview:large","max-video-preview":"max-video-preview:-1"},"canonical":"https:\/\/mwc-cmm.org\/es\/prayer\/pn-november-22-paraguay-2\/","og_locale":"es_ES","og_type":"article","og_title":"PN-November-22-Paraguay - Mennonite World Conference","og_description":"Alabado sea el Se\u00f1or por la Convenci\u00f3n Evang\u00e9lica Hermanos Menonitas Nivacl\u00e9 en el Chaco paraguayo que realiz\u201d un evento evangel\u00edstico en el mes de octubre. Que las semillas plantadas all\u00ed, echen ra\u00edces y crezcan en la fe en Cristo y en una vida de discipulado. \u00f3Leonardo Gomez, Convenci\u00f3n Evang\u00e9lica Hermanos Menonitas Nivacl\u00e9, Paraguay&nbsp; Foto:&nbsp;?????? ????????\/Unsplash","og_url":"https:\/\/mwc-cmm.org\/es\/prayer\/pn-november-22-paraguay-2\/","og_site_name":"Mennonite World Conference","article_publisher":"https:\/\/www.facebook.com\/MennoniteWorldConference","article_modified_time":"2024-11-27T22:15:36+00:00","og_image":[{"width":2560,"height":1880,"url":"https:\/\/mwc-cmm.org\/wp-content\/uploads\/2024\/11\/pavlenko-8bno4huqyrw-unsplash-scaled.jpg","type":"image\/jpeg"}],"schema":{"@context":"https:\/\/schema.org","@graph":[{"@type":"WebPage","@id":"https:\/\/mwc-cmm.org\/es\/prayer\/pn-november-22-paraguay-2\/","url":"https:\/\/mwc-cmm.org\/es\/prayer\/pn-november-22-paraguay-2\/","name":"PN-November-22-Paraguay - Mennonite World Conference","isPartOf":{"@id":"https:\/\/mwc-cmm.org\/en\/#website"},"primaryImageOfPage":{"@id":"https:\/\/mwc-cmm.org\/es\/prayer\/pn-november-22-paraguay-2\/#primaryimage"},"image":{"@id":"https:\/\/mwc-cmm.org\/es\/prayer\/pn-november-22-paraguay-2\/#primaryimage"},"thumbnailUrl":"https:\/\/mwc-cmm.org\/wp-content\/uploads\/2024\/11\/pavlenko-8bno4huqyrw-unsplash-scaled.jpg","datePublished":"2022-12-27T00:00:00+00:00","dateModified":"2024-11-27T22:15:36+00:00","breadcrumb":{"@id":"https:\/\/mwc-cmm.org\/es\/prayer\/pn-november-22-paraguay-2\/#breadcrumb"},"inLanguage":"es","potentialAction":[{"@type":"ReadAction","target":["https:\/\/mwc-cmm.org\/es\/prayer\/pn-november-22-paraguay-2\/"]}]},{"@type":"ImageObject","inLanguage":"es","@id":"https:\/\/mwc-cmm.org\/es\/prayer\/pn-november-22-paraguay-2\/#primaryimage","url":"https:\/\/mwc-cmm.org\/wp-content\/uploads\/2024\/11\/pavlenko-8bno4huqyrw-unsplash-scaled.jpg","contentUrl":"https:\/\/mwc-cmm.org\/wp-content\/uploads\/2024\/11\/pavlenko-8bno4huqyrw-unsplash-scaled.jpg","width":2560,"height":1880},{"@type":"BreadcrumbList","@id":"https:\/\/mwc-cmm.org\/es\/prayer\/pn-november-22-paraguay-2\/#breadcrumb","itemListElement":[{"@type":"ListItem","position":1,"name":"Home","item":"https:\/\/mwc-cmm.org\/es\/"},{"@type":"ListItem","position":2,"name":"Prayers","item":"https:\/\/mwc-cmm.org\/en\/prayer\/"},{"@type":"ListItem","position":3,"name":"PN-November-22-Paraguay"}]},{"@type":"WebSite","@id":"https:\/\/mwc-cmm.org\/en\/#website","url":"https:\/\/mwc-cmm.org\/en\/","name":"Mennonite World Conference","description":"A communion of Anabaptist-related churches","publisher":{"@id":"https:\/\/mwc-cmm.org\/en\/#organization"},"alternateName":"MWC","potentialAction":[{"@type":"SearchAction","target":{"@type":"EntryPoint","urlTemplate":"https:\/\/mwc-cmm.org\/en\/?s={search_term_string}"},"query-input":{"@type":"PropertyValueSpecification","valueRequired":true,"valueName":"search_term_string"}}],"inLanguage":"es"},{"@type":"Organization","@id":"https:\/\/mwc-cmm.org\/en\/#organization","name":"Mennonite World Conference","alternateName":"MWC","url":"https:\/\/mwc-cmm.org\/en\/","logo":{"@type":"ImageObject","inLanguage":"es","@id":"https:\/\/mwc-cmm.org\/en\/#\/schema\/logo\/image\/","url":"https:\/\/mwc-cmm.org\/wp-content\/uploads\/2026\/01\/MWC_Sig_Blue_Horiz_webheader1-logo.svg","contentUrl":"https:\/\/mwc-cmm.org\/wp-content\/uploads\/2026\/01\/MWC_Sig_Blue_Horiz_webheader1-logo.svg","width":786,"height":82,"caption":"Mennonite World Conference"},"image":{"@id":"https:\/\/mwc-cmm.org\/en\/#\/schema\/logo\/image\/"},"sameAs":["https:\/\/www.facebook.com\/MennoniteWorldConference","https:\/\/www.linkedin.com\/company\/mennonite-world-conference-mwc\/","https:\/\/www.instagram.com\/mwcmm\/","https:\/\/www.youtube.com\/user\/mwccmm","https:\/\/bsky.app\/profile\/mwcmm.bsky.social"]}]}},"_links":{"self":[{"href":"https:\/\/mwc-cmm.org\/es\/wp-json\/wp\/v2\/prayers\/5210","targetHints":{"allow":["GET"]}}],"collection":[{"href":"https:\/\/mwc-cmm.org\/es\/wp-json\/wp\/v2\/prayers"}],"about":[{"href":"https:\/\/mwc-cmm.org\/es\/wp-json\/wp\/v2\/types\/prayers"}],"wp:featuredmedia":[{"embeddable":true,"href":"https:\/\/mwc-cmm.org\/es\/wp-json\/wp\/v2\/media\/72974"}],"wp:attachment":[{"href":"https:\/\/mwc-cmm.org\/es\/wp-json\/wp\/v2\/media?parent=5210"}],"curies":[{"name":"wp","href":"https:\/\/api.w.org\/{rel}","templated":true}]}}

<p>Alabado sea el Señor por la Convención Evangélica Hermanos Menonitas Nivaclé en el Chaco paraguayo que realiz” un evento evangelístico en el mes de octubre. Que las semillas plantadas allí, echen raíces y crezcan en la fe en Cristo y en una vida de discipulado.<br />
óLeonardo Gomez, Convención Evangélica Hermanos Menonitas Nivaclé, Paraguay&nbsp;<br />
<span style="font-size:12px">Foto:&nbsp;?????? ????????/Unsplash</span></p>

<p>Alabado sea el Señor por la Convención Evangélica Hermanos Menonitas Nivaclé en el Chaco paraguayo que realiz” un evento evangelístico en el mes de octubre. Que las semillas plantadas allí, echen raíces y crezcan en la fe en Cristo y en una vida de discipulado. óLeonardo Gomez, Convención Evangélica Hermanos Menonitas Nivaclé, Paraguay&nbsp; Foto:&nbsp;?????? ????????/Unsplash</p>

<!-- This site is optimized with the Yoast SEO plugin v27.2 - https://yoast.com/product/yoast-seo-wordpress/ -->
<title>PN-November-22-Paraguay - Mennonite World Conference</title>
<meta name="robots" content="index, follow, max-snippet:-1, max-image-preview:large, max-video-preview:-1" />
<link rel="canonical" href="https://mwc-cmm.org/es/prayer/pn-november-22-paraguay-2/" />
<meta property="og:locale" content="es_ES" />
<meta property="og:type" content="article" />
<meta property="og:title" content="PN-November-22-Paraguay - Mennonite World Conference" />
<meta property="og:description" content="Alabado sea el Señor por la Convención Evangélica Hermanos Menonitas Nivaclé en el Chaco paraguayo que realiz” un evento evangelístico en el mes de octubre. Que las semillas plantadas allí, echen raíces y crezcan en la fe en Cristo y en una vida de discipulado. óLeonardo Gomez, Convención Evangélica Hermanos Menonitas Nivaclé, Paraguay&nbsp; Foto:&nbsp;?????? ????????/Unsplash" />
<meta property="og:url" content="https://mwc-cmm.org/es/prayer/pn-november-22-paraguay-2/" />
<meta property="og:site_name" content="Mennonite World Conference" />
<meta property="article:publisher" content="https://www.facebook.com/MennoniteWorldConference" />
<meta property="article:modified_time" content="2024-11-27T22:15:36+00:00" />
<meta property="og:image" content="https://mwc-cmm.org/wp-content/uploads/2024/11/pavlenko-8bno4huqyrw-unsplash-scaled.jpg" />
	<meta property="og:image:width" content="2560" />
	<meta property="og:image:height" content="1880" />
	<meta property="og:image:type" content="image/jpeg" />
<script type="application/ld+json" class="yoast-schema-graph">{"@context":"https://schema.org","@graph":[{"@type":"WebPage","@id":"https://mwc-cmm.org/es/prayer/pn-november-22-paraguay-2/","url":"https://mwc-cmm.org/es/prayer/pn-november-22-paraguay-2/","name":"PN-November-22-Paraguay - Mennonite World Conference","isPartOf":{"@id":"https://mwc-cmm.org/en/#website"},"primaryImageOfPage":{"@id":"https://mwc-cmm.org/es/prayer/pn-november-22-paraguay-2/#primaryimage"},"image":{"@id":"https://mwc-cmm.org/es/prayer/pn-november-22-paraguay-2/#primaryimage"},"thumbnailUrl":"https://mwc-cmm.org/wp-content/uploads/2024/11/pavlenko-8bno4huqyrw-unsplash-scaled.jpg","datePublished":"2022-12-27T00:00:00+00:00","dateModified":"2024-11-27T22:15:36+00:00","breadcrumb":{"@id":"https://mwc-cmm.org/es/prayer/pn-november-22-paraguay-2/#breadcrumb"},"inLanguage":"es","potentialAction":[{"@type":"ReadAction","target":["https://mwc-cmm.org/es/prayer/pn-november-22-paraguay-2/"]}]},{"@type":"ImageObject","inLanguage":"es","@id":"https://mwc-cmm.org/es/prayer/pn-november-22-paraguay-2/#primaryimage","url":"https://mwc-cmm.org/wp-content/uploads/2024/11/pavlenko-8bno4huqyrw-unsplash-scaled.jpg","contentUrl":"https://mwc-cmm.org/wp-content/uploads/2024/11/pavlenko-8bno4huqyrw-unsplash-scaled.jpg","width":2560,"height":1880},{"@type":"BreadcrumbList","@id":"https://mwc-cmm.org/es/prayer/pn-november-22-paraguay-2/#breadcrumb","itemListElement":[{"@type":"ListItem","position":1,"name":"Home","item":"https://mwc-cmm.org/es/"},{"@type":"ListItem","position":2,"name":"Prayers","item":"https://mwc-cmm.org/en/prayer/"},{"@type":"ListItem","position":3,"name":"PN-November-22-Paraguay"}]},{"@type":"WebSite","@id":"https://mwc-cmm.org/en/#website","url":"https://mwc-cmm.org/en/","name":"Mennonite World Conference","description":"A communion of Anabaptist-related churches","publisher":{"@id":"https://mwc-cmm.org/en/#organization"},"alternateName":"MWC","potentialAction":[{"@type":"SearchAction","target":{"@type":"EntryPoint","urlTemplate":"https://mwc-cmm.org/en/?s={search_term_string}"},"query-input":{"@type":"PropertyValueSpecification","valueRequired":true,"valueName":"search_term_string"}}],"inLanguage":"es"},{"@type":"Organization","@id":"https://mwc-cmm.org/en/#organization","name":"Mennonite World Conference","alternateName":"MWC","url":"https://mwc-cmm.org/en/","logo":{"@type":"ImageObject","inLanguage":"es","@id":"https://mwc-cmm.org/en/#/schema/logo/image/","url":"https://mwc-cmm.org/wp-content/uploads/2026/01/MWC_Sig_Blue_Horiz_webheader1-logo.svg","contentUrl":"https://mwc-cmm.org/wp-content/uploads/2026/01/MWC_Sig_Blue_Horiz_webheader1-logo.svg","width":786,"height":82,"caption":"Mennonite World Conference"},"image":{"@id":"https://mwc-cmm.org/en/#/schema/logo/image/"},"sameAs":["https://www.facebook.com/MennoniteWorldConference","https://www.linkedin.com/company/mennonite-world-conference-mwc/","https://www.instagram.com/mwcmm/","https://www.youtube.com/user/mwccmm","https://bsky.app/profile/mwcmm.bsky.social"]}]}</script>
<!-- / Yoast SEO plugin. -->

Alabado sea el Señor por la Convención Evangélica Hermanos Menonitas Nivaclé en el Chaco paraguayo que realiz” un evento evangelístico en el mes de octubre. Que las semillas plantadas allí, echen raíces y crezcan en la fe en Cristo y en una vida de discipulado. óLeonardo Gomez, Convención Evangélica Hermanos Menonitas Nivaclé, Paraguay&nbsp; Foto:&nbsp;?????? ????????/Unsplash
