{"id":5181,"date":"2022-06-22T00:00:00","date_gmt":"2022-06-22T00:00:00","guid":{"rendered":"https:\/\/mwc-cmm.org\/prayers\/myanmar-prayer-2\/"},"modified":"2024-11-27T22:15:11","modified_gmt":"2024-11-27T22:15:11","slug":"myanmar-prayer-2","status":"publish","type":"prayers","link":"https:\/\/mwc-cmm.org\/es\/prayer\/myanmar-prayer-2\/","title":{"rendered":"Myanmar Prayer"},"content":{"rendered":"<p>Mensaje de una persona en el liderazgo de una iglesia miembro del CMM en Myanmar:&nbsp;&nbsp;<\/p>\n<p>Nuestro pa\u00eds se ve afectado por la cat\u00b7strofe mundial: sufrimos pobreza extrema y hambre debido a las sanciones econ\u00f3micas internacionales y el malestar interno por la guerra.&nbsp;&nbsp;<br \/>\nPedimos oraci\u00f3n especial por las 51 familias de nuestras personas misioneras y plantadoras de iglesias y por las 415 familias de las personas miembro de nuestra congregaci\u00f3n. Han dejado su hogar y se quedan en el bosque. No han podido mantener su sustento durante mucho tiempo. La escasez de alimentos es el gran desaf\u00edo.&nbsp;&nbsp;<br \/>\nPor favor oren por nosotros. Creemos que la oraci\u00f3n puede marcar la diferencia.&nbsp;&nbsp;<br \/>\nEn este momento tan dif\u00edcil de agitaci\u00f3n en Myanmar, Dios ha abierto una gran puerta para la evangelizaci\u00f3n. Este es el momento m\u00b7s gratificante de nuestros campos misioneros. Dios todav\u00eda est\u00b7 en el trono.&nbsp;<\/p>\n<p><span style=\"font-size:12px;\">Foto suministrada&nbsp;<\/span><\/p>\n","protected":false},"excerpt":{"rendered":"<p>Mensaje de una persona en el liderazgo de una iglesia miembro del CMM en Myanmar:&nbsp;&nbsp; Nuestro pa\u00eds se ve afectado por la cat\u00b7strofe mundial: sufrimos pobreza extrema y hambre debido a las sanciones econ\u00f3micas internacionales y el malestar interno por la guerra.&nbsp;&nbsp; Pedimos oraci\u00f3n especial por las 51 familias de nuestras personas misioneras y plantadoras [&hellip;]<\/p>\n","protected":false},"featured_media":72092,"template":"","class_list":["post-5181","prayers","type-prayers","status-publish","has-post-thumbnail","hentry"],"acf":[],"yoast_head":"<!-- This site is optimized with the Yoast SEO plugin v27.5 - https:\/\/yoast.com\/product\/yoast-seo-wordpress\/ -->\n<title>Myanmar Prayer - Mennonite World Conference<\/title>\n<meta name=\"robots\" content=\"index, follow, max-snippet:-1, max-image-preview:large, max-video-preview:-1\" \/>\n<link rel=\"canonical\" href=\"https:\/\/mwc-cmm.org\/en\/prayer\/myanmar-prayer\/\" \/>\n<meta property=\"og:locale\" content=\"es_ES\" \/>\n<meta property=\"og:type\" content=\"article\" \/>\n<meta property=\"og:title\" content=\"Myanmar Prayer - Mennonite World Conference\" \/>\n<meta property=\"og:description\" content=\"Mensaje de una persona en el liderazgo de una iglesia miembro del CMM en Myanmar:&nbsp;&nbsp; Nuestro pa\u00eds se ve afectado por la cat\u00b7strofe mundial: sufrimos pobreza extrema y hambre debido a las sanciones econ\u00f3micas internacionales y el malestar interno por la guerra.&nbsp;&nbsp; Pedimos oraci\u00f3n especial por las 51 familias de nuestras personas misioneras y plantadoras [&hellip;]\" \/>\n<meta property=\"og:url\" content=\"https:\/\/mwc-cmm.org\/en\/prayer\/myanmar-prayer\/\" \/>\n<meta property=\"og:site_name\" content=\"Mennonite World Conference\" \/>\n<meta property=\"article:publisher\" content=\"https:\/\/www.facebook.com\/MennoniteWorldConference\" \/>\n<meta property=\"article:modified_time\" content=\"2024-11-27T22:15:11+00:00\" \/>\n<meta property=\"og:image\" content=\"https:\/\/mwc-cmm.org\/wp-content\/uploads\/2024\/11\/whatsapp_image_2022-06-17_at_9.01.30_pm.jpeg\" \/>\n\t<meta property=\"og:image:width\" content=\"666\" \/>\n\t<meta property=\"og:image:height\" content=\"608\" \/>\n\t<meta property=\"og:image:type\" content=\"image\/jpeg\" \/>\n<script type=\"application\/ld+json\" class=\"yoast-schema-graph\">{\"@context\":\"https:\\\/\\\/schema.org\",\"@graph\":[{\"@type\":\"WebPage\",\"@id\":\"https:\\\/\\\/mwc-cmm.org\\\/en\\\/prayer\\\/myanmar-prayer\\\/\",\"url\":\"https:\\\/\\\/mwc-cmm.org\\\/en\\\/prayer\\\/myanmar-prayer\\\/\",\"name\":\"Myanmar Prayer - Mennonite World Conference\",\"isPartOf\":{\"@id\":\"https:\\\/\\\/mwc-cmm.org\\\/en\\\/#website\"},\"primaryImageOfPage\":{\"@id\":\"https:\\\/\\\/mwc-cmm.org\\\/en\\\/prayer\\\/myanmar-prayer\\\/#primaryimage\"},\"image\":{\"@id\":\"https:\\\/\\\/mwc-cmm.org\\\/en\\\/prayer\\\/myanmar-prayer\\\/#primaryimage\"},\"thumbnailUrl\":\"https:\\\/\\\/mwc-cmm.org\\\/wp-content\\\/uploads\\\/2024\\\/11\\\/whatsapp_image_2022-06-17_at_9.01.30_pm.jpeg\",\"datePublished\":\"2022-06-22T00:00:00+00:00\",\"dateModified\":\"2024-11-27T22:15:11+00:00\",\"breadcrumb\":{\"@id\":\"https:\\\/\\\/mwc-cmm.org\\\/en\\\/prayer\\\/myanmar-prayer\\\/#breadcrumb\"},\"inLanguage\":\"es\",\"potentialAction\":[{\"@type\":\"ReadAction\",\"target\":[\"https:\\\/\\\/mwc-cmm.org\\\/en\\\/prayer\\\/myanmar-prayer\\\/\"]}]},{\"@type\":\"ImageObject\",\"inLanguage\":\"es\",\"@id\":\"https:\\\/\\\/mwc-cmm.org\\\/en\\\/prayer\\\/myanmar-prayer\\\/#primaryimage\",\"url\":\"https:\\\/\\\/mwc-cmm.org\\\/wp-content\\\/uploads\\\/2024\\\/11\\\/whatsapp_image_2022-06-17_at_9.01.30_pm.jpeg\",\"contentUrl\":\"https:\\\/\\\/mwc-cmm.org\\\/wp-content\\\/uploads\\\/2024\\\/11\\\/whatsapp_image_2022-06-17_at_9.01.30_pm.jpeg\",\"width\":666,\"height\":608},{\"@type\":\"BreadcrumbList\",\"@id\":\"https:\\\/\\\/mwc-cmm.org\\\/en\\\/prayer\\\/myanmar-prayer\\\/#breadcrumb\",\"itemListElement\":[{\"@type\":\"ListItem\",\"position\":1,\"name\":\"Home\",\"item\":\"https:\\\/\\\/mwc-cmm.org\\\/es\\\/\"},{\"@type\":\"ListItem\",\"position\":2,\"name\":\"Prayers\",\"item\":\"https:\\\/\\\/mwc-cmm.org\\\/en\\\/prayer\\\/\"},{\"@type\":\"ListItem\",\"position\":3,\"name\":\"Myanmar Prayer\"}]},{\"@type\":\"WebSite\",\"@id\":\"https:\\\/\\\/mwc-cmm.org\\\/en\\\/#website\",\"url\":\"https:\\\/\\\/mwc-cmm.org\\\/en\\\/\",\"name\":\"Mennonite World Conference\",\"description\":\"A communion of Anabaptist-related churches\",\"publisher\":{\"@id\":\"https:\\\/\\\/mwc-cmm.org\\\/en\\\/#organization\"},\"alternateName\":\"MWC\",\"potentialAction\":[{\"@type\":\"SearchAction\",\"target\":{\"@type\":\"EntryPoint\",\"urlTemplate\":\"https:\\\/\\\/mwc-cmm.org\\\/en\\\/?s={search_term_string}\"},\"query-input\":{\"@type\":\"PropertyValueSpecification\",\"valueRequired\":true,\"valueName\":\"search_term_string\"}}],\"inLanguage\":\"es\"},{\"@type\":\"Organization\",\"@id\":\"https:\\\/\\\/mwc-cmm.org\\\/en\\\/#organization\",\"name\":\"Mennonite World Conference\",\"alternateName\":\"MWC\",\"url\":\"https:\\\/\\\/mwc-cmm.org\\\/en\\\/\",\"logo\":{\"@type\":\"ImageObject\",\"inLanguage\":\"es\",\"@id\":\"https:\\\/\\\/mwc-cmm.org\\\/en\\\/#\\\/schema\\\/logo\\\/image\\\/\",\"url\":\"https:\\\/\\\/mwc-cmm.org\\\/wp-content\\\/uploads\\\/2026\\\/01\\\/MWC_Sig_Blue_Horiz_webheader1-logo.svg\",\"contentUrl\":\"https:\\\/\\\/mwc-cmm.org\\\/wp-content\\\/uploads\\\/2026\\\/01\\\/MWC_Sig_Blue_Horiz_webheader1-logo.svg\",\"width\":786,\"height\":82,\"caption\":\"Mennonite World Conference\"},\"image\":{\"@id\":\"https:\\\/\\\/mwc-cmm.org\\\/en\\\/#\\\/schema\\\/logo\\\/image\\\/\"},\"sameAs\":[\"https:\\\/\\\/www.facebook.com\\\/MennoniteWorldConference\",\"https:\\\/\\\/www.linkedin.com\\\/company\\\/mennonite-world-conference-mwc\\\/\",\"https:\\\/\\\/www.instagram.com\\\/mwcmm\\\/\",\"https:\\\/\\\/www.youtube.com\\\/user\\\/mwccmm\",\"https:\\\/\\\/bsky.app\\\/profile\\\/mwcmm.bsky.social\"]}]}<\/script>\n<!-- \/ Yoast SEO plugin. -->","yoast_head_json":{"title":"Myanmar Prayer - Mennonite World Conference","robots":{"index":"index","follow":"follow","max-snippet":"max-snippet:-1","max-image-preview":"max-image-preview:large","max-video-preview":"max-video-preview:-1"},"canonical":"https:\/\/mwc-cmm.org\/en\/prayer\/myanmar-prayer\/","og_locale":"es_ES","og_type":"article","og_title":"Myanmar Prayer - Mennonite World Conference","og_description":"Mensaje de una persona en el liderazgo de una iglesia miembro del CMM en Myanmar:&nbsp;&nbsp; Nuestro pa\u00eds se ve afectado por la cat\u00b7strofe mundial: sufrimos pobreza extrema y hambre debido a las sanciones econ\u00f3micas internacionales y el malestar interno por la guerra.&nbsp;&nbsp; Pedimos oraci\u00f3n especial por las 51 familias de nuestras personas misioneras y plantadoras [&hellip;]","og_url":"https:\/\/mwc-cmm.org\/en\/prayer\/myanmar-prayer\/","og_site_name":"Mennonite World Conference","article_publisher":"https:\/\/www.facebook.com\/MennoniteWorldConference","article_modified_time":"2024-11-27T22:15:11+00:00","og_image":[{"width":666,"height":608,"url":"https:\/\/mwc-cmm.org\/wp-content\/uploads\/2024\/11\/whatsapp_image_2022-06-17_at_9.01.30_pm.jpeg","type":"image\/jpeg"}],"schema":{"@context":"https:\/\/schema.org","@graph":[{"@type":"WebPage","@id":"https:\/\/mwc-cmm.org\/en\/prayer\/myanmar-prayer\/","url":"https:\/\/mwc-cmm.org\/en\/prayer\/myanmar-prayer\/","name":"Myanmar Prayer - Mennonite World Conference","isPartOf":{"@id":"https:\/\/mwc-cmm.org\/en\/#website"},"primaryImageOfPage":{"@id":"https:\/\/mwc-cmm.org\/en\/prayer\/myanmar-prayer\/#primaryimage"},"image":{"@id":"https:\/\/mwc-cmm.org\/en\/prayer\/myanmar-prayer\/#primaryimage"},"thumbnailUrl":"https:\/\/mwc-cmm.org\/wp-content\/uploads\/2024\/11\/whatsapp_image_2022-06-17_at_9.01.30_pm.jpeg","datePublished":"2022-06-22T00:00:00+00:00","dateModified":"2024-11-27T22:15:11+00:00","breadcrumb":{"@id":"https:\/\/mwc-cmm.org\/en\/prayer\/myanmar-prayer\/#breadcrumb"},"inLanguage":"es","potentialAction":[{"@type":"ReadAction","target":["https:\/\/mwc-cmm.org\/en\/prayer\/myanmar-prayer\/"]}]},{"@type":"ImageObject","inLanguage":"es","@id":"https:\/\/mwc-cmm.org\/en\/prayer\/myanmar-prayer\/#primaryimage","url":"https:\/\/mwc-cmm.org\/wp-content\/uploads\/2024\/11\/whatsapp_image_2022-06-17_at_9.01.30_pm.jpeg","contentUrl":"https:\/\/mwc-cmm.org\/wp-content\/uploads\/2024\/11\/whatsapp_image_2022-06-17_at_9.01.30_pm.jpeg","width":666,"height":608},{"@type":"BreadcrumbList","@id":"https:\/\/mwc-cmm.org\/en\/prayer\/myanmar-prayer\/#breadcrumb","itemListElement":[{"@type":"ListItem","position":1,"name":"Home","item":"https:\/\/mwc-cmm.org\/es\/"},{"@type":"ListItem","position":2,"name":"Prayers","item":"https:\/\/mwc-cmm.org\/en\/prayer\/"},{"@type":"ListItem","position":3,"name":"Myanmar Prayer"}]},{"@type":"WebSite","@id":"https:\/\/mwc-cmm.org\/en\/#website","url":"https:\/\/mwc-cmm.org\/en\/","name":"Mennonite World Conference","description":"A communion of Anabaptist-related churches","publisher":{"@id":"https:\/\/mwc-cmm.org\/en\/#organization"},"alternateName":"MWC","potentialAction":[{"@type":"SearchAction","target":{"@type":"EntryPoint","urlTemplate":"https:\/\/mwc-cmm.org\/en\/?s={search_term_string}"},"query-input":{"@type":"PropertyValueSpecification","valueRequired":true,"valueName":"search_term_string"}}],"inLanguage":"es"},{"@type":"Organization","@id":"https:\/\/mwc-cmm.org\/en\/#organization","name":"Mennonite World Conference","alternateName":"MWC","url":"https:\/\/mwc-cmm.org\/en\/","logo":{"@type":"ImageObject","inLanguage":"es","@id":"https:\/\/mwc-cmm.org\/en\/#\/schema\/logo\/image\/","url":"https:\/\/mwc-cmm.org\/wp-content\/uploads\/2026\/01\/MWC_Sig_Blue_Horiz_webheader1-logo.svg","contentUrl":"https:\/\/mwc-cmm.org\/wp-content\/uploads\/2026\/01\/MWC_Sig_Blue_Horiz_webheader1-logo.svg","width":786,"height":82,"caption":"Mennonite World Conference"},"image":{"@id":"https:\/\/mwc-cmm.org\/en\/#\/schema\/logo\/image\/"},"sameAs":["https:\/\/www.facebook.com\/MennoniteWorldConference","https:\/\/www.linkedin.com\/company\/mennonite-world-conference-mwc\/","https:\/\/www.instagram.com\/mwcmm\/","https:\/\/www.youtube.com\/user\/mwccmm","https:\/\/bsky.app\/profile\/mwcmm.bsky.social"]}]}},"_links":{"self":[{"href":"https:\/\/mwc-cmm.org\/es\/wp-json\/wp\/v2\/prayers\/5181","targetHints":{"allow":["GET"]}}],"collection":[{"href":"https:\/\/mwc-cmm.org\/es\/wp-json\/wp\/v2\/prayers"}],"about":[{"href":"https:\/\/mwc-cmm.org\/es\/wp-json\/wp\/v2\/types\/prayers"}],"wp:featuredmedia":[{"embeddable":true,"href":"https:\/\/mwc-cmm.org\/es\/wp-json\/wp\/v2\/media\/72092"}],"wp:attachment":[{"href":"https:\/\/mwc-cmm.org\/es\/wp-json\/wp\/v2\/media?parent=5181"}],"curies":[{"name":"wp","href":"https:\/\/api.w.org\/{rel}","templated":true}]}}

<p>Mensaje de una persona en el liderazgo de una iglesia miembro del CMM en Myanmar:&nbsp;&nbsp;</p>
<p>Nuestro país se ve afectado por la cat·strofe mundial: sufrimos pobreza extrema y hambre debido a las sanciones económicas internacionales y el malestar interno por la guerra.&nbsp;&nbsp;<br />
Pedimos oración especial por las 51 familias de nuestras personas misioneras y plantadoras de iglesias y por las 415 familias de las personas miembro de nuestra congregación. Han dejado su hogar y se quedan en el bosque. No han podido mantener su sustento durante mucho tiempo. La escasez de alimentos es el gran desafío.&nbsp;&nbsp;<br />
Por favor oren por nosotros. Creemos que la oración puede marcar la diferencia.&nbsp;&nbsp;<br />
En este momento tan difícil de agitación en Myanmar, Dios ha abierto una gran puerta para la evangelización. Este es el momento m·s gratificante de nuestros campos misioneros. Dios todavía est· en el trono.&nbsp;</p>
<p><span style="font-size:12px;">Foto suministrada&nbsp;</span></p>

<p>Mensaje de una persona en el liderazgo de una iglesia miembro del CMM en Myanmar:&nbsp;&nbsp; Nuestro país se ve afectado por la cat·strofe mundial: sufrimos pobreza extrema y hambre debido a las sanciones económicas internacionales y el malestar interno por la guerra.&nbsp;&nbsp; Pedimos oración especial por las 51 familias de nuestras personas misioneras y plantadoras [&hellip;]</p>

<!-- This site is optimized with the Yoast SEO plugin v27.5 - https://yoast.com/product/yoast-seo-wordpress/ -->
<title>Myanmar Prayer - Mennonite World Conference</title>
<meta name="robots" content="index, follow, max-snippet:-1, max-image-preview:large, max-video-preview:-1" />
<link rel="canonical" href="https://mwc-cmm.org/en/prayer/myanmar-prayer/" />
<meta property="og:locale" content="es_ES" />
<meta property="og:type" content="article" />
<meta property="og:title" content="Myanmar Prayer - Mennonite World Conference" />
<meta property="og:description" content="Mensaje de una persona en el liderazgo de una iglesia miembro del CMM en Myanmar:&nbsp;&nbsp; Nuestro país se ve afectado por la cat·strofe mundial: sufrimos pobreza extrema y hambre debido a las sanciones económicas internacionales y el malestar interno por la guerra.&nbsp;&nbsp; Pedimos oración especial por las 51 familias de nuestras personas misioneras y plantadoras [&hellip;]" />
<meta property="og:url" content="https://mwc-cmm.org/en/prayer/myanmar-prayer/" />
<meta property="og:site_name" content="Mennonite World Conference" />
<meta property="article:publisher" content="https://www.facebook.com/MennoniteWorldConference" />
<meta property="article:modified_time" content="2024-11-27T22:15:11+00:00" />
<meta property="og:image" content="https://mwc-cmm.org/wp-content/uploads/2024/11/whatsapp_image_2022-06-17_at_9.01.30_pm.jpeg" />
	<meta property="og:image:width" content="666" />
	<meta property="og:image:height" content="608" />
	<meta property="og:image:type" content="image/jpeg" />
<script type="application/ld+json" class="yoast-schema-graph">{"@context":"https:\/\/schema.org","@graph":[{"@type":"WebPage","@id":"https:\/\/mwc-cmm.org\/en\/prayer\/myanmar-prayer\/","url":"https:\/\/mwc-cmm.org\/en\/prayer\/myanmar-prayer\/","name":"Myanmar Prayer - Mennonite World Conference","isPartOf":{"@id":"https:\/\/mwc-cmm.org\/en\/#website"},"primaryImageOfPage":{"@id":"https:\/\/mwc-cmm.org\/en\/prayer\/myanmar-prayer\/#primaryimage"},"image":{"@id":"https:\/\/mwc-cmm.org\/en\/prayer\/myanmar-prayer\/#primaryimage"},"thumbnailUrl":"https:\/\/mwc-cmm.org\/wp-content\/uploads\/2024\/11\/whatsapp_image_2022-06-17_at_9.01.30_pm.jpeg","datePublished":"2022-06-22T00:00:00+00:00","dateModified":"2024-11-27T22:15:11+00:00","breadcrumb":{"@id":"https:\/\/mwc-cmm.org\/en\/prayer\/myanmar-prayer\/#breadcrumb"},"inLanguage":"es","potentialAction":[{"@type":"ReadAction","target":["https:\/\/mwc-cmm.org\/en\/prayer\/myanmar-prayer\/"]}]},{"@type":"ImageObject","inLanguage":"es","@id":"https:\/\/mwc-cmm.org\/en\/prayer\/myanmar-prayer\/#primaryimage","url":"https:\/\/mwc-cmm.org\/wp-content\/uploads\/2024\/11\/whatsapp_image_2022-06-17_at_9.01.30_pm.jpeg","contentUrl":"https:\/\/mwc-cmm.org\/wp-content\/uploads\/2024\/11\/whatsapp_image_2022-06-17_at_9.01.30_pm.jpeg","width":666,"height":608},{"@type":"BreadcrumbList","@id":"https:\/\/mwc-cmm.org\/en\/prayer\/myanmar-prayer\/#breadcrumb","itemListElement":[{"@type":"ListItem","position":1,"name":"Home","item":"https:\/\/mwc-cmm.org\/es\/"},{"@type":"ListItem","position":2,"name":"Prayers","item":"https:\/\/mwc-cmm.org\/en\/prayer\/"},{"@type":"ListItem","position":3,"name":"Myanmar Prayer"}]},{"@type":"WebSite","@id":"https:\/\/mwc-cmm.org\/en\/#website","url":"https:\/\/mwc-cmm.org\/en\/","name":"Mennonite World Conference","description":"A communion of Anabaptist-related churches","publisher":{"@id":"https:\/\/mwc-cmm.org\/en\/#organization"},"alternateName":"MWC","potentialAction":[{"@type":"SearchAction","target":{"@type":"EntryPoint","urlTemplate":"https:\/\/mwc-cmm.org\/en\/?s={search_term_string}"},"query-input":{"@type":"PropertyValueSpecification","valueRequired":true,"valueName":"search_term_string"}}],"inLanguage":"es"},{"@type":"Organization","@id":"https:\/\/mwc-cmm.org\/en\/#organization","name":"Mennonite World Conference","alternateName":"MWC","url":"https:\/\/mwc-cmm.org\/en\/","logo":{"@type":"ImageObject","inLanguage":"es","@id":"https:\/\/mwc-cmm.org\/en\/#\/schema\/logo\/image\/","url":"https:\/\/mwc-cmm.org\/wp-content\/uploads\/2026\/01\/MWC_Sig_Blue_Horiz_webheader1-logo.svg","contentUrl":"https:\/\/mwc-cmm.org\/wp-content\/uploads\/2026\/01\/MWC_Sig_Blue_Horiz_webheader1-logo.svg","width":786,"height":82,"caption":"Mennonite World Conference"},"image":{"@id":"https:\/\/mwc-cmm.org\/en\/#\/schema\/logo\/image\/"},"sameAs":["https:\/\/www.facebook.com\/MennoniteWorldConference","https:\/\/www.linkedin.com\/company\/mennonite-world-conference-mwc\/","https:\/\/www.instagram.com\/mwcmm\/","https:\/\/www.youtube.com\/user\/mwccmm","https:\/\/bsky.app\/profile\/mwcmm.bsky.social"]}]}</script>
<!-- / Yoast SEO plugin. -->

Mensaje de una persona en el liderazgo de una iglesia miembro del CMM en Myanmar:&nbsp;&nbsp; Nuestro país se ve afectado por la cat·strofe mundial: sufrimos pobreza extrema y hambre debido a las sanciones económicas internacionales y el malestar interno por la guerra.&nbsp;&nbsp; Pedimos oración especial por las 51 familias de nuestras personas misioneras y plantadoras [&hellip;]
