{"id":5165,"date":"2022-03-19T00:00:00","date_gmt":"2022-03-19T00:00:00","guid":{"rendered":"https:\/\/mwc-cmm.org\/prayers\/ukraine-18-mar-22-2\/"},"modified":"2024-10-17T01:32:53","modified_gmt":"2024-10-17T01:32:53","slug":"ukraine-18-mar-22-2","status":"publish","type":"prayers","link":"https:\/\/mwc-cmm.org\/es\/prayer\/ukraine-18-mar-22-2\/","title":{"rendered":"Ukraine 18 Mar 22"},"content":{"rendered":"<p>El l\u00edder de Iglesias Asociadas de los Hermanos Menonitas de Ucrania, expresa que: \u00edDesde los tiempos de paz, hemos mantenido una relaci\u00f3n positiva con los hermanos y hermanas alrededor del mundo. Actualmente, recibir apoyo de todos los rincones de la tierra, se ha convertido en un gran est\u00edmulo. Toda la ayuda posible, incluso la m\u00b7s peque\u00f1a, es esencial, de modo que ninguno de nosotros podr\u00edamos expresar lo agradecidos que estamos. As\u2019 que, damos gloria al Se\u00f1or sin cesar por vuestros corazones abiertos y sinceros\u00f3.<\/p>\n<p>Se\u00f1or Dios, oramos por la paz en Ucrania, tambi\u00e9n oramos por tu amor y tu mano sustentadora con nuestros hermanos y hermanas ucranianos, incluyendo a las 20 congregaciones de Hermanos Menonitas, que est\u00b7n brindando ayuda a sus vecinos a trav\u00e9s de refugios en los edificios de las iglesias, comida y consuelo espiritual. Tambi\u00e9n oramos por el pueblo de Rusia, porque como seguidores de Jes\u02d9s, no consideramos a ning\u02d9n otro ser humano como enemigo.<\/p>\n","protected":false},"excerpt":{"rendered":"<p>El l\u00edder de Iglesias Asociadas de los Hermanos Menonitas de Ucrania, expresa que: \u00edDesde los tiempos de paz, hemos mantenido una relaci\u00f3n positiva con los hermanos y hermanas alrededor del mundo. Actualmente, recibir apoyo de todos los rincones de la tierra, se ha convertido en un gran est\u00edmulo. Toda la ayuda posible, incluso la m\u00b7s [&hellip;]<\/p>\n","protected":false},"featured_media":0,"template":"","class_list":["post-5165","prayers","type-prayers","status-publish","hentry"],"acf":[],"yoast_head":"<!-- This site is optimized with the Yoast SEO plugin v27.2 - https:\/\/yoast.com\/product\/yoast-seo-wordpress\/ -->\n<title>Ukraine 18 Mar 22 - Mennonite World Conference<\/title>\n<meta name=\"robots\" content=\"index, follow, max-snippet:-1, max-image-preview:large, max-video-preview:-1\" \/>\n<link rel=\"canonical\" href=\"https:\/\/mwc-cmm.org\/es\/prayer\/ukraine-18-mar-22-2\/\" \/>\n<meta property=\"og:locale\" content=\"es_ES\" \/>\n<meta property=\"og:type\" content=\"article\" \/>\n<meta property=\"og:title\" content=\"Ukraine 18 Mar 22 - Mennonite World Conference\" \/>\n<meta property=\"og:description\" content=\"El l\u00edder de Iglesias Asociadas de los Hermanos Menonitas de Ucrania, expresa que: \u00edDesde los tiempos de paz, hemos mantenido una relaci\u00f3n positiva con los hermanos y hermanas alrededor del mundo. Actualmente, recibir apoyo de todos los rincones de la tierra, se ha convertido en un gran est\u00edmulo. Toda la ayuda posible, incluso la m\u00b7s [&hellip;]\" \/>\n<meta property=\"og:url\" content=\"https:\/\/mwc-cmm.org\/es\/prayer\/ukraine-18-mar-22-2\/\" \/>\n<meta property=\"og:site_name\" content=\"Mennonite World Conference\" \/>\n<meta property=\"article:publisher\" content=\"https:\/\/www.facebook.com\/MennoniteWorldConference\" \/>\n<meta property=\"article:modified_time\" content=\"2024-10-17T01:32:53+00:00\" \/>\n<script type=\"application\/ld+json\" class=\"yoast-schema-graph\">{\"@context\":\"https:\/\/schema.org\",\"@graph\":[{\"@type\":\"WebPage\",\"@id\":\"https:\/\/mwc-cmm.org\/es\/prayer\/ukraine-18-mar-22-2\/\",\"url\":\"https:\/\/mwc-cmm.org\/es\/prayer\/ukraine-18-mar-22-2\/\",\"name\":\"Ukraine 18 Mar 22 - Mennonite World Conference\",\"isPartOf\":{\"@id\":\"https:\/\/mwc-cmm.org\/en\/#website\"},\"datePublished\":\"2022-03-19T00:00:00+00:00\",\"dateModified\":\"2024-10-17T01:32:53+00:00\",\"breadcrumb\":{\"@id\":\"https:\/\/mwc-cmm.org\/es\/prayer\/ukraine-18-mar-22-2\/#breadcrumb\"},\"inLanguage\":\"es\",\"potentialAction\":[{\"@type\":\"ReadAction\",\"target\":[\"https:\/\/mwc-cmm.org\/es\/prayer\/ukraine-18-mar-22-2\/\"]}]},{\"@type\":\"BreadcrumbList\",\"@id\":\"https:\/\/mwc-cmm.org\/es\/prayer\/ukraine-18-mar-22-2\/#breadcrumb\",\"itemListElement\":[{\"@type\":\"ListItem\",\"position\":1,\"name\":\"Home\",\"item\":\"https:\/\/mwc-cmm.org\/es\/\"},{\"@type\":\"ListItem\",\"position\":2,\"name\":\"Prayers\",\"item\":\"https:\/\/mwc-cmm.org\/en\/prayer\/\"},{\"@type\":\"ListItem\",\"position\":3,\"name\":\"Ukraine 18 Mar 22\"}]},{\"@type\":\"WebSite\",\"@id\":\"https:\/\/mwc-cmm.org\/en\/#website\",\"url\":\"https:\/\/mwc-cmm.org\/en\/\",\"name\":\"Mennonite World Conference\",\"description\":\"A communion of Anabaptist-related churches\",\"publisher\":{\"@id\":\"https:\/\/mwc-cmm.org\/en\/#organization\"},\"alternateName\":\"MWC\",\"potentialAction\":[{\"@type\":\"SearchAction\",\"target\":{\"@type\":\"EntryPoint\",\"urlTemplate\":\"https:\/\/mwc-cmm.org\/en\/?s={search_term_string}\"},\"query-input\":{\"@type\":\"PropertyValueSpecification\",\"valueRequired\":true,\"valueName\":\"search_term_string\"}}],\"inLanguage\":\"es\"},{\"@type\":\"Organization\",\"@id\":\"https:\/\/mwc-cmm.org\/en\/#organization\",\"name\":\"Mennonite World Conference\",\"alternateName\":\"MWC\",\"url\":\"https:\/\/mwc-cmm.org\/en\/\",\"logo\":{\"@type\":\"ImageObject\",\"inLanguage\":\"es\",\"@id\":\"https:\/\/mwc-cmm.org\/en\/#\/schema\/logo\/image\/\",\"url\":\"https:\/\/mwc-cmm.org\/wp-content\/uploads\/2026\/01\/MWC_Sig_Blue_Horiz_webheader1-logo.svg\",\"contentUrl\":\"https:\/\/mwc-cmm.org\/wp-content\/uploads\/2026\/01\/MWC_Sig_Blue_Horiz_webheader1-logo.svg\",\"width\":786,\"height\":82,\"caption\":\"Mennonite World Conference\"},\"image\":{\"@id\":\"https:\/\/mwc-cmm.org\/en\/#\/schema\/logo\/image\/\"},\"sameAs\":[\"https:\/\/www.facebook.com\/MennoniteWorldConference\",\"https:\/\/www.linkedin.com\/company\/mennonite-world-conference-mwc\/\",\"https:\/\/www.instagram.com\/mwcmm\/\",\"https:\/\/www.youtube.com\/user\/mwccmm\",\"https:\/\/bsky.app\/profile\/mwcmm.bsky.social\"]}]}<\/script>\n<!-- \/ Yoast SEO plugin. -->","yoast_head_json":{"title":"Ukraine 18 Mar 22 - Mennonite World Conference","robots":{"index":"index","follow":"follow","max-snippet":"max-snippet:-1","max-image-preview":"max-image-preview:large","max-video-preview":"max-video-preview:-1"},"canonical":"https:\/\/mwc-cmm.org\/es\/prayer\/ukraine-18-mar-22-2\/","og_locale":"es_ES","og_type":"article","og_title":"Ukraine 18 Mar 22 - Mennonite World Conference","og_description":"El l\u00edder de Iglesias Asociadas de los Hermanos Menonitas de Ucrania, expresa que: \u00edDesde los tiempos de paz, hemos mantenido una relaci\u00f3n positiva con los hermanos y hermanas alrededor del mundo. Actualmente, recibir apoyo de todos los rincones de la tierra, se ha convertido en un gran est\u00edmulo. Toda la ayuda posible, incluso la m\u00b7s [&hellip;]","og_url":"https:\/\/mwc-cmm.org\/es\/prayer\/ukraine-18-mar-22-2\/","og_site_name":"Mennonite World Conference","article_publisher":"https:\/\/www.facebook.com\/MennoniteWorldConference","article_modified_time":"2024-10-17T01:32:53+00:00","schema":{"@context":"https:\/\/schema.org","@graph":[{"@type":"WebPage","@id":"https:\/\/mwc-cmm.org\/es\/prayer\/ukraine-18-mar-22-2\/","url":"https:\/\/mwc-cmm.org\/es\/prayer\/ukraine-18-mar-22-2\/","name":"Ukraine 18 Mar 22 - Mennonite World Conference","isPartOf":{"@id":"https:\/\/mwc-cmm.org\/en\/#website"},"datePublished":"2022-03-19T00:00:00+00:00","dateModified":"2024-10-17T01:32:53+00:00","breadcrumb":{"@id":"https:\/\/mwc-cmm.org\/es\/prayer\/ukraine-18-mar-22-2\/#breadcrumb"},"inLanguage":"es","potentialAction":[{"@type":"ReadAction","target":["https:\/\/mwc-cmm.org\/es\/prayer\/ukraine-18-mar-22-2\/"]}]},{"@type":"BreadcrumbList","@id":"https:\/\/mwc-cmm.org\/es\/prayer\/ukraine-18-mar-22-2\/#breadcrumb","itemListElement":[{"@type":"ListItem","position":1,"name":"Home","item":"https:\/\/mwc-cmm.org\/es\/"},{"@type":"ListItem","position":2,"name":"Prayers","item":"https:\/\/mwc-cmm.org\/en\/prayer\/"},{"@type":"ListItem","position":3,"name":"Ukraine 18 Mar 22"}]},{"@type":"WebSite","@id":"https:\/\/mwc-cmm.org\/en\/#website","url":"https:\/\/mwc-cmm.org\/en\/","name":"Mennonite World Conference","description":"A communion of Anabaptist-related churches","publisher":{"@id":"https:\/\/mwc-cmm.org\/en\/#organization"},"alternateName":"MWC","potentialAction":[{"@type":"SearchAction","target":{"@type":"EntryPoint","urlTemplate":"https:\/\/mwc-cmm.org\/en\/?s={search_term_string}"},"query-input":{"@type":"PropertyValueSpecification","valueRequired":true,"valueName":"search_term_string"}}],"inLanguage":"es"},{"@type":"Organization","@id":"https:\/\/mwc-cmm.org\/en\/#organization","name":"Mennonite World Conference","alternateName":"MWC","url":"https:\/\/mwc-cmm.org\/en\/","logo":{"@type":"ImageObject","inLanguage":"es","@id":"https:\/\/mwc-cmm.org\/en\/#\/schema\/logo\/image\/","url":"https:\/\/mwc-cmm.org\/wp-content\/uploads\/2026\/01\/MWC_Sig_Blue_Horiz_webheader1-logo.svg","contentUrl":"https:\/\/mwc-cmm.org\/wp-content\/uploads\/2026\/01\/MWC_Sig_Blue_Horiz_webheader1-logo.svg","width":786,"height":82,"caption":"Mennonite World Conference"},"image":{"@id":"https:\/\/mwc-cmm.org\/en\/#\/schema\/logo\/image\/"},"sameAs":["https:\/\/www.facebook.com\/MennoniteWorldConference","https:\/\/www.linkedin.com\/company\/mennonite-world-conference-mwc\/","https:\/\/www.instagram.com\/mwcmm\/","https:\/\/www.youtube.com\/user\/mwccmm","https:\/\/bsky.app\/profile\/mwcmm.bsky.social"]}]}},"_links":{"self":[{"href":"https:\/\/mwc-cmm.org\/es\/wp-json\/wp\/v2\/prayers\/5165","targetHints":{"allow":["GET"]}}],"collection":[{"href":"https:\/\/mwc-cmm.org\/es\/wp-json\/wp\/v2\/prayers"}],"about":[{"href":"https:\/\/mwc-cmm.org\/es\/wp-json\/wp\/v2\/types\/prayers"}],"wp:attachment":[{"href":"https:\/\/mwc-cmm.org\/es\/wp-json\/wp\/v2\/media?parent=5165"}],"curies":[{"name":"wp","href":"https:\/\/api.w.org\/{rel}","templated":true}]}}

<p>El líder de Iglesias Asociadas de los Hermanos Menonitas de Ucrania, expresa que: íDesde los tiempos de paz, hemos mantenido una relación positiva con los hermanos y hermanas alrededor del mundo. Actualmente, recibir apoyo de todos los rincones de la tierra, se ha convertido en un gran estímulo. Toda la ayuda posible, incluso la m·s pequeña, es esencial, de modo que ninguno de nosotros podríamos expresar lo agradecidos que estamos. As’ que, damos gloria al Señor sin cesar por vuestros corazones abiertos y sincerosó.</p>
<p>Señor Dios, oramos por la paz en Ucrania, también oramos por tu amor y tu mano sustentadora con nuestros hermanos y hermanas ucranianos, incluyendo a las 20 congregaciones de Hermanos Menonitas, que est·n brindando ayuda a sus vecinos a través de refugios en los edificios de las iglesias, comida y consuelo espiritual. También oramos por el pueblo de Rusia, porque como seguidores de Jes˙s, no consideramos a ning˙n otro ser humano como enemigo.</p>

<p>El líder de Iglesias Asociadas de los Hermanos Menonitas de Ucrania, expresa que: íDesde los tiempos de paz, hemos mantenido una relación positiva con los hermanos y hermanas alrededor del mundo. Actualmente, recibir apoyo de todos los rincones de la tierra, se ha convertido en un gran estímulo. Toda la ayuda posible, incluso la m·s [&hellip;]</p>

<!-- This site is optimized with the Yoast SEO plugin v27.2 - https://yoast.com/product/yoast-seo-wordpress/ -->
<title>Ukraine 18 Mar 22 - Mennonite World Conference</title>
<meta name="robots" content="index, follow, max-snippet:-1, max-image-preview:large, max-video-preview:-1" />
<link rel="canonical" href="https://mwc-cmm.org/es/prayer/ukraine-18-mar-22-2/" />
<meta property="og:locale" content="es_ES" />
<meta property="og:type" content="article" />
<meta property="og:title" content="Ukraine 18 Mar 22 - Mennonite World Conference" />
<meta property="og:description" content="El líder de Iglesias Asociadas de los Hermanos Menonitas de Ucrania, expresa que: íDesde los tiempos de paz, hemos mantenido una relación positiva con los hermanos y hermanas alrededor del mundo. Actualmente, recibir apoyo de todos los rincones de la tierra, se ha convertido en un gran estímulo. Toda la ayuda posible, incluso la m·s [&hellip;]" />
<meta property="og:url" content="https://mwc-cmm.org/es/prayer/ukraine-18-mar-22-2/" />
<meta property="og:site_name" content="Mennonite World Conference" />
<meta property="article:publisher" content="https://www.facebook.com/MennoniteWorldConference" />
<meta property="article:modified_time" content="2024-10-17T01:32:53+00:00" />
<script type="application/ld+json" class="yoast-schema-graph">{"@context":"https://schema.org","@graph":[{"@type":"WebPage","@id":"https://mwc-cmm.org/es/prayer/ukraine-18-mar-22-2/","url":"https://mwc-cmm.org/es/prayer/ukraine-18-mar-22-2/","name":"Ukraine 18 Mar 22 - Mennonite World Conference","isPartOf":{"@id":"https://mwc-cmm.org/en/#website"},"datePublished":"2022-03-19T00:00:00+00:00","dateModified":"2024-10-17T01:32:53+00:00","breadcrumb":{"@id":"https://mwc-cmm.org/es/prayer/ukraine-18-mar-22-2/#breadcrumb"},"inLanguage":"es","potentialAction":[{"@type":"ReadAction","target":["https://mwc-cmm.org/es/prayer/ukraine-18-mar-22-2/"]}]},{"@type":"BreadcrumbList","@id":"https://mwc-cmm.org/es/prayer/ukraine-18-mar-22-2/#breadcrumb","itemListElement":[{"@type":"ListItem","position":1,"name":"Home","item":"https://mwc-cmm.org/es/"},{"@type":"ListItem","position":2,"name":"Prayers","item":"https://mwc-cmm.org/en/prayer/"},{"@type":"ListItem","position":3,"name":"Ukraine 18 Mar 22"}]},{"@type":"WebSite","@id":"https://mwc-cmm.org/en/#website","url":"https://mwc-cmm.org/en/","name":"Mennonite World Conference","description":"A communion of Anabaptist-related churches","publisher":{"@id":"https://mwc-cmm.org/en/#organization"},"alternateName":"MWC","potentialAction":[{"@type":"SearchAction","target":{"@type":"EntryPoint","urlTemplate":"https://mwc-cmm.org/en/?s={search_term_string}"},"query-input":{"@type":"PropertyValueSpecification","valueRequired":true,"valueName":"search_term_string"}}],"inLanguage":"es"},{"@type":"Organization","@id":"https://mwc-cmm.org/en/#organization","name":"Mennonite World Conference","alternateName":"MWC","url":"https://mwc-cmm.org/en/","logo":{"@type":"ImageObject","inLanguage":"es","@id":"https://mwc-cmm.org/en/#/schema/logo/image/","url":"https://mwc-cmm.org/wp-content/uploads/2026/01/MWC_Sig_Blue_Horiz_webheader1-logo.svg","contentUrl":"https://mwc-cmm.org/wp-content/uploads/2026/01/MWC_Sig_Blue_Horiz_webheader1-logo.svg","width":786,"height":82,"caption":"Mennonite World Conference"},"image":{"@id":"https://mwc-cmm.org/en/#/schema/logo/image/"},"sameAs":["https://www.facebook.com/MennoniteWorldConference","https://www.linkedin.com/company/mennonite-world-conference-mwc/","https://www.instagram.com/mwcmm/","https://www.youtube.com/user/mwccmm","https://bsky.app/profile/mwcmm.bsky.social"]}]}</script>
<!-- / Yoast SEO plugin. -->

El líder de Iglesias Asociadas de los Hermanos Menonitas de Ucrania, expresa que: íDesde los tiempos de paz, hemos mantenido una relación positiva con los hermanos y hermanas alrededor del mundo. Actualmente, recibir apoyo de todos los rincones de la tierra, se ha convertido en un gran estímulo. Toda la ayuda posible, incluso la m·s [&hellip;]
