{"id":5143,"date":"2021-10-26T00:00:00","date_gmt":"2021-10-26T00:00:00","guid":{"rendered":"https:\/\/mwc-cmm.org\/prayers\/prayer-anabaptist-mennonite-community-in-colombia-2\/"},"modified":"2024-11-27T22:14:39","modified_gmt":"2024-11-27T22:14:39","slug":"prayer-anabaptist-mennonite-community-in-colombia-2","status":"publish","type":"prayers","link":"https:\/\/mwc-cmm.org\/es\/prayer\/prayer-anabaptist-mennonite-community-in-colombia-2\/","title":{"rendered":"Prayer Anabaptist-Mennonite community in Colombia"},"content":{"rendered":"<p>\u00a1Se\u00f1or Dios, tu compasi\u00f3n se manifiesta en tu comunidad anabautista-menonita de Colombia!&nbsp;<\/p>\n<p>Gracias por las oraciones de nuestros hermanos y hermanas de todo el mundo, en respuesta a la oraci\u00f3n de Nelson Kraybill de mayo de 2021, pidiendo por la misericordia de Dios. La misma fue escrita por motivo de las manifestaciones en todo el pa\u00eds. Manifestaciones por las pol\u00edticas econ\u00f3micas, una reforma fiscal propuesta, la corrupci\u00f3n de alto nivel, la falta de oportunidad para la juventud, y la lenta implementaci\u00f3n de los acuerdos de paz, entre otros aspectos, que se percibieron como m\u00b7s da\u00f1inos al pa\u00eds.*<\/p>\n<p>Las condiciones no han cambiado significativamente desde entonces: casi la mitad de la poblaci\u00f3n vive en la pobreza y la violencia sigue cobrando sus consecuencias a diario.&nbsp;<\/p>\n<p>Sin embargo, el Esp\u00edritu de Dios est\u00b7 obrando en lo que llevan a cabo las iglesias anabautistas en Colombia que participan en la campa\u00f1a \u00edPan y Paz\u00f3; en las organizaciones Menonitas y Hermanos Menonitas Justapaz. Mencoldes y Edupaz que trabajan en pos de la reconciliaci\u00f3n, la paz y el cuidado de las v\u00edctimas, como defensores de los derechos humanos; trabajan en congregaciones en Cali, Bogot\u00b7, Riohacha, Choc\u201d y otros lugares que, con el apoyo del CCM, atienden a migrantes y desplazados venezolanos que necesitan alimentos y ayuda de emergencia.&nbsp;<\/p>\n<p>Se\u00f1or, en tu misericordia, escucha nuestro clamor.<\/p>\n<p><em>\u201d Pablo Stucky, Representante regional, Am\u00e9rica Latina \u2013 Regi\u00f3n Andina<\/em><\/p>\n<p><span style=\"font-size:12px\">Foto: Anna Vogt I Una reuni\u00f3n de l\u00edderes de la iglesia menonita en Colombia en 2017.<\/span><\/p>\n<hr \/>\n<p>Lea m\u00b7s<\/p>\n<table style=\"width:300px\">\n<tbody>\n<tr>\n<td>\n<h4><a href=\"http:\/\/mwc-cmm.org\/es\/node\/3996\">Carta pastoral para las iglesias anabautistas de Colombia<\/a><\/h4>\n<\/td>\n<\/tr>\n<\/tbody>\n<\/table>\n","protected":false},"excerpt":{"rendered":"<p>\u00a1Se\u00f1or Dios, tu compasi\u00f3n se manifiesta en tu comunidad anabautista-menonita de Colombia!&nbsp; Gracias por las oraciones de nuestros hermanos y hermanas de todo el mundo, en respuesta a la oraci\u00f3n de Nelson Kraybill de mayo de 2021, pidiendo por la misericordia de Dios. La misma fue escrita por motivo de las manifestaciones en todo el [&hellip;]<\/p>\n","protected":false},"featured_media":71042,"template":"","class_list":["post-5143","prayers","type-prayers","status-publish","has-post-thumbnail","hentry"],"acf":[],"yoast_head":"<!-- This site is optimized with the Yoast SEO plugin v27.2 - https:\/\/yoast.com\/product\/yoast-seo-wordpress\/ -->\n<title>Prayer Anabaptist-Mennonite community in Colombia - Mennonite World Conference<\/title>\n<meta name=\"robots\" content=\"index, follow, max-snippet:-1, max-image-preview:large, max-video-preview:-1\" \/>\n<link rel=\"canonical\" href=\"https:\/\/mwc-cmm.org\/es\/prayer\/prayer-anabaptist-mennonite-community-in-colombia-2\/\" \/>\n<meta property=\"og:locale\" content=\"es_ES\" \/>\n<meta property=\"og:type\" content=\"article\" \/>\n<meta property=\"og:title\" content=\"Prayer Anabaptist-Mennonite community in Colombia - Mennonite World Conference\" \/>\n<meta property=\"og:description\" content=\"\u00a1Se\u00f1or Dios, tu compasi\u00f3n se manifiesta en tu comunidad anabautista-menonita de Colombia!&nbsp; Gracias por las oraciones de nuestros hermanos y hermanas de todo el mundo, en respuesta a la oraci\u00f3n de Nelson Kraybill de mayo de 2021, pidiendo por la misericordia de Dios. La misma fue escrita por motivo de las manifestaciones en todo el [&hellip;]\" \/>\n<meta property=\"og:url\" content=\"https:\/\/mwc-cmm.org\/es\/prayer\/prayer-anabaptist-mennonite-community-in-colombia-2\/\" \/>\n<meta property=\"og:site_name\" content=\"Mennonite World Conference\" \/>\n<meta property=\"article:publisher\" content=\"https:\/\/www.facebook.com\/MennoniteWorldConference\" \/>\n<meta property=\"article:modified_time\" content=\"2024-11-27T22:14:39+00:00\" \/>\n<meta property=\"og:image\" content=\"https:\/\/mwc-cmm.org\/wp-content\/uploads\/2024\/11\/42777697044_e2ab15cc25_c_0.jpg\" \/>\n\t<meta property=\"og:image:width\" content=\"768\" \/>\n\t<meta property=\"og:image:height\" content=\"512\" \/>\n\t<meta property=\"og:image:type\" content=\"image\/jpeg\" \/>\n<script type=\"application\/ld+json\" class=\"yoast-schema-graph\">{\"@context\":\"https:\/\/schema.org\",\"@graph\":[{\"@type\":\"WebPage\",\"@id\":\"https:\/\/mwc-cmm.org\/es\/prayer\/prayer-anabaptist-mennonite-community-in-colombia-2\/\",\"url\":\"https:\/\/mwc-cmm.org\/es\/prayer\/prayer-anabaptist-mennonite-community-in-colombia-2\/\",\"name\":\"Prayer Anabaptist-Mennonite community in Colombia - Mennonite World Conference\",\"isPartOf\":{\"@id\":\"https:\/\/mwc-cmm.org\/en\/#website\"},\"primaryImageOfPage\":{\"@id\":\"https:\/\/mwc-cmm.org\/es\/prayer\/prayer-anabaptist-mennonite-community-in-colombia-2\/#primaryimage\"},\"image\":{\"@id\":\"https:\/\/mwc-cmm.org\/es\/prayer\/prayer-anabaptist-mennonite-community-in-colombia-2\/#primaryimage\"},\"thumbnailUrl\":\"https:\/\/mwc-cmm.org\/wp-content\/uploads\/2024\/11\/42777697044_e2ab15cc25_c_0.jpg\",\"datePublished\":\"2021-10-26T00:00:00+00:00\",\"dateModified\":\"2024-11-27T22:14:39+00:00\",\"breadcrumb\":{\"@id\":\"https:\/\/mwc-cmm.org\/es\/prayer\/prayer-anabaptist-mennonite-community-in-colombia-2\/#breadcrumb\"},\"inLanguage\":\"es\",\"potentialAction\":[{\"@type\":\"ReadAction\",\"target\":[\"https:\/\/mwc-cmm.org\/es\/prayer\/prayer-anabaptist-mennonite-community-in-colombia-2\/\"]}]},{\"@type\":\"ImageObject\",\"inLanguage\":\"es\",\"@id\":\"https:\/\/mwc-cmm.org\/es\/prayer\/prayer-anabaptist-mennonite-community-in-colombia-2\/#primaryimage\",\"url\":\"https:\/\/mwc-cmm.org\/wp-content\/uploads\/2024\/11\/42777697044_e2ab15cc25_c_0.jpg\",\"contentUrl\":\"https:\/\/mwc-cmm.org\/wp-content\/uploads\/2024\/11\/42777697044_e2ab15cc25_c_0.jpg\",\"width\":768,\"height\":512},{\"@type\":\"BreadcrumbList\",\"@id\":\"https:\/\/mwc-cmm.org\/es\/prayer\/prayer-anabaptist-mennonite-community-in-colombia-2\/#breadcrumb\",\"itemListElement\":[{\"@type\":\"ListItem\",\"position\":1,\"name\":\"Home\",\"item\":\"https:\/\/mwc-cmm.org\/es\/\"},{\"@type\":\"ListItem\",\"position\":2,\"name\":\"Prayers\",\"item\":\"https:\/\/mwc-cmm.org\/en\/prayer\/\"},{\"@type\":\"ListItem\",\"position\":3,\"name\":\"Prayer Anabaptist-Mennonite community in Colombia\"}]},{\"@type\":\"WebSite\",\"@id\":\"https:\/\/mwc-cmm.org\/en\/#website\",\"url\":\"https:\/\/mwc-cmm.org\/en\/\",\"name\":\"Mennonite World Conference\",\"description\":\"A communion of Anabaptist-related churches\",\"publisher\":{\"@id\":\"https:\/\/mwc-cmm.org\/en\/#organization\"},\"alternateName\":\"MWC\",\"potentialAction\":[{\"@type\":\"SearchAction\",\"target\":{\"@type\":\"EntryPoint\",\"urlTemplate\":\"https:\/\/mwc-cmm.org\/en\/?s={search_term_string}\"},\"query-input\":{\"@type\":\"PropertyValueSpecification\",\"valueRequired\":true,\"valueName\":\"search_term_string\"}}],\"inLanguage\":\"es\"},{\"@type\":\"Organization\",\"@id\":\"https:\/\/mwc-cmm.org\/en\/#organization\",\"name\":\"Mennonite World Conference\",\"alternateName\":\"MWC\",\"url\":\"https:\/\/mwc-cmm.org\/en\/\",\"logo\":{\"@type\":\"ImageObject\",\"inLanguage\":\"es\",\"@id\":\"https:\/\/mwc-cmm.org\/en\/#\/schema\/logo\/image\/\",\"url\":\"https:\/\/mwc-cmm.org\/wp-content\/uploads\/2026\/01\/MWC_Sig_Blue_Horiz_webheader1-logo.svg\",\"contentUrl\":\"https:\/\/mwc-cmm.org\/wp-content\/uploads\/2026\/01\/MWC_Sig_Blue_Horiz_webheader1-logo.svg\",\"width\":786,\"height\":82,\"caption\":\"Mennonite World Conference\"},\"image\":{\"@id\":\"https:\/\/mwc-cmm.org\/en\/#\/schema\/logo\/image\/\"},\"sameAs\":[\"https:\/\/www.facebook.com\/MennoniteWorldConference\",\"https:\/\/www.linkedin.com\/company\/mennonite-world-conference-mwc\/\",\"https:\/\/www.instagram.com\/mwcmm\/\",\"https:\/\/www.youtube.com\/user\/mwccmm\",\"https:\/\/bsky.app\/profile\/mwcmm.bsky.social\"]}]}<\/script>\n<!-- \/ Yoast SEO plugin. -->","yoast_head_json":{"title":"Prayer Anabaptist-Mennonite community in Colombia - Mennonite World Conference","robots":{"index":"index","follow":"follow","max-snippet":"max-snippet:-1","max-image-preview":"max-image-preview:large","max-video-preview":"max-video-preview:-1"},"canonical":"https:\/\/mwc-cmm.org\/es\/prayer\/prayer-anabaptist-mennonite-community-in-colombia-2\/","og_locale":"es_ES","og_type":"article","og_title":"Prayer Anabaptist-Mennonite community in Colombia - Mennonite World Conference","og_description":"\u00a1Se\u00f1or Dios, tu compasi\u00f3n se manifiesta en tu comunidad anabautista-menonita de Colombia!&nbsp; Gracias por las oraciones de nuestros hermanos y hermanas de todo el mundo, en respuesta a la oraci\u00f3n de Nelson Kraybill de mayo de 2021, pidiendo por la misericordia de Dios. La misma fue escrita por motivo de las manifestaciones en todo el [&hellip;]","og_url":"https:\/\/mwc-cmm.org\/es\/prayer\/prayer-anabaptist-mennonite-community-in-colombia-2\/","og_site_name":"Mennonite World Conference","article_publisher":"https:\/\/www.facebook.com\/MennoniteWorldConference","article_modified_time":"2024-11-27T22:14:39+00:00","og_image":[{"width":768,"height":512,"url":"https:\/\/mwc-cmm.org\/wp-content\/uploads\/2024\/11\/42777697044_e2ab15cc25_c_0.jpg","type":"image\/jpeg"}],"schema":{"@context":"https:\/\/schema.org","@graph":[{"@type":"WebPage","@id":"https:\/\/mwc-cmm.org\/es\/prayer\/prayer-anabaptist-mennonite-community-in-colombia-2\/","url":"https:\/\/mwc-cmm.org\/es\/prayer\/prayer-anabaptist-mennonite-community-in-colombia-2\/","name":"Prayer Anabaptist-Mennonite community in Colombia - Mennonite World Conference","isPartOf":{"@id":"https:\/\/mwc-cmm.org\/en\/#website"},"primaryImageOfPage":{"@id":"https:\/\/mwc-cmm.org\/es\/prayer\/prayer-anabaptist-mennonite-community-in-colombia-2\/#primaryimage"},"image":{"@id":"https:\/\/mwc-cmm.org\/es\/prayer\/prayer-anabaptist-mennonite-community-in-colombia-2\/#primaryimage"},"thumbnailUrl":"https:\/\/mwc-cmm.org\/wp-content\/uploads\/2024\/11\/42777697044_e2ab15cc25_c_0.jpg","datePublished":"2021-10-26T00:00:00+00:00","dateModified":"2024-11-27T22:14:39+00:00","breadcrumb":{"@id":"https:\/\/mwc-cmm.org\/es\/prayer\/prayer-anabaptist-mennonite-community-in-colombia-2\/#breadcrumb"},"inLanguage":"es","potentialAction":[{"@type":"ReadAction","target":["https:\/\/mwc-cmm.org\/es\/prayer\/prayer-anabaptist-mennonite-community-in-colombia-2\/"]}]},{"@type":"ImageObject","inLanguage":"es","@id":"https:\/\/mwc-cmm.org\/es\/prayer\/prayer-anabaptist-mennonite-community-in-colombia-2\/#primaryimage","url":"https:\/\/mwc-cmm.org\/wp-content\/uploads\/2024\/11\/42777697044_e2ab15cc25_c_0.jpg","contentUrl":"https:\/\/mwc-cmm.org\/wp-content\/uploads\/2024\/11\/42777697044_e2ab15cc25_c_0.jpg","width":768,"height":512},{"@type":"BreadcrumbList","@id":"https:\/\/mwc-cmm.org\/es\/prayer\/prayer-anabaptist-mennonite-community-in-colombia-2\/#breadcrumb","itemListElement":[{"@type":"ListItem","position":1,"name":"Home","item":"https:\/\/mwc-cmm.org\/es\/"},{"@type":"ListItem","position":2,"name":"Prayers","item":"https:\/\/mwc-cmm.org\/en\/prayer\/"},{"@type":"ListItem","position":3,"name":"Prayer Anabaptist-Mennonite community in Colombia"}]},{"@type":"WebSite","@id":"https:\/\/mwc-cmm.org\/en\/#website","url":"https:\/\/mwc-cmm.org\/en\/","name":"Mennonite World Conference","description":"A communion of Anabaptist-related churches","publisher":{"@id":"https:\/\/mwc-cmm.org\/en\/#organization"},"alternateName":"MWC","potentialAction":[{"@type":"SearchAction","target":{"@type":"EntryPoint","urlTemplate":"https:\/\/mwc-cmm.org\/en\/?s={search_term_string}"},"query-input":{"@type":"PropertyValueSpecification","valueRequired":true,"valueName":"search_term_string"}}],"inLanguage":"es"},{"@type":"Organization","@id":"https:\/\/mwc-cmm.org\/en\/#organization","name":"Mennonite World Conference","alternateName":"MWC","url":"https:\/\/mwc-cmm.org\/en\/","logo":{"@type":"ImageObject","inLanguage":"es","@id":"https:\/\/mwc-cmm.org\/en\/#\/schema\/logo\/image\/","url":"https:\/\/mwc-cmm.org\/wp-content\/uploads\/2026\/01\/MWC_Sig_Blue_Horiz_webheader1-logo.svg","contentUrl":"https:\/\/mwc-cmm.org\/wp-content\/uploads\/2026\/01\/MWC_Sig_Blue_Horiz_webheader1-logo.svg","width":786,"height":82,"caption":"Mennonite World Conference"},"image":{"@id":"https:\/\/mwc-cmm.org\/en\/#\/schema\/logo\/image\/"},"sameAs":["https:\/\/www.facebook.com\/MennoniteWorldConference","https:\/\/www.linkedin.com\/company\/mennonite-world-conference-mwc\/","https:\/\/www.instagram.com\/mwcmm\/","https:\/\/www.youtube.com\/user\/mwccmm","https:\/\/bsky.app\/profile\/mwcmm.bsky.social"]}]}},"_links":{"self":[{"href":"https:\/\/mwc-cmm.org\/es\/wp-json\/wp\/v2\/prayers\/5143","targetHints":{"allow":["GET"]}}],"collection":[{"href":"https:\/\/mwc-cmm.org\/es\/wp-json\/wp\/v2\/prayers"}],"about":[{"href":"https:\/\/mwc-cmm.org\/es\/wp-json\/wp\/v2\/types\/prayers"}],"wp:featuredmedia":[{"embeddable":true,"href":"https:\/\/mwc-cmm.org\/es\/wp-json\/wp\/v2\/media\/71042"}],"wp:attachment":[{"href":"https:\/\/mwc-cmm.org\/es\/wp-json\/wp\/v2\/media?parent=5143"}],"curies":[{"name":"wp","href":"https:\/\/api.w.org\/{rel}","templated":true}]}}

<p>¡Señor Dios, tu compasión se manifiesta en tu comunidad anabautista-menonita de Colombia!&nbsp;</p>
<p>Gracias por las oraciones de nuestros hermanos y hermanas de todo el mundo, en respuesta a la oración de Nelson Kraybill de mayo de 2021, pidiendo por la misericordia de Dios. La misma fue escrita por motivo de las manifestaciones en todo el país. Manifestaciones por las políticas económicas, una reforma fiscal propuesta, la corrupción de alto nivel, la falta de oportunidad para la juventud, y la lenta implementación de los acuerdos de paz, entre otros aspectos, que se percibieron como m·s dañinos al país.*</p>
<p>Las condiciones no han cambiado significativamente desde entonces: casi la mitad de la población vive en la pobreza y la violencia sigue cobrando sus consecuencias a diario.&nbsp;</p>
<p>Sin embargo, el Espíritu de Dios est· obrando en lo que llevan a cabo las iglesias anabautistas en Colombia que participan en la campaña íPan y Pazó; en las organizaciones Menonitas y Hermanos Menonitas Justapaz. Mencoldes y Edupaz que trabajan en pos de la reconciliación, la paz y el cuidado de las víctimas, como defensores de los derechos humanos; trabajan en congregaciones en Cali, Bogot·, Riohacha, Choc” y otros lugares que, con el apoyo del CCM, atienden a migrantes y desplazados venezolanos que necesitan alimentos y ayuda de emergencia.&nbsp;</p>
<p>Señor, en tu misericordia, escucha nuestro clamor.</p>
<p><em>” Pablo Stucky, Representante regional, América Latina – Región Andina</em></p>
<p><span style="font-size:12px">Foto: Anna Vogt I Una reunión de líderes de la iglesia menonita en Colombia en 2017.</span></p>
<hr />
<p>Lea m·s</p>
<table style="width:300px">
<tbody>
<tr>
<td>
<h4><a href="http://mwc-cmm.org/es/node/3996">Carta pastoral para las iglesias anabautistas de Colombia</a></h4>
</td>
</tr>
</tbody>
</table>

<p>¡Señor Dios, tu compasión se manifiesta en tu comunidad anabautista-menonita de Colombia!&nbsp; Gracias por las oraciones de nuestros hermanos y hermanas de todo el mundo, en respuesta a la oración de Nelson Kraybill de mayo de 2021, pidiendo por la misericordia de Dios. La misma fue escrita por motivo de las manifestaciones en todo el [&hellip;]</p>

<!-- This site is optimized with the Yoast SEO plugin v27.2 - https://yoast.com/product/yoast-seo-wordpress/ -->
<title>Prayer Anabaptist-Mennonite community in Colombia - Mennonite World Conference</title>
<meta name="robots" content="index, follow, max-snippet:-1, max-image-preview:large, max-video-preview:-1" />
<link rel="canonical" href="https://mwc-cmm.org/es/prayer/prayer-anabaptist-mennonite-community-in-colombia-2/" />
<meta property="og:locale" content="es_ES" />
<meta property="og:type" content="article" />
<meta property="og:title" content="Prayer Anabaptist-Mennonite community in Colombia - Mennonite World Conference" />
<meta property="og:description" content="¡Señor Dios, tu compasión se manifiesta en tu comunidad anabautista-menonita de Colombia!&nbsp; Gracias por las oraciones de nuestros hermanos y hermanas de todo el mundo, en respuesta a la oración de Nelson Kraybill de mayo de 2021, pidiendo por la misericordia de Dios. La misma fue escrita por motivo de las manifestaciones en todo el [&hellip;]" />
<meta property="og:url" content="https://mwc-cmm.org/es/prayer/prayer-anabaptist-mennonite-community-in-colombia-2/" />
<meta property="og:site_name" content="Mennonite World Conference" />
<meta property="article:publisher" content="https://www.facebook.com/MennoniteWorldConference" />
<meta property="article:modified_time" content="2024-11-27T22:14:39+00:00" />
<meta property="og:image" content="https://mwc-cmm.org/wp-content/uploads/2024/11/42777697044_e2ab15cc25_c_0.jpg" />
	<meta property="og:image:width" content="768" />
	<meta property="og:image:height" content="512" />
	<meta property="og:image:type" content="image/jpeg" />
<script type="application/ld+json" class="yoast-schema-graph">{"@context":"https://schema.org","@graph":[{"@type":"WebPage","@id":"https://mwc-cmm.org/es/prayer/prayer-anabaptist-mennonite-community-in-colombia-2/","url":"https://mwc-cmm.org/es/prayer/prayer-anabaptist-mennonite-community-in-colombia-2/","name":"Prayer Anabaptist-Mennonite community in Colombia - Mennonite World Conference","isPartOf":{"@id":"https://mwc-cmm.org/en/#website"},"primaryImageOfPage":{"@id":"https://mwc-cmm.org/es/prayer/prayer-anabaptist-mennonite-community-in-colombia-2/#primaryimage"},"image":{"@id":"https://mwc-cmm.org/es/prayer/prayer-anabaptist-mennonite-community-in-colombia-2/#primaryimage"},"thumbnailUrl":"https://mwc-cmm.org/wp-content/uploads/2024/11/42777697044_e2ab15cc25_c_0.jpg","datePublished":"2021-10-26T00:00:00+00:00","dateModified":"2024-11-27T22:14:39+00:00","breadcrumb":{"@id":"https://mwc-cmm.org/es/prayer/prayer-anabaptist-mennonite-community-in-colombia-2/#breadcrumb"},"inLanguage":"es","potentialAction":[{"@type":"ReadAction","target":["https://mwc-cmm.org/es/prayer/prayer-anabaptist-mennonite-community-in-colombia-2/"]}]},{"@type":"ImageObject","inLanguage":"es","@id":"https://mwc-cmm.org/es/prayer/prayer-anabaptist-mennonite-community-in-colombia-2/#primaryimage","url":"https://mwc-cmm.org/wp-content/uploads/2024/11/42777697044_e2ab15cc25_c_0.jpg","contentUrl":"https://mwc-cmm.org/wp-content/uploads/2024/11/42777697044_e2ab15cc25_c_0.jpg","width":768,"height":512},{"@type":"BreadcrumbList","@id":"https://mwc-cmm.org/es/prayer/prayer-anabaptist-mennonite-community-in-colombia-2/#breadcrumb","itemListElement":[{"@type":"ListItem","position":1,"name":"Home","item":"https://mwc-cmm.org/es/"},{"@type":"ListItem","position":2,"name":"Prayers","item":"https://mwc-cmm.org/en/prayer/"},{"@type":"ListItem","position":3,"name":"Prayer Anabaptist-Mennonite community in Colombia"}]},{"@type":"WebSite","@id":"https://mwc-cmm.org/en/#website","url":"https://mwc-cmm.org/en/","name":"Mennonite World Conference","description":"A communion of Anabaptist-related churches","publisher":{"@id":"https://mwc-cmm.org/en/#organization"},"alternateName":"MWC","potentialAction":[{"@type":"SearchAction","target":{"@type":"EntryPoint","urlTemplate":"https://mwc-cmm.org/en/?s={search_term_string}"},"query-input":{"@type":"PropertyValueSpecification","valueRequired":true,"valueName":"search_term_string"}}],"inLanguage":"es"},{"@type":"Organization","@id":"https://mwc-cmm.org/en/#organization","name":"Mennonite World Conference","alternateName":"MWC","url":"https://mwc-cmm.org/en/","logo":{"@type":"ImageObject","inLanguage":"es","@id":"https://mwc-cmm.org/en/#/schema/logo/image/","url":"https://mwc-cmm.org/wp-content/uploads/2026/01/MWC_Sig_Blue_Horiz_webheader1-logo.svg","contentUrl":"https://mwc-cmm.org/wp-content/uploads/2026/01/MWC_Sig_Blue_Horiz_webheader1-logo.svg","width":786,"height":82,"caption":"Mennonite World Conference"},"image":{"@id":"https://mwc-cmm.org/en/#/schema/logo/image/"},"sameAs":["https://www.facebook.com/MennoniteWorldConference","https://www.linkedin.com/company/mennonite-world-conference-mwc/","https://www.instagram.com/mwcmm/","https://www.youtube.com/user/mwccmm","https://bsky.app/profile/mwcmm.bsky.social"]}]}</script>
<!-- / Yoast SEO plugin. -->

¡Señor Dios, tu compasión se manifiesta en tu comunidad anabautista-menonita de Colombia!&nbsp; Gracias por las oraciones de nuestros hermanos y hermanas de todo el mundo, en respuesta a la oración de Nelson Kraybill de mayo de 2021, pidiendo por la misericordia de Dios. La misma fue escrita por motivo de las manifestaciones en todo el [&hellip;]
