{"id":5130,"date":"2021-05-06T00:00:00","date_gmt":"2021-05-06T00:00:00","guid":{"rendered":"https:\/\/mwc-cmm.org\/prayers\/pastoral-letter-colombia-2\/"},"modified":"2024-10-17T01:32:42","modified_gmt":"2024-10-17T01:32:42","slug":"pastoral-letter-colombia-2","status":"publish","type":"prayers","link":"https:\/\/mwc-cmm.org\/es\/prayer\/pastoral-letter-colombia-2\/","title":{"rendered":"pastoral letter Colombia"},"content":{"rendered":"<p><em>Pues \u00e9l salvar\u00b7 al pobre que suplica y al necesitado que no tiene quien lo ayude\u00d6<br \/>\nLos salvar\u00b7 de la opresi\u00f3n y la violencia,<br \/>\npues sus vidas le son de gran valor.<\/em><br \/>\n(Salmo 72,12-14)<\/p>\n<p>Dios compasivo, ten misericordia de todas aquellas personas que se encuentran en peligro o que viven con miedo en Colombia.&nbsp;<\/p>\n<p>Ablanda los corazones de los l\u00edderes gubernamentales y militares y ap\u00b7rtalos de la violencia. Protege a tu pueblo de da\u00f1os f\u00edsicos o espirituales. Fortalece a tu iglesia para que siga el camino de Jes\u02d9s en estos d\u00edas dif\u00edciles.<\/p>\n<p>Dale a las personas seguidoras del Cordero la visi\u00f3n y la valent\u00eda para ser ministros&nbsp;de la reconciliaci\u00f3n.&nbsp;<\/p>\n<p>Se\u00f1or, en tu misericordia, escucha nuestra clamor.<\/p>\n<p>En el nombre de Jes\u02d9s, Principe de Paz, am\u00e9n.<\/p>\n<p>J. Nelson Kraybill<br \/>\nPresidente, Congreso Mundial Menonita<\/p>\n<table style=\"width:300px\">\n<tbody>\n<tr>\n<td><a href=\"\/node\/3996\">Haga clic aqui por la carta pastoral para las iglesias anabautistas de Colombia<\/a><\/td>\n<\/tr>\n<\/tbody>\n<\/table>\n","protected":false},"excerpt":{"rendered":"<p>Pues \u00e9l salvar\u00b7 al pobre que suplica y al necesitado que no tiene quien lo ayude\u00d6 Los salvar\u00b7 de la opresi\u00f3n y la violencia, pues sus vidas le son de gran valor. (Salmo 72,12-14) Dios compasivo, ten misericordia de todas aquellas personas que se encuentran en peligro o que viven con miedo en Colombia.&nbsp; Ablanda [&hellip;]<\/p>\n","protected":false},"featured_media":0,"template":"","class_list":["post-5130","prayers","type-prayers","status-publish","hentry"],"acf":[],"yoast_head":"<!-- This site is optimized with the Yoast SEO plugin v27.5 - https:\/\/yoast.com\/product\/yoast-seo-wordpress\/ -->\n<title>pastoral letter Colombia - Mennonite World Conference<\/title>\n<meta name=\"robots\" content=\"index, follow, max-snippet:-1, max-image-preview:large, max-video-preview:-1\" \/>\n<link rel=\"canonical\" href=\"https:\/\/mwc-cmm.org\/es\/prayer\/pastoral-letter-colombia-2\/\" \/>\n<meta property=\"og:locale\" content=\"es_ES\" \/>\n<meta property=\"og:type\" content=\"article\" \/>\n<meta property=\"og:title\" content=\"pastoral letter Colombia - Mennonite World Conference\" \/>\n<meta property=\"og:description\" content=\"Pues \u00e9l salvar\u00b7 al pobre que suplica y al necesitado que no tiene quien lo ayude\u00d6 Los salvar\u00b7 de la opresi\u00f3n y la violencia, pues sus vidas le son de gran valor. (Salmo 72,12-14) Dios compasivo, ten misericordia de todas aquellas personas que se encuentran en peligro o que viven con miedo en Colombia.&nbsp; Ablanda [&hellip;]\" \/>\n<meta property=\"og:url\" content=\"https:\/\/mwc-cmm.org\/es\/prayer\/pastoral-letter-colombia-2\/\" \/>\n<meta property=\"og:site_name\" content=\"Mennonite World Conference\" \/>\n<meta property=\"article:publisher\" content=\"https:\/\/www.facebook.com\/MennoniteWorldConference\" \/>\n<meta property=\"article:modified_time\" content=\"2024-10-17T01:32:42+00:00\" \/>\n<script type=\"application\/ld+json\" class=\"yoast-schema-graph\">{\"@context\":\"https:\\\/\\\/schema.org\",\"@graph\":[{\"@type\":\"WebPage\",\"@id\":\"https:\\\/\\\/mwc-cmm.org\\\/es\\\/prayer\\\/pastoral-letter-colombia-2\\\/\",\"url\":\"https:\\\/\\\/mwc-cmm.org\\\/es\\\/prayer\\\/pastoral-letter-colombia-2\\\/\",\"name\":\"pastoral letter Colombia - Mennonite World Conference\",\"isPartOf\":{\"@id\":\"https:\\\/\\\/mwc-cmm.org\\\/en\\\/#website\"},\"datePublished\":\"2021-05-06T00:00:00+00:00\",\"dateModified\":\"2024-10-17T01:32:42+00:00\",\"breadcrumb\":{\"@id\":\"https:\\\/\\\/mwc-cmm.org\\\/es\\\/prayer\\\/pastoral-letter-colombia-2\\\/#breadcrumb\"},\"inLanguage\":\"es\",\"potentialAction\":[{\"@type\":\"ReadAction\",\"target\":[\"https:\\\/\\\/mwc-cmm.org\\\/es\\\/prayer\\\/pastoral-letter-colombia-2\\\/\"]}]},{\"@type\":\"BreadcrumbList\",\"@id\":\"https:\\\/\\\/mwc-cmm.org\\\/es\\\/prayer\\\/pastoral-letter-colombia-2\\\/#breadcrumb\",\"itemListElement\":[{\"@type\":\"ListItem\",\"position\":1,\"name\":\"Home\",\"item\":\"https:\\\/\\\/mwc-cmm.org\\\/es\\\/\"},{\"@type\":\"ListItem\",\"position\":2,\"name\":\"Prayers\",\"item\":\"https:\\\/\\\/mwc-cmm.org\\\/en\\\/prayer\\\/\"},{\"@type\":\"ListItem\",\"position\":3,\"name\":\"pastoral letter Colombia\"}]},{\"@type\":\"WebSite\",\"@id\":\"https:\\\/\\\/mwc-cmm.org\\\/en\\\/#website\",\"url\":\"https:\\\/\\\/mwc-cmm.org\\\/en\\\/\",\"name\":\"Mennonite World Conference\",\"description\":\"A communion of Anabaptist-related churches\",\"publisher\":{\"@id\":\"https:\\\/\\\/mwc-cmm.org\\\/en\\\/#organization\"},\"alternateName\":\"MWC\",\"potentialAction\":[{\"@type\":\"SearchAction\",\"target\":{\"@type\":\"EntryPoint\",\"urlTemplate\":\"https:\\\/\\\/mwc-cmm.org\\\/en\\\/?s={search_term_string}\"},\"query-input\":{\"@type\":\"PropertyValueSpecification\",\"valueRequired\":true,\"valueName\":\"search_term_string\"}}],\"inLanguage\":\"es\"},{\"@type\":\"Organization\",\"@id\":\"https:\\\/\\\/mwc-cmm.org\\\/en\\\/#organization\",\"name\":\"Mennonite World Conference\",\"alternateName\":\"MWC\",\"url\":\"https:\\\/\\\/mwc-cmm.org\\\/en\\\/\",\"logo\":{\"@type\":\"ImageObject\",\"inLanguage\":\"es\",\"@id\":\"https:\\\/\\\/mwc-cmm.org\\\/en\\\/#\\\/schema\\\/logo\\\/image\\\/\",\"url\":\"https:\\\/\\\/mwc-cmm.org\\\/wp-content\\\/uploads\\\/2026\\\/01\\\/MWC_Sig_Blue_Horiz_webheader1-logo.svg\",\"contentUrl\":\"https:\\\/\\\/mwc-cmm.org\\\/wp-content\\\/uploads\\\/2026\\\/01\\\/MWC_Sig_Blue_Horiz_webheader1-logo.svg\",\"width\":786,\"height\":82,\"caption\":\"Mennonite World Conference\"},\"image\":{\"@id\":\"https:\\\/\\\/mwc-cmm.org\\\/en\\\/#\\\/schema\\\/logo\\\/image\\\/\"},\"sameAs\":[\"https:\\\/\\\/www.facebook.com\\\/MennoniteWorldConference\",\"https:\\\/\\\/www.linkedin.com\\\/company\\\/mennonite-world-conference-mwc\\\/\",\"https:\\\/\\\/www.instagram.com\\\/mwcmm\\\/\",\"https:\\\/\\\/www.youtube.com\\\/user\\\/mwccmm\",\"https:\\\/\\\/bsky.app\\\/profile\\\/mwcmm.bsky.social\"]}]}<\/script>\n<!-- \/ Yoast SEO plugin. -->","yoast_head_json":{"title":"pastoral letter Colombia - Mennonite World Conference","robots":{"index":"index","follow":"follow","max-snippet":"max-snippet:-1","max-image-preview":"max-image-preview:large","max-video-preview":"max-video-preview:-1"},"canonical":"https:\/\/mwc-cmm.org\/es\/prayer\/pastoral-letter-colombia-2\/","og_locale":"es_ES","og_type":"article","og_title":"pastoral letter Colombia - Mennonite World Conference","og_description":"Pues \u00e9l salvar\u00b7 al pobre que suplica y al necesitado que no tiene quien lo ayude\u00d6 Los salvar\u00b7 de la opresi\u00f3n y la violencia, pues sus vidas le son de gran valor. (Salmo 72,12-14) Dios compasivo, ten misericordia de todas aquellas personas que se encuentran en peligro o que viven con miedo en Colombia.&nbsp; Ablanda [&hellip;]","og_url":"https:\/\/mwc-cmm.org\/es\/prayer\/pastoral-letter-colombia-2\/","og_site_name":"Mennonite World Conference","article_publisher":"https:\/\/www.facebook.com\/MennoniteWorldConference","article_modified_time":"2024-10-17T01:32:42+00:00","schema":{"@context":"https:\/\/schema.org","@graph":[{"@type":"WebPage","@id":"https:\/\/mwc-cmm.org\/es\/prayer\/pastoral-letter-colombia-2\/","url":"https:\/\/mwc-cmm.org\/es\/prayer\/pastoral-letter-colombia-2\/","name":"pastoral letter Colombia - Mennonite World Conference","isPartOf":{"@id":"https:\/\/mwc-cmm.org\/en\/#website"},"datePublished":"2021-05-06T00:00:00+00:00","dateModified":"2024-10-17T01:32:42+00:00","breadcrumb":{"@id":"https:\/\/mwc-cmm.org\/es\/prayer\/pastoral-letter-colombia-2\/#breadcrumb"},"inLanguage":"es","potentialAction":[{"@type":"ReadAction","target":["https:\/\/mwc-cmm.org\/es\/prayer\/pastoral-letter-colombia-2\/"]}]},{"@type":"BreadcrumbList","@id":"https:\/\/mwc-cmm.org\/es\/prayer\/pastoral-letter-colombia-2\/#breadcrumb","itemListElement":[{"@type":"ListItem","position":1,"name":"Home","item":"https:\/\/mwc-cmm.org\/es\/"},{"@type":"ListItem","position":2,"name":"Prayers","item":"https:\/\/mwc-cmm.org\/en\/prayer\/"},{"@type":"ListItem","position":3,"name":"pastoral letter Colombia"}]},{"@type":"WebSite","@id":"https:\/\/mwc-cmm.org\/en\/#website","url":"https:\/\/mwc-cmm.org\/en\/","name":"Mennonite World Conference","description":"A communion of Anabaptist-related churches","publisher":{"@id":"https:\/\/mwc-cmm.org\/en\/#organization"},"alternateName":"MWC","potentialAction":[{"@type":"SearchAction","target":{"@type":"EntryPoint","urlTemplate":"https:\/\/mwc-cmm.org\/en\/?s={search_term_string}"},"query-input":{"@type":"PropertyValueSpecification","valueRequired":true,"valueName":"search_term_string"}}],"inLanguage":"es"},{"@type":"Organization","@id":"https:\/\/mwc-cmm.org\/en\/#organization","name":"Mennonite World Conference","alternateName":"MWC","url":"https:\/\/mwc-cmm.org\/en\/","logo":{"@type":"ImageObject","inLanguage":"es","@id":"https:\/\/mwc-cmm.org\/en\/#\/schema\/logo\/image\/","url":"https:\/\/mwc-cmm.org\/wp-content\/uploads\/2026\/01\/MWC_Sig_Blue_Horiz_webheader1-logo.svg","contentUrl":"https:\/\/mwc-cmm.org\/wp-content\/uploads\/2026\/01\/MWC_Sig_Blue_Horiz_webheader1-logo.svg","width":786,"height":82,"caption":"Mennonite World Conference"},"image":{"@id":"https:\/\/mwc-cmm.org\/en\/#\/schema\/logo\/image\/"},"sameAs":["https:\/\/www.facebook.com\/MennoniteWorldConference","https:\/\/www.linkedin.com\/company\/mennonite-world-conference-mwc\/","https:\/\/www.instagram.com\/mwcmm\/","https:\/\/www.youtube.com\/user\/mwccmm","https:\/\/bsky.app\/profile\/mwcmm.bsky.social"]}]}},"_links":{"self":[{"href":"https:\/\/mwc-cmm.org\/es\/wp-json\/wp\/v2\/prayers\/5130","targetHints":{"allow":["GET"]}}],"collection":[{"href":"https:\/\/mwc-cmm.org\/es\/wp-json\/wp\/v2\/prayers"}],"about":[{"href":"https:\/\/mwc-cmm.org\/es\/wp-json\/wp\/v2\/types\/prayers"}],"wp:attachment":[{"href":"https:\/\/mwc-cmm.org\/es\/wp-json\/wp\/v2\/media?parent=5130"}],"curies":[{"name":"wp","href":"https:\/\/api.w.org\/{rel}","templated":true}]}}

<p><em>Pues él salvar· al pobre que suplica y al necesitado que no tiene quien lo ayudeÖ<br />
Los salvar· de la opresión y la violencia,<br />
pues sus vidas le son de gran valor.</em><br />
(Salmo 72,12-14)</p>
<p>Dios compasivo, ten misericordia de todas aquellas personas que se encuentran en peligro o que viven con miedo en Colombia.&nbsp;</p>
<p>Ablanda los corazones de los líderes gubernamentales y militares y ap·rtalos de la violencia. Protege a tu pueblo de daños físicos o espirituales. Fortalece a tu iglesia para que siga el camino de Jes˙s en estos días difíciles.</p>
<p>Dale a las personas seguidoras del Cordero la visión y la valentía para ser ministros&nbsp;de la reconciliación.&nbsp;</p>
<p>Señor, en tu misericordia, escucha nuestra clamor.</p>
<p>En el nombre de Jes˙s, Principe de Paz, amén.</p>
<p>J. Nelson Kraybill<br />
Presidente, Congreso Mundial Menonita</p>
<table style="width:300px">
<tbody>
<tr>
<td><a href="/node/3996">Haga clic aqui por la carta pastoral para las iglesias anabautistas de Colombia</a></td>
</tr>
</tbody>
</table>

<p>Pues él salvar· al pobre que suplica y al necesitado que no tiene quien lo ayudeÖ Los salvar· de la opresión y la violencia, pues sus vidas le son de gran valor. (Salmo 72,12-14) Dios compasivo, ten misericordia de todas aquellas personas que se encuentran en peligro o que viven con miedo en Colombia.&nbsp; Ablanda [&hellip;]</p>

<!-- This site is optimized with the Yoast SEO plugin v27.5 - https://yoast.com/product/yoast-seo-wordpress/ -->
<title>pastoral letter Colombia - Mennonite World Conference</title>
<meta name="robots" content="index, follow, max-snippet:-1, max-image-preview:large, max-video-preview:-1" />
<link rel="canonical" href="https://mwc-cmm.org/es/prayer/pastoral-letter-colombia-2/" />
<meta property="og:locale" content="es_ES" />
<meta property="og:type" content="article" />
<meta property="og:title" content="pastoral letter Colombia - Mennonite World Conference" />
<meta property="og:description" content="Pues él salvar· al pobre que suplica y al necesitado que no tiene quien lo ayudeÖ Los salvar· de la opresión y la violencia, pues sus vidas le son de gran valor. (Salmo 72,12-14) Dios compasivo, ten misericordia de todas aquellas personas que se encuentran en peligro o que viven con miedo en Colombia.&nbsp; Ablanda [&hellip;]" />
<meta property="og:url" content="https://mwc-cmm.org/es/prayer/pastoral-letter-colombia-2/" />
<meta property="og:site_name" content="Mennonite World Conference" />
<meta property="article:publisher" content="https://www.facebook.com/MennoniteWorldConference" />
<meta property="article:modified_time" content="2024-10-17T01:32:42+00:00" />
<script type="application/ld+json" class="yoast-schema-graph">{"@context":"https:\/\/schema.org","@graph":[{"@type":"WebPage","@id":"https:\/\/mwc-cmm.org\/es\/prayer\/pastoral-letter-colombia-2\/","url":"https:\/\/mwc-cmm.org\/es\/prayer\/pastoral-letter-colombia-2\/","name":"pastoral letter Colombia - Mennonite World Conference","isPartOf":{"@id":"https:\/\/mwc-cmm.org\/en\/#website"},"datePublished":"2021-05-06T00:00:00+00:00","dateModified":"2024-10-17T01:32:42+00:00","breadcrumb":{"@id":"https:\/\/mwc-cmm.org\/es\/prayer\/pastoral-letter-colombia-2\/#breadcrumb"},"inLanguage":"es","potentialAction":[{"@type":"ReadAction","target":["https:\/\/mwc-cmm.org\/es\/prayer\/pastoral-letter-colombia-2\/"]}]},{"@type":"BreadcrumbList","@id":"https:\/\/mwc-cmm.org\/es\/prayer\/pastoral-letter-colombia-2\/#breadcrumb","itemListElement":[{"@type":"ListItem","position":1,"name":"Home","item":"https:\/\/mwc-cmm.org\/es\/"},{"@type":"ListItem","position":2,"name":"Prayers","item":"https:\/\/mwc-cmm.org\/en\/prayer\/"},{"@type":"ListItem","position":3,"name":"pastoral letter Colombia"}]},{"@type":"WebSite","@id":"https:\/\/mwc-cmm.org\/en\/#website","url":"https:\/\/mwc-cmm.org\/en\/","name":"Mennonite World Conference","description":"A communion of Anabaptist-related churches","publisher":{"@id":"https:\/\/mwc-cmm.org\/en\/#organization"},"alternateName":"MWC","potentialAction":[{"@type":"SearchAction","target":{"@type":"EntryPoint","urlTemplate":"https:\/\/mwc-cmm.org\/en\/?s={search_term_string}"},"query-input":{"@type":"PropertyValueSpecification","valueRequired":true,"valueName":"search_term_string"}}],"inLanguage":"es"},{"@type":"Organization","@id":"https:\/\/mwc-cmm.org\/en\/#organization","name":"Mennonite World Conference","alternateName":"MWC","url":"https:\/\/mwc-cmm.org\/en\/","logo":{"@type":"ImageObject","inLanguage":"es","@id":"https:\/\/mwc-cmm.org\/en\/#\/schema\/logo\/image\/","url":"https:\/\/mwc-cmm.org\/wp-content\/uploads\/2026\/01\/MWC_Sig_Blue_Horiz_webheader1-logo.svg","contentUrl":"https:\/\/mwc-cmm.org\/wp-content\/uploads\/2026\/01\/MWC_Sig_Blue_Horiz_webheader1-logo.svg","width":786,"height":82,"caption":"Mennonite World Conference"},"image":{"@id":"https:\/\/mwc-cmm.org\/en\/#\/schema\/logo\/image\/"},"sameAs":["https:\/\/www.facebook.com\/MennoniteWorldConference","https:\/\/www.linkedin.com\/company\/mennonite-world-conference-mwc\/","https:\/\/www.instagram.com\/mwcmm\/","https:\/\/www.youtube.com\/user\/mwccmm","https:\/\/bsky.app\/profile\/mwcmm.bsky.social"]}]}</script>
<!-- / Yoast SEO plugin. -->

Pues él salvar· al pobre que suplica y al necesitado que no tiene quien lo ayudeÖ Los salvar· de la opresión y la violencia, pues sus vidas le son de gran valor. (Salmo 72,12-14) Dios compasivo, ten misericordia de todas aquellas personas que se encuentran en peligro o que viven con miedo en Colombia.&nbsp; Ablanda [&hellip;]
