{"id":5119,"date":"2021-03-19T00:00:00","date_gmt":"2021-03-19T00:00:00","guid":{"rendered":"https:\/\/mwc-cmm.org\/prayers\/pn-mar-21-beatitude-2\/"},"modified":"2024-11-27T22:14:27","modified_gmt":"2024-11-27T22:14:27","slug":"pn-mar-21-beatitude-2","status":"publish","type":"prayers","link":"https:\/\/mwc-cmm.org\/es\/prayer\/pn-mar-21-beatitude-2\/","title":{"rendered":"PN mar 21 beatitude"},"content":{"rendered":"<p>Bienaventuradas las personas mansas, dijo Jes\u02d9s, porque ellas heredar\u00b7n la tierra.<\/p>\n<p>Se\u00f1or, que vivamos tu reino con humildad y paciencia.<\/p>\n<p>Bienaventuradas las personas misericordiosas, dijo Jes\u02d9s, porque ellas recibir\u00b7n misericordia.<\/p>\n<p>Se\u00f1or, que las personas tengamos compasi\u00f3n unas de otras, especialmente de aquellas con quienes no estamos de acuerdo.<\/p>\n<p>Bienaventuradas las personas pacificadoras, dijo Jes\u02d9s, porque ser\u00b7n llamadas hijas e hijos de Dios.<\/p>\n<p>Se\u00f1or, deseamos que nos conozcan como tu pueblo, por nuestro amor hacia todas las personas y nuestra capacidad de caminar con calma en el conflicto buscando comprender y transformar.<\/p>\n<p>Se\u00f1or, ens\u00e9\u00f1anos a ser tu sal en medio de las divisiones, especialmente dentro de las iglesias y familias, y a ser tu justicia iluminadora, especialmente donde hay discriminaci\u00f3n sist\u00e9mica contra las personas pobres o las personas de color.<\/p>\n","protected":false},"excerpt":{"rendered":"<p>Bienaventuradas las personas mansas, dijo Jes\u02d9s, porque ellas heredar\u00b7n la tierra. Se\u00f1or, que vivamos tu reino con humildad y paciencia. Bienaventuradas las personas misericordiosas, dijo Jes\u02d9s, porque ellas recibir\u00b7n misericordia. Se\u00f1or, que las personas tengamos compasi\u00f3n unas de otras, especialmente de aquellas con quienes no estamos de acuerdo. Bienaventuradas las personas pacificadoras, dijo Jes\u02d9s, porque [&hellip;]<\/p>\n","protected":false},"featured_media":70613,"template":"","class_list":["post-5119","prayers","type-prayers","status-publish","has-post-thumbnail","hentry"],"acf":[],"yoast_head":"<!-- This site is optimized with the Yoast SEO plugin v27.5 - https:\/\/yoast.com\/product\/yoast-seo-wordpress\/ -->\n<title>PN mar 21 beatitude - Mennonite World Conference<\/title>\n<meta name=\"robots\" content=\"index, follow, max-snippet:-1, max-image-preview:large, max-video-preview:-1\" \/>\n<link rel=\"canonical\" href=\"https:\/\/mwc-cmm.org\/es\/prayer\/pn-mar-21-beatitude-2\/\" \/>\n<meta property=\"og:locale\" content=\"es_ES\" \/>\n<meta property=\"og:type\" content=\"article\" \/>\n<meta property=\"og:title\" content=\"PN mar 21 beatitude - Mennonite World Conference\" \/>\n<meta property=\"og:description\" content=\"Bienaventuradas las personas mansas, dijo Jes\u02d9s, porque ellas heredar\u00b7n la tierra. Se\u00f1or, que vivamos tu reino con humildad y paciencia. Bienaventuradas las personas misericordiosas, dijo Jes\u02d9s, porque ellas recibir\u00b7n misericordia. Se\u00f1or, que las personas tengamos compasi\u00f3n unas de otras, especialmente de aquellas con quienes no estamos de acuerdo. Bienaventuradas las personas pacificadoras, dijo Jes\u02d9s, porque [&hellip;]\" \/>\n<meta property=\"og:url\" content=\"https:\/\/mwc-cmm.org\/es\/prayer\/pn-mar-21-beatitude-2\/\" \/>\n<meta property=\"og:site_name\" content=\"Mennonite World Conference\" \/>\n<meta property=\"article:publisher\" content=\"https:\/\/www.facebook.com\/MennoniteWorldConference\" \/>\n<meta property=\"article:modified_time\" content=\"2024-11-27T22:14:27+00:00\" \/>\n<meta property=\"og:image\" content=\"https:\/\/mwc-cmm.org\/wp-content\/uploads\/2024\/11\/50047768983_9539701dc9_c.jpg\" \/>\n\t<meta property=\"og:image:width\" content=\"530\" \/>\n\t<meta property=\"og:image:height\" content=\"800\" \/>\n\t<meta property=\"og:image:type\" content=\"image\/jpeg\" \/>\n<script type=\"application\/ld+json\" class=\"yoast-schema-graph\">{\"@context\":\"https:\\\/\\\/schema.org\",\"@graph\":[{\"@type\":\"WebPage\",\"@id\":\"https:\\\/\\\/mwc-cmm.org\\\/es\\\/prayer\\\/pn-mar-21-beatitude-2\\\/\",\"url\":\"https:\\\/\\\/mwc-cmm.org\\\/es\\\/prayer\\\/pn-mar-21-beatitude-2\\\/\",\"name\":\"PN mar 21 beatitude - Mennonite World Conference\",\"isPartOf\":{\"@id\":\"https:\\\/\\\/mwc-cmm.org\\\/en\\\/#website\"},\"primaryImageOfPage\":{\"@id\":\"https:\\\/\\\/mwc-cmm.org\\\/es\\\/prayer\\\/pn-mar-21-beatitude-2\\\/#primaryimage\"},\"image\":{\"@id\":\"https:\\\/\\\/mwc-cmm.org\\\/es\\\/prayer\\\/pn-mar-21-beatitude-2\\\/#primaryimage\"},\"thumbnailUrl\":\"https:\\\/\\\/mwc-cmm.org\\\/wp-content\\\/uploads\\\/2024\\\/11\\\/50047768983_9539701dc9_c.jpg\",\"datePublished\":\"2021-03-19T00:00:00+00:00\",\"dateModified\":\"2024-11-27T22:14:27+00:00\",\"breadcrumb\":{\"@id\":\"https:\\\/\\\/mwc-cmm.org\\\/es\\\/prayer\\\/pn-mar-21-beatitude-2\\\/#breadcrumb\"},\"inLanguage\":\"es\",\"potentialAction\":[{\"@type\":\"ReadAction\",\"target\":[\"https:\\\/\\\/mwc-cmm.org\\\/es\\\/prayer\\\/pn-mar-21-beatitude-2\\\/\"]}]},{\"@type\":\"ImageObject\",\"inLanguage\":\"es\",\"@id\":\"https:\\\/\\\/mwc-cmm.org\\\/es\\\/prayer\\\/pn-mar-21-beatitude-2\\\/#primaryimage\",\"url\":\"https:\\\/\\\/mwc-cmm.org\\\/wp-content\\\/uploads\\\/2024\\\/11\\\/50047768983_9539701dc9_c.jpg\",\"contentUrl\":\"https:\\\/\\\/mwc-cmm.org\\\/wp-content\\\/uploads\\\/2024\\\/11\\\/50047768983_9539701dc9_c.jpg\",\"width\":530,\"height\":800},{\"@type\":\"BreadcrumbList\",\"@id\":\"https:\\\/\\\/mwc-cmm.org\\\/es\\\/prayer\\\/pn-mar-21-beatitude-2\\\/#breadcrumb\",\"itemListElement\":[{\"@type\":\"ListItem\",\"position\":1,\"name\":\"Home\",\"item\":\"https:\\\/\\\/mwc-cmm.org\\\/es\\\/\"},{\"@type\":\"ListItem\",\"position\":2,\"name\":\"Prayers\",\"item\":\"https:\\\/\\\/mwc-cmm.org\\\/en\\\/prayer\\\/\"},{\"@type\":\"ListItem\",\"position\":3,\"name\":\"PN mar 21 beatitude\"}]},{\"@type\":\"WebSite\",\"@id\":\"https:\\\/\\\/mwc-cmm.org\\\/en\\\/#website\",\"url\":\"https:\\\/\\\/mwc-cmm.org\\\/en\\\/\",\"name\":\"Mennonite World Conference\",\"description\":\"A communion of Anabaptist-related churches\",\"publisher\":{\"@id\":\"https:\\\/\\\/mwc-cmm.org\\\/en\\\/#organization\"},\"alternateName\":\"MWC\",\"potentialAction\":[{\"@type\":\"SearchAction\",\"target\":{\"@type\":\"EntryPoint\",\"urlTemplate\":\"https:\\\/\\\/mwc-cmm.org\\\/en\\\/?s={search_term_string}\"},\"query-input\":{\"@type\":\"PropertyValueSpecification\",\"valueRequired\":true,\"valueName\":\"search_term_string\"}}],\"inLanguage\":\"es\"},{\"@type\":\"Organization\",\"@id\":\"https:\\\/\\\/mwc-cmm.org\\\/en\\\/#organization\",\"name\":\"Mennonite World Conference\",\"alternateName\":\"MWC\",\"url\":\"https:\\\/\\\/mwc-cmm.org\\\/en\\\/\",\"logo\":{\"@type\":\"ImageObject\",\"inLanguage\":\"es\",\"@id\":\"https:\\\/\\\/mwc-cmm.org\\\/en\\\/#\\\/schema\\\/logo\\\/image\\\/\",\"url\":\"https:\\\/\\\/mwc-cmm.org\\\/wp-content\\\/uploads\\\/2026\\\/01\\\/MWC_Sig_Blue_Horiz_webheader1-logo.svg\",\"contentUrl\":\"https:\\\/\\\/mwc-cmm.org\\\/wp-content\\\/uploads\\\/2026\\\/01\\\/MWC_Sig_Blue_Horiz_webheader1-logo.svg\",\"width\":786,\"height\":82,\"caption\":\"Mennonite World Conference\"},\"image\":{\"@id\":\"https:\\\/\\\/mwc-cmm.org\\\/en\\\/#\\\/schema\\\/logo\\\/image\\\/\"},\"sameAs\":[\"https:\\\/\\\/www.facebook.com\\\/MennoniteWorldConference\",\"https:\\\/\\\/www.linkedin.com\\\/company\\\/mennonite-world-conference-mwc\\\/\",\"https:\\\/\\\/www.instagram.com\\\/mwcmm\\\/\",\"https:\\\/\\\/www.youtube.com\\\/user\\\/mwccmm\",\"https:\\\/\\\/bsky.app\\\/profile\\\/mwcmm.bsky.social\"]}]}<\/script>\n<!-- \/ Yoast SEO plugin. -->","yoast_head_json":{"title":"PN mar 21 beatitude - Mennonite World Conference","robots":{"index":"index","follow":"follow","max-snippet":"max-snippet:-1","max-image-preview":"max-image-preview:large","max-video-preview":"max-video-preview:-1"},"canonical":"https:\/\/mwc-cmm.org\/es\/prayer\/pn-mar-21-beatitude-2\/","og_locale":"es_ES","og_type":"article","og_title":"PN mar 21 beatitude - Mennonite World Conference","og_description":"Bienaventuradas las personas mansas, dijo Jes\u02d9s, porque ellas heredar\u00b7n la tierra. Se\u00f1or, que vivamos tu reino con humildad y paciencia. Bienaventuradas las personas misericordiosas, dijo Jes\u02d9s, porque ellas recibir\u00b7n misericordia. Se\u00f1or, que las personas tengamos compasi\u00f3n unas de otras, especialmente de aquellas con quienes no estamos de acuerdo. Bienaventuradas las personas pacificadoras, dijo Jes\u02d9s, porque [&hellip;]","og_url":"https:\/\/mwc-cmm.org\/es\/prayer\/pn-mar-21-beatitude-2\/","og_site_name":"Mennonite World Conference","article_publisher":"https:\/\/www.facebook.com\/MennoniteWorldConference","article_modified_time":"2024-11-27T22:14:27+00:00","og_image":[{"width":530,"height":800,"url":"https:\/\/mwc-cmm.org\/wp-content\/uploads\/2024\/11\/50047768983_9539701dc9_c.jpg","type":"image\/jpeg"}],"schema":{"@context":"https:\/\/schema.org","@graph":[{"@type":"WebPage","@id":"https:\/\/mwc-cmm.org\/es\/prayer\/pn-mar-21-beatitude-2\/","url":"https:\/\/mwc-cmm.org\/es\/prayer\/pn-mar-21-beatitude-2\/","name":"PN mar 21 beatitude - Mennonite World Conference","isPartOf":{"@id":"https:\/\/mwc-cmm.org\/en\/#website"},"primaryImageOfPage":{"@id":"https:\/\/mwc-cmm.org\/es\/prayer\/pn-mar-21-beatitude-2\/#primaryimage"},"image":{"@id":"https:\/\/mwc-cmm.org\/es\/prayer\/pn-mar-21-beatitude-2\/#primaryimage"},"thumbnailUrl":"https:\/\/mwc-cmm.org\/wp-content\/uploads\/2024\/11\/50047768983_9539701dc9_c.jpg","datePublished":"2021-03-19T00:00:00+00:00","dateModified":"2024-11-27T22:14:27+00:00","breadcrumb":{"@id":"https:\/\/mwc-cmm.org\/es\/prayer\/pn-mar-21-beatitude-2\/#breadcrumb"},"inLanguage":"es","potentialAction":[{"@type":"ReadAction","target":["https:\/\/mwc-cmm.org\/es\/prayer\/pn-mar-21-beatitude-2\/"]}]},{"@type":"ImageObject","inLanguage":"es","@id":"https:\/\/mwc-cmm.org\/es\/prayer\/pn-mar-21-beatitude-2\/#primaryimage","url":"https:\/\/mwc-cmm.org\/wp-content\/uploads\/2024\/11\/50047768983_9539701dc9_c.jpg","contentUrl":"https:\/\/mwc-cmm.org\/wp-content\/uploads\/2024\/11\/50047768983_9539701dc9_c.jpg","width":530,"height":800},{"@type":"BreadcrumbList","@id":"https:\/\/mwc-cmm.org\/es\/prayer\/pn-mar-21-beatitude-2\/#breadcrumb","itemListElement":[{"@type":"ListItem","position":1,"name":"Home","item":"https:\/\/mwc-cmm.org\/es\/"},{"@type":"ListItem","position":2,"name":"Prayers","item":"https:\/\/mwc-cmm.org\/en\/prayer\/"},{"@type":"ListItem","position":3,"name":"PN mar 21 beatitude"}]},{"@type":"WebSite","@id":"https:\/\/mwc-cmm.org\/en\/#website","url":"https:\/\/mwc-cmm.org\/en\/","name":"Mennonite World Conference","description":"A communion of Anabaptist-related churches","publisher":{"@id":"https:\/\/mwc-cmm.org\/en\/#organization"},"alternateName":"MWC","potentialAction":[{"@type":"SearchAction","target":{"@type":"EntryPoint","urlTemplate":"https:\/\/mwc-cmm.org\/en\/?s={search_term_string}"},"query-input":{"@type":"PropertyValueSpecification","valueRequired":true,"valueName":"search_term_string"}}],"inLanguage":"es"},{"@type":"Organization","@id":"https:\/\/mwc-cmm.org\/en\/#organization","name":"Mennonite World Conference","alternateName":"MWC","url":"https:\/\/mwc-cmm.org\/en\/","logo":{"@type":"ImageObject","inLanguage":"es","@id":"https:\/\/mwc-cmm.org\/en\/#\/schema\/logo\/image\/","url":"https:\/\/mwc-cmm.org\/wp-content\/uploads\/2026\/01\/MWC_Sig_Blue_Horiz_webheader1-logo.svg","contentUrl":"https:\/\/mwc-cmm.org\/wp-content\/uploads\/2026\/01\/MWC_Sig_Blue_Horiz_webheader1-logo.svg","width":786,"height":82,"caption":"Mennonite World Conference"},"image":{"@id":"https:\/\/mwc-cmm.org\/en\/#\/schema\/logo\/image\/"},"sameAs":["https:\/\/www.facebook.com\/MennoniteWorldConference","https:\/\/www.linkedin.com\/company\/mennonite-world-conference-mwc\/","https:\/\/www.instagram.com\/mwcmm\/","https:\/\/www.youtube.com\/user\/mwccmm","https:\/\/bsky.app\/profile\/mwcmm.bsky.social"]}]}},"_links":{"self":[{"href":"https:\/\/mwc-cmm.org\/es\/wp-json\/wp\/v2\/prayers\/5119","targetHints":{"allow":["GET"]}}],"collection":[{"href":"https:\/\/mwc-cmm.org\/es\/wp-json\/wp\/v2\/prayers"}],"about":[{"href":"https:\/\/mwc-cmm.org\/es\/wp-json\/wp\/v2\/types\/prayers"}],"wp:featuredmedia":[{"embeddable":true,"href":"https:\/\/mwc-cmm.org\/es\/wp-json\/wp\/v2\/media\/70613"}],"wp:attachment":[{"href":"https:\/\/mwc-cmm.org\/es\/wp-json\/wp\/v2\/media?parent=5119"}],"curies":[{"name":"wp","href":"https:\/\/api.w.org\/{rel}","templated":true}]}}

<p>Bienaventuradas las personas mansas, dijo Jes˙s, porque ellas heredar·n la tierra.</p>
<p>Señor, que vivamos tu reino con humildad y paciencia.</p>
<p>Bienaventuradas las personas misericordiosas, dijo Jes˙s, porque ellas recibir·n misericordia.</p>
<p>Señor, que las personas tengamos compasión unas de otras, especialmente de aquellas con quienes no estamos de acuerdo.</p>
<p>Bienaventuradas las personas pacificadoras, dijo Jes˙s, porque ser·n llamadas hijas e hijos de Dios.</p>
<p>Señor, deseamos que nos conozcan como tu pueblo, por nuestro amor hacia todas las personas y nuestra capacidad de caminar con calma en el conflicto buscando comprender y transformar.</p>
<p>Señor, enséñanos a ser tu sal en medio de las divisiones, especialmente dentro de las iglesias y familias, y a ser tu justicia iluminadora, especialmente donde hay discriminación sistémica contra las personas pobres o las personas de color.</p>

<p>Bienaventuradas las personas mansas, dijo Jes˙s, porque ellas heredar·n la tierra. Señor, que vivamos tu reino con humildad y paciencia. Bienaventuradas las personas misericordiosas, dijo Jes˙s, porque ellas recibir·n misericordia. Señor, que las personas tengamos compasión unas de otras, especialmente de aquellas con quienes no estamos de acuerdo. Bienaventuradas las personas pacificadoras, dijo Jes˙s, porque [&hellip;]</p>

<!-- This site is optimized with the Yoast SEO plugin v27.5 - https://yoast.com/product/yoast-seo-wordpress/ -->
<title>PN mar 21 beatitude - Mennonite World Conference</title>
<meta name="robots" content="index, follow, max-snippet:-1, max-image-preview:large, max-video-preview:-1" />
<link rel="canonical" href="https://mwc-cmm.org/es/prayer/pn-mar-21-beatitude-2/" />
<meta property="og:locale" content="es_ES" />
<meta property="og:type" content="article" />
<meta property="og:title" content="PN mar 21 beatitude - Mennonite World Conference" />
<meta property="og:description" content="Bienaventuradas las personas mansas, dijo Jes˙s, porque ellas heredar·n la tierra. Señor, que vivamos tu reino con humildad y paciencia. Bienaventuradas las personas misericordiosas, dijo Jes˙s, porque ellas recibir·n misericordia. Señor, que las personas tengamos compasión unas de otras, especialmente de aquellas con quienes no estamos de acuerdo. Bienaventuradas las personas pacificadoras, dijo Jes˙s, porque [&hellip;]" />
<meta property="og:url" content="https://mwc-cmm.org/es/prayer/pn-mar-21-beatitude-2/" />
<meta property="og:site_name" content="Mennonite World Conference" />
<meta property="article:publisher" content="https://www.facebook.com/MennoniteWorldConference" />
<meta property="article:modified_time" content="2024-11-27T22:14:27+00:00" />
<meta property="og:image" content="https://mwc-cmm.org/wp-content/uploads/2024/11/50047768983_9539701dc9_c.jpg" />
	<meta property="og:image:width" content="530" />
	<meta property="og:image:height" content="800" />
	<meta property="og:image:type" content="image/jpeg" />
<script type="application/ld+json" class="yoast-schema-graph">{"@context":"https:\/\/schema.org","@graph":[{"@type":"WebPage","@id":"https:\/\/mwc-cmm.org\/es\/prayer\/pn-mar-21-beatitude-2\/","url":"https:\/\/mwc-cmm.org\/es\/prayer\/pn-mar-21-beatitude-2\/","name":"PN mar 21 beatitude - Mennonite World Conference","isPartOf":{"@id":"https:\/\/mwc-cmm.org\/en\/#website"},"primaryImageOfPage":{"@id":"https:\/\/mwc-cmm.org\/es\/prayer\/pn-mar-21-beatitude-2\/#primaryimage"},"image":{"@id":"https:\/\/mwc-cmm.org\/es\/prayer\/pn-mar-21-beatitude-2\/#primaryimage"},"thumbnailUrl":"https:\/\/mwc-cmm.org\/wp-content\/uploads\/2024\/11\/50047768983_9539701dc9_c.jpg","datePublished":"2021-03-19T00:00:00+00:00","dateModified":"2024-11-27T22:14:27+00:00","breadcrumb":{"@id":"https:\/\/mwc-cmm.org\/es\/prayer\/pn-mar-21-beatitude-2\/#breadcrumb"},"inLanguage":"es","potentialAction":[{"@type":"ReadAction","target":["https:\/\/mwc-cmm.org\/es\/prayer\/pn-mar-21-beatitude-2\/"]}]},{"@type":"ImageObject","inLanguage":"es","@id":"https:\/\/mwc-cmm.org\/es\/prayer\/pn-mar-21-beatitude-2\/#primaryimage","url":"https:\/\/mwc-cmm.org\/wp-content\/uploads\/2024\/11\/50047768983_9539701dc9_c.jpg","contentUrl":"https:\/\/mwc-cmm.org\/wp-content\/uploads\/2024\/11\/50047768983_9539701dc9_c.jpg","width":530,"height":800},{"@type":"BreadcrumbList","@id":"https:\/\/mwc-cmm.org\/es\/prayer\/pn-mar-21-beatitude-2\/#breadcrumb","itemListElement":[{"@type":"ListItem","position":1,"name":"Home","item":"https:\/\/mwc-cmm.org\/es\/"},{"@type":"ListItem","position":2,"name":"Prayers","item":"https:\/\/mwc-cmm.org\/en\/prayer\/"},{"@type":"ListItem","position":3,"name":"PN mar 21 beatitude"}]},{"@type":"WebSite","@id":"https:\/\/mwc-cmm.org\/en\/#website","url":"https:\/\/mwc-cmm.org\/en\/","name":"Mennonite World Conference","description":"A communion of Anabaptist-related churches","publisher":{"@id":"https:\/\/mwc-cmm.org\/en\/#organization"},"alternateName":"MWC","potentialAction":[{"@type":"SearchAction","target":{"@type":"EntryPoint","urlTemplate":"https:\/\/mwc-cmm.org\/en\/?s={search_term_string}"},"query-input":{"@type":"PropertyValueSpecification","valueRequired":true,"valueName":"search_term_string"}}],"inLanguage":"es"},{"@type":"Organization","@id":"https:\/\/mwc-cmm.org\/en\/#organization","name":"Mennonite World Conference","alternateName":"MWC","url":"https:\/\/mwc-cmm.org\/en\/","logo":{"@type":"ImageObject","inLanguage":"es","@id":"https:\/\/mwc-cmm.org\/en\/#\/schema\/logo\/image\/","url":"https:\/\/mwc-cmm.org\/wp-content\/uploads\/2026\/01\/MWC_Sig_Blue_Horiz_webheader1-logo.svg","contentUrl":"https:\/\/mwc-cmm.org\/wp-content\/uploads\/2026\/01\/MWC_Sig_Blue_Horiz_webheader1-logo.svg","width":786,"height":82,"caption":"Mennonite World Conference"},"image":{"@id":"https:\/\/mwc-cmm.org\/en\/#\/schema\/logo\/image\/"},"sameAs":["https:\/\/www.facebook.com\/MennoniteWorldConference","https:\/\/www.linkedin.com\/company\/mennonite-world-conference-mwc\/","https:\/\/www.instagram.com\/mwcmm\/","https:\/\/www.youtube.com\/user\/mwccmm","https:\/\/bsky.app\/profile\/mwcmm.bsky.social"]}]}</script>
<!-- / Yoast SEO plugin. -->

Bienaventuradas las personas mansas, dijo Jes˙s, porque ellas heredar·n la tierra. Señor, que vivamos tu reino con humildad y paciencia. Bienaventuradas las personas misericordiosas, dijo Jes˙s, porque ellas recibir·n misericordia. Señor, que las personas tengamos compasión unas de otras, especialmente de aquellas con quienes no estamos de acuerdo. Bienaventuradas las personas pacificadoras, dijo Jes˙s, porque [&hellip;]
