{"id":5112,"date":"2021-02-11T00:00:00","date_gmt":"2021-02-11T00:00:00","guid":{"rendered":"https:\/\/mwc-cmm.org\/prayers\/pn-feb-21-gmt-2\/"},"modified":"2024-11-27T22:14:21","modified_gmt":"2024-11-27T22:14:21","slug":"pn-feb-21-gmt-2","status":"publish","type":"prayers","link":"https:\/\/mwc-cmm.org\/es\/prayer\/pn-feb-21-gmt-2\/","title":{"rendered":"PN Feb 21 &#8211; GMT"},"content":{"rendered":"<p>Oremos por el \u2018Gilgal Mission Trust\u2019. El presidente Paul Phinehas escribe: \u00edLas personas que sirven en el pastorado en nuestra conferencia est\u00b7n pasando por muchas crisis financieras debido al cierre por emergencia y a las restricciones del COVID-19. Desde Marzo del 2020 hasta Diciembre del 2020, todas nuestras iglesias estuvieron cerradas. Todas las oportunidades de sustento de nuestra congregaci\u00f3n est\u00b7n completamente destrozadas. Muchas personas de nuestra congregaci\u00f3n son personas jornaleras y muchas otras est\u00b7n trabajando en empresas textiles [actualmente no hay demanda]. Los precios han subido, pero ahora el desempleo es mayor. La mayor\u00eda de las personas j\u00f3venes pierden sus estudios y se quedan sin trabajo. Todas las personas se encuentran en una situaci\u00f3n dif\u00edcil, tanto financiera como mentalmente. Le pedimos amablemente que oren por nosotros para que podamos superar esta situaci\u00f3n\u00f3.&nbsp;&nbsp;<\/p>\n","protected":false},"excerpt":{"rendered":"<p>Oremos por el \u2018Gilgal Mission Trust\u2019. El presidente Paul Phinehas escribe: \u00edLas personas que sirven en el pastorado en nuestra conferencia est\u00b7n pasando por muchas crisis financieras debido al cierre por emergencia y a las restricciones del COVID-19. Desde Marzo del 2020 hasta Diciembre del 2020, todas nuestras iglesias estuvieron cerradas. Todas las oportunidades de [&hellip;]<\/p>\n","protected":false},"featured_media":70412,"template":"","class_list":["post-5112","prayers","type-prayers","status-publish","has-post-thumbnail","hentry"],"acf":[],"yoast_head":"<!-- This site is optimized with the Yoast SEO plugin v27.5 - https:\/\/yoast.com\/product\/yoast-seo-wordpress\/ -->\n<title>PN Feb 21 - GMT - Mennonite World Conference<\/title>\n<meta name=\"robots\" content=\"index, follow, max-snippet:-1, max-image-preview:large, max-video-preview:-1\" \/>\n<link rel=\"canonical\" href=\"https:\/\/mwc-cmm.org\/en\/prayer\/pn-feb-21-gmt\/\" \/>\n<meta property=\"og:locale\" content=\"es_ES\" \/>\n<meta property=\"og:type\" content=\"article\" \/>\n<meta property=\"og:title\" content=\"PN Feb 21 - GMT - Mennonite World Conference\" \/>\n<meta property=\"og:description\" content=\"Oremos por el \u2018Gilgal Mission Trust\u2019. El presidente Paul Phinehas escribe: \u00edLas personas que sirven en el pastorado en nuestra conferencia est\u00b7n pasando por muchas crisis financieras debido al cierre por emergencia y a las restricciones del COVID-19. Desde Marzo del 2020 hasta Diciembre del 2020, todas nuestras iglesias estuvieron cerradas. Todas las oportunidades de [&hellip;]\" \/>\n<meta property=\"og:url\" content=\"https:\/\/mwc-cmm.org\/en\/prayer\/pn-feb-21-gmt\/\" \/>\n<meta property=\"og:site_name\" content=\"Mennonite World Conference\" \/>\n<meta property=\"article:publisher\" content=\"https:\/\/www.facebook.com\/MennoniteWorldConference\" \/>\n<meta property=\"article:modified_time\" content=\"2024-11-27T22:14:21+00:00\" \/>\n<meta property=\"og:image\" content=\"https:\/\/mwc-cmm.org\/wp-content\/uploads\/2024\/11\/2015-paulbrubaker-paul_phinehas-scaled.jpg\" \/>\n\t<meta property=\"og:image:width\" content=\"2560\" \/>\n\t<meta property=\"og:image:height\" content=\"1700\" \/>\n\t<meta property=\"og:image:type\" content=\"image\/jpeg\" \/>\n<script type=\"application\/ld+json\" class=\"yoast-schema-graph\">{\"@context\":\"https:\\\/\\\/schema.org\",\"@graph\":[{\"@type\":\"WebPage\",\"@id\":\"https:\\\/\\\/mwc-cmm.org\\\/en\\\/prayer\\\/pn-feb-21-gmt\\\/\",\"url\":\"https:\\\/\\\/mwc-cmm.org\\\/en\\\/prayer\\\/pn-feb-21-gmt\\\/\",\"name\":\"PN Feb 21 - GMT - Mennonite World Conference\",\"isPartOf\":{\"@id\":\"https:\\\/\\\/mwc-cmm.org\\\/en\\\/#website\"},\"primaryImageOfPage\":{\"@id\":\"https:\\\/\\\/mwc-cmm.org\\\/en\\\/prayer\\\/pn-feb-21-gmt\\\/#primaryimage\"},\"image\":{\"@id\":\"https:\\\/\\\/mwc-cmm.org\\\/en\\\/prayer\\\/pn-feb-21-gmt\\\/#primaryimage\"},\"thumbnailUrl\":\"https:\\\/\\\/mwc-cmm.org\\\/wp-content\\\/uploads\\\/2024\\\/11\\\/2015-paulbrubaker-paul_phinehas-scaled.jpg\",\"datePublished\":\"2021-02-11T00:00:00+00:00\",\"dateModified\":\"2024-11-27T22:14:21+00:00\",\"breadcrumb\":{\"@id\":\"https:\\\/\\\/mwc-cmm.org\\\/en\\\/prayer\\\/pn-feb-21-gmt\\\/#breadcrumb\"},\"inLanguage\":\"es\",\"potentialAction\":[{\"@type\":\"ReadAction\",\"target\":[\"https:\\\/\\\/mwc-cmm.org\\\/en\\\/prayer\\\/pn-feb-21-gmt\\\/\"]}]},{\"@type\":\"ImageObject\",\"inLanguage\":\"es\",\"@id\":\"https:\\\/\\\/mwc-cmm.org\\\/en\\\/prayer\\\/pn-feb-21-gmt\\\/#primaryimage\",\"url\":\"https:\\\/\\\/mwc-cmm.org\\\/wp-content\\\/uploads\\\/2024\\\/11\\\/2015-paulbrubaker-paul_phinehas-scaled.jpg\",\"contentUrl\":\"https:\\\/\\\/mwc-cmm.org\\\/wp-content\\\/uploads\\\/2024\\\/11\\\/2015-paulbrubaker-paul_phinehas-scaled.jpg\",\"width\":2560,\"height\":1700},{\"@type\":\"BreadcrumbList\",\"@id\":\"https:\\\/\\\/mwc-cmm.org\\\/en\\\/prayer\\\/pn-feb-21-gmt\\\/#breadcrumb\",\"itemListElement\":[{\"@type\":\"ListItem\",\"position\":1,\"name\":\"Home\",\"item\":\"https:\\\/\\\/mwc-cmm.org\\\/es\\\/\"},{\"@type\":\"ListItem\",\"position\":2,\"name\":\"Prayers\",\"item\":\"https:\\\/\\\/mwc-cmm.org\\\/en\\\/prayer\\\/\"},{\"@type\":\"ListItem\",\"position\":3,\"name\":\"PN Feb 21 &#8211; GMT\"}]},{\"@type\":\"WebSite\",\"@id\":\"https:\\\/\\\/mwc-cmm.org\\\/en\\\/#website\",\"url\":\"https:\\\/\\\/mwc-cmm.org\\\/en\\\/\",\"name\":\"Mennonite World Conference\",\"description\":\"A communion of Anabaptist-related churches\",\"publisher\":{\"@id\":\"https:\\\/\\\/mwc-cmm.org\\\/en\\\/#organization\"},\"alternateName\":\"MWC\",\"potentialAction\":[{\"@type\":\"SearchAction\",\"target\":{\"@type\":\"EntryPoint\",\"urlTemplate\":\"https:\\\/\\\/mwc-cmm.org\\\/en\\\/?s={search_term_string}\"},\"query-input\":{\"@type\":\"PropertyValueSpecification\",\"valueRequired\":true,\"valueName\":\"search_term_string\"}}],\"inLanguage\":\"es\"},{\"@type\":\"Organization\",\"@id\":\"https:\\\/\\\/mwc-cmm.org\\\/en\\\/#organization\",\"name\":\"Mennonite World Conference\",\"alternateName\":\"MWC\",\"url\":\"https:\\\/\\\/mwc-cmm.org\\\/en\\\/\",\"logo\":{\"@type\":\"ImageObject\",\"inLanguage\":\"es\",\"@id\":\"https:\\\/\\\/mwc-cmm.org\\\/en\\\/#\\\/schema\\\/logo\\\/image\\\/\",\"url\":\"https:\\\/\\\/mwc-cmm.org\\\/wp-content\\\/uploads\\\/2026\\\/01\\\/MWC_Sig_Blue_Horiz_webheader1-logo.svg\",\"contentUrl\":\"https:\\\/\\\/mwc-cmm.org\\\/wp-content\\\/uploads\\\/2026\\\/01\\\/MWC_Sig_Blue_Horiz_webheader1-logo.svg\",\"width\":786,\"height\":82,\"caption\":\"Mennonite World Conference\"},\"image\":{\"@id\":\"https:\\\/\\\/mwc-cmm.org\\\/en\\\/#\\\/schema\\\/logo\\\/image\\\/\"},\"sameAs\":[\"https:\\\/\\\/www.facebook.com\\\/MennoniteWorldConference\",\"https:\\\/\\\/www.linkedin.com\\\/company\\\/mennonite-world-conference-mwc\\\/\",\"https:\\\/\\\/www.instagram.com\\\/mwcmm\\\/\",\"https:\\\/\\\/www.youtube.com\\\/user\\\/mwccmm\",\"https:\\\/\\\/bsky.app\\\/profile\\\/mwcmm.bsky.social\"]}]}<\/script>\n<!-- \/ Yoast SEO plugin. -->","yoast_head_json":{"title":"PN Feb 21 - GMT - Mennonite World Conference","robots":{"index":"index","follow":"follow","max-snippet":"max-snippet:-1","max-image-preview":"max-image-preview:large","max-video-preview":"max-video-preview:-1"},"canonical":"https:\/\/mwc-cmm.org\/en\/prayer\/pn-feb-21-gmt\/","og_locale":"es_ES","og_type":"article","og_title":"PN Feb 21 - GMT - Mennonite World Conference","og_description":"Oremos por el \u2018Gilgal Mission Trust\u2019. El presidente Paul Phinehas escribe: \u00edLas personas que sirven en el pastorado en nuestra conferencia est\u00b7n pasando por muchas crisis financieras debido al cierre por emergencia y a las restricciones del COVID-19. Desde Marzo del 2020 hasta Diciembre del 2020, todas nuestras iglesias estuvieron cerradas. Todas las oportunidades de [&hellip;]","og_url":"https:\/\/mwc-cmm.org\/en\/prayer\/pn-feb-21-gmt\/","og_site_name":"Mennonite World Conference","article_publisher":"https:\/\/www.facebook.com\/MennoniteWorldConference","article_modified_time":"2024-11-27T22:14:21+00:00","og_image":[{"width":2560,"height":1700,"url":"https:\/\/mwc-cmm.org\/wp-content\/uploads\/2024\/11\/2015-paulbrubaker-paul_phinehas-scaled.jpg","type":"image\/jpeg"}],"schema":{"@context":"https:\/\/schema.org","@graph":[{"@type":"WebPage","@id":"https:\/\/mwc-cmm.org\/en\/prayer\/pn-feb-21-gmt\/","url":"https:\/\/mwc-cmm.org\/en\/prayer\/pn-feb-21-gmt\/","name":"PN Feb 21 - GMT - Mennonite World Conference","isPartOf":{"@id":"https:\/\/mwc-cmm.org\/en\/#website"},"primaryImageOfPage":{"@id":"https:\/\/mwc-cmm.org\/en\/prayer\/pn-feb-21-gmt\/#primaryimage"},"image":{"@id":"https:\/\/mwc-cmm.org\/en\/prayer\/pn-feb-21-gmt\/#primaryimage"},"thumbnailUrl":"https:\/\/mwc-cmm.org\/wp-content\/uploads\/2024\/11\/2015-paulbrubaker-paul_phinehas-scaled.jpg","datePublished":"2021-02-11T00:00:00+00:00","dateModified":"2024-11-27T22:14:21+00:00","breadcrumb":{"@id":"https:\/\/mwc-cmm.org\/en\/prayer\/pn-feb-21-gmt\/#breadcrumb"},"inLanguage":"es","potentialAction":[{"@type":"ReadAction","target":["https:\/\/mwc-cmm.org\/en\/prayer\/pn-feb-21-gmt\/"]}]},{"@type":"ImageObject","inLanguage":"es","@id":"https:\/\/mwc-cmm.org\/en\/prayer\/pn-feb-21-gmt\/#primaryimage","url":"https:\/\/mwc-cmm.org\/wp-content\/uploads\/2024\/11\/2015-paulbrubaker-paul_phinehas-scaled.jpg","contentUrl":"https:\/\/mwc-cmm.org\/wp-content\/uploads\/2024\/11\/2015-paulbrubaker-paul_phinehas-scaled.jpg","width":2560,"height":1700},{"@type":"BreadcrumbList","@id":"https:\/\/mwc-cmm.org\/en\/prayer\/pn-feb-21-gmt\/#breadcrumb","itemListElement":[{"@type":"ListItem","position":1,"name":"Home","item":"https:\/\/mwc-cmm.org\/es\/"},{"@type":"ListItem","position":2,"name":"Prayers","item":"https:\/\/mwc-cmm.org\/en\/prayer\/"},{"@type":"ListItem","position":3,"name":"PN Feb 21 &#8211; GMT"}]},{"@type":"WebSite","@id":"https:\/\/mwc-cmm.org\/en\/#website","url":"https:\/\/mwc-cmm.org\/en\/","name":"Mennonite World Conference","description":"A communion of Anabaptist-related churches","publisher":{"@id":"https:\/\/mwc-cmm.org\/en\/#organization"},"alternateName":"MWC","potentialAction":[{"@type":"SearchAction","target":{"@type":"EntryPoint","urlTemplate":"https:\/\/mwc-cmm.org\/en\/?s={search_term_string}"},"query-input":{"@type":"PropertyValueSpecification","valueRequired":true,"valueName":"search_term_string"}}],"inLanguage":"es"},{"@type":"Organization","@id":"https:\/\/mwc-cmm.org\/en\/#organization","name":"Mennonite World Conference","alternateName":"MWC","url":"https:\/\/mwc-cmm.org\/en\/","logo":{"@type":"ImageObject","inLanguage":"es","@id":"https:\/\/mwc-cmm.org\/en\/#\/schema\/logo\/image\/","url":"https:\/\/mwc-cmm.org\/wp-content\/uploads\/2026\/01\/MWC_Sig_Blue_Horiz_webheader1-logo.svg","contentUrl":"https:\/\/mwc-cmm.org\/wp-content\/uploads\/2026\/01\/MWC_Sig_Blue_Horiz_webheader1-logo.svg","width":786,"height":82,"caption":"Mennonite World Conference"},"image":{"@id":"https:\/\/mwc-cmm.org\/en\/#\/schema\/logo\/image\/"},"sameAs":["https:\/\/www.facebook.com\/MennoniteWorldConference","https:\/\/www.linkedin.com\/company\/mennonite-world-conference-mwc\/","https:\/\/www.instagram.com\/mwcmm\/","https:\/\/www.youtube.com\/user\/mwccmm","https:\/\/bsky.app\/profile\/mwcmm.bsky.social"]}]}},"_links":{"self":[{"href":"https:\/\/mwc-cmm.org\/es\/wp-json\/wp\/v2\/prayers\/5112","targetHints":{"allow":["GET"]}}],"collection":[{"href":"https:\/\/mwc-cmm.org\/es\/wp-json\/wp\/v2\/prayers"}],"about":[{"href":"https:\/\/mwc-cmm.org\/es\/wp-json\/wp\/v2\/types\/prayers"}],"wp:featuredmedia":[{"embeddable":true,"href":"https:\/\/mwc-cmm.org\/es\/wp-json\/wp\/v2\/media\/70412"}],"wp:attachment":[{"href":"https:\/\/mwc-cmm.org\/es\/wp-json\/wp\/v2\/media?parent=5112"}],"curies":[{"name":"wp","href":"https:\/\/api.w.org\/{rel}","templated":true}]}}

<p>Oremos por el ‘Gilgal Mission Trust’. El presidente Paul Phinehas escribe: íLas personas que sirven en el pastorado en nuestra conferencia est·n pasando por muchas crisis financieras debido al cierre por emergencia y a las restricciones del COVID-19. Desde Marzo del 2020 hasta Diciembre del 2020, todas nuestras iglesias estuvieron cerradas. Todas las oportunidades de sustento de nuestra congregación est·n completamente destrozadas. Muchas personas de nuestra congregación son personas jornaleras y muchas otras est·n trabajando en empresas textiles [actualmente no hay demanda]. Los precios han subido, pero ahora el desempleo es mayor. La mayoría de las personas jóvenes pierden sus estudios y se quedan sin trabajo. Todas las personas se encuentran en una situación difícil, tanto financiera como mentalmente. Le pedimos amablemente que oren por nosotros para que podamos superar esta situaciónó.&nbsp;&nbsp;</p>

<p>Oremos por el ‘Gilgal Mission Trust’. El presidente Paul Phinehas escribe: íLas personas que sirven en el pastorado en nuestra conferencia est·n pasando por muchas crisis financieras debido al cierre por emergencia y a las restricciones del COVID-19. Desde Marzo del 2020 hasta Diciembre del 2020, todas nuestras iglesias estuvieron cerradas. Todas las oportunidades de [&hellip;]</p>

<!-- This site is optimized with the Yoast SEO plugin v27.5 - https://yoast.com/product/yoast-seo-wordpress/ -->
<title>PN Feb 21 - GMT - Mennonite World Conference</title>
<meta name="robots" content="index, follow, max-snippet:-1, max-image-preview:large, max-video-preview:-1" />
<link rel="canonical" href="https://mwc-cmm.org/en/prayer/pn-feb-21-gmt/" />
<meta property="og:locale" content="es_ES" />
<meta property="og:type" content="article" />
<meta property="og:title" content="PN Feb 21 - GMT - Mennonite World Conference" />
<meta property="og:description" content="Oremos por el ‘Gilgal Mission Trust’. El presidente Paul Phinehas escribe: íLas personas que sirven en el pastorado en nuestra conferencia est·n pasando por muchas crisis financieras debido al cierre por emergencia y a las restricciones del COVID-19. Desde Marzo del 2020 hasta Diciembre del 2020, todas nuestras iglesias estuvieron cerradas. Todas las oportunidades de [&hellip;]" />
<meta property="og:url" content="https://mwc-cmm.org/en/prayer/pn-feb-21-gmt/" />
<meta property="og:site_name" content="Mennonite World Conference" />
<meta property="article:publisher" content="https://www.facebook.com/MennoniteWorldConference" />
<meta property="article:modified_time" content="2024-11-27T22:14:21+00:00" />
<meta property="og:image" content="https://mwc-cmm.org/wp-content/uploads/2024/11/2015-paulbrubaker-paul_phinehas-scaled.jpg" />
	<meta property="og:image:width" content="2560" />
	<meta property="og:image:height" content="1700" />
	<meta property="og:image:type" content="image/jpeg" />
<script type="application/ld+json" class="yoast-schema-graph">{"@context":"https:\/\/schema.org","@graph":[{"@type":"WebPage","@id":"https:\/\/mwc-cmm.org\/en\/prayer\/pn-feb-21-gmt\/","url":"https:\/\/mwc-cmm.org\/en\/prayer\/pn-feb-21-gmt\/","name":"PN Feb 21 - GMT - Mennonite World Conference","isPartOf":{"@id":"https:\/\/mwc-cmm.org\/en\/#website"},"primaryImageOfPage":{"@id":"https:\/\/mwc-cmm.org\/en\/prayer\/pn-feb-21-gmt\/#primaryimage"},"image":{"@id":"https:\/\/mwc-cmm.org\/en\/prayer\/pn-feb-21-gmt\/#primaryimage"},"thumbnailUrl":"https:\/\/mwc-cmm.org\/wp-content\/uploads\/2024\/11\/2015-paulbrubaker-paul_phinehas-scaled.jpg","datePublished":"2021-02-11T00:00:00+00:00","dateModified":"2024-11-27T22:14:21+00:00","breadcrumb":{"@id":"https:\/\/mwc-cmm.org\/en\/prayer\/pn-feb-21-gmt\/#breadcrumb"},"inLanguage":"es","potentialAction":[{"@type":"ReadAction","target":["https:\/\/mwc-cmm.org\/en\/prayer\/pn-feb-21-gmt\/"]}]},{"@type":"ImageObject","inLanguage":"es","@id":"https:\/\/mwc-cmm.org\/en\/prayer\/pn-feb-21-gmt\/#primaryimage","url":"https:\/\/mwc-cmm.org\/wp-content\/uploads\/2024\/11\/2015-paulbrubaker-paul_phinehas-scaled.jpg","contentUrl":"https:\/\/mwc-cmm.org\/wp-content\/uploads\/2024\/11\/2015-paulbrubaker-paul_phinehas-scaled.jpg","width":2560,"height":1700},{"@type":"BreadcrumbList","@id":"https:\/\/mwc-cmm.org\/en\/prayer\/pn-feb-21-gmt\/#breadcrumb","itemListElement":[{"@type":"ListItem","position":1,"name":"Home","item":"https:\/\/mwc-cmm.org\/es\/"},{"@type":"ListItem","position":2,"name":"Prayers","item":"https:\/\/mwc-cmm.org\/en\/prayer\/"},{"@type":"ListItem","position":3,"name":"PN Feb 21 &#8211; GMT"}]},{"@type":"WebSite","@id":"https:\/\/mwc-cmm.org\/en\/#website","url":"https:\/\/mwc-cmm.org\/en\/","name":"Mennonite World Conference","description":"A communion of Anabaptist-related churches","publisher":{"@id":"https:\/\/mwc-cmm.org\/en\/#organization"},"alternateName":"MWC","potentialAction":[{"@type":"SearchAction","target":{"@type":"EntryPoint","urlTemplate":"https:\/\/mwc-cmm.org\/en\/?s={search_term_string}"},"query-input":{"@type":"PropertyValueSpecification","valueRequired":true,"valueName":"search_term_string"}}],"inLanguage":"es"},{"@type":"Organization","@id":"https:\/\/mwc-cmm.org\/en\/#organization","name":"Mennonite World Conference","alternateName":"MWC","url":"https:\/\/mwc-cmm.org\/en\/","logo":{"@type":"ImageObject","inLanguage":"es","@id":"https:\/\/mwc-cmm.org\/en\/#\/schema\/logo\/image\/","url":"https:\/\/mwc-cmm.org\/wp-content\/uploads\/2026\/01\/MWC_Sig_Blue_Horiz_webheader1-logo.svg","contentUrl":"https:\/\/mwc-cmm.org\/wp-content\/uploads\/2026\/01\/MWC_Sig_Blue_Horiz_webheader1-logo.svg","width":786,"height":82,"caption":"Mennonite World Conference"},"image":{"@id":"https:\/\/mwc-cmm.org\/en\/#\/schema\/logo\/image\/"},"sameAs":["https:\/\/www.facebook.com\/MennoniteWorldConference","https:\/\/www.linkedin.com\/company\/mennonite-world-conference-mwc\/","https:\/\/www.instagram.com\/mwcmm\/","https:\/\/www.youtube.com\/user\/mwccmm","https:\/\/bsky.app\/profile\/mwcmm.bsky.social"]}]}</script>
<!-- / Yoast SEO plugin. -->

Oremos por el ‘Gilgal Mission Trust’. El presidente Paul Phinehas escribe: íLas personas que sirven en el pastorado en nuestra conferencia est·n pasando por muchas crisis financieras debido al cierre por emergencia y a las restricciones del COVID-19. Desde Marzo del 2020 hasta Diciembre del 2020, todas nuestras iglesias estuvieron cerradas. Todas las oportunidades de [&hellip;]
