{"id":5085,"date":"2020-09-10T00:00:00","date_gmt":"2020-09-10T00:00:00","guid":{"rendered":"https:\/\/mwc-cmm.org\/prayers\/season-of-creation-n-2-2\/"},"modified":"2024-10-17T01:32:29","modified_gmt":"2024-10-17T01:32:29","slug":"season-of-creation-n-2-2","status":"publish","type":"prayers","link":"https:\/\/mwc-cmm.org\/es\/prayer\/season-of-creation-n-2-2\/","title":{"rendered":"Season of Creation \u00f1 2"},"content":{"rendered":"<h3>Danos el poder<\/h3>\n<p>Dios,<\/p>\n<p>Danos el poder de confiar el uno en el otro<br \/>\ny elegir la forma ecol\u00f3gica la cual<br \/>\nlibera a tu creaci\u00f3n de la aflicci\u00f3n.<\/p>\n<p>Danos el poder de compartir conocimientos<br \/>\ny buscar soluciones sostenibles<br \/>\nque les permitan a las generaciones futuras sobrevivir.<\/p>\n<p>Danos el poder de cooperar<br \/>\npara tomar decisiones y acciones<br \/>\nque den frutos de forma sostenible.<\/p>\n<p>Danos el poder<br \/>\na trav\u00e9s de tu Esp\u00edritu Santo.<\/p>\n<p>T\u02d9 que viste que era bueno.<\/p>\n<p>As\u2019 como en el principio, tambi\u00e9n en el d\u00eda despu\u00e9s de ma\u00f1ana.<\/p>\n<p>Que venga tu reino<br \/>\ny tu gloria brille<br \/>\npor siempre.<\/p>\n<p>Amen<\/p>\n<p><em>\u2014Esta oraci\u00f3n est\u00b7 tomada del libro&nbsp;Dancing with the Golden Frog: Global Warming and the Lord\u00eds Prayer, de Herman Heijn, pastor de Doopsgezinde Gemeente Haarlem, Holanda. Enviado por Rebecca Froese, persona miembro del Grupo de Trabajo para el Cuidado de la Creaci\u00f3n, miembro de la Iglesia Menonita de Hamburgo-Altona, Alemania.<\/em><\/p>\n<table style=\"width:600px\">\n<tbody>\n<tr>\n<td>Las personas cristianas de todo el mundo est\u00b7n caminando en esp\u00edritu hacia el cuidado de la creaci\u00f3n. Esta celebraci\u00f3n de la #SeasonofCreation se llevar\u00b7 a cabo del 1 de Septiembre al 4 de Octubre del 2020.<\/td>\n<\/tr>\n<\/tbody>\n<\/table>\n","protected":false},"excerpt":{"rendered":"<p>Danos el poder Dios, Danos el poder de confiar el uno en el otro y elegir la forma ecol\u00f3gica la cual libera a tu creaci\u00f3n de la aflicci\u00f3n. Danos el poder de compartir conocimientos y buscar soluciones sostenibles que les permitan a las generaciones futuras sobrevivir. Danos el poder de cooperar para tomar decisiones y [&hellip;]<\/p>\n","protected":false},"featured_media":0,"template":"","class_list":["post-5085","prayers","type-prayers","status-publish","hentry"],"acf":[],"yoast_head":"<!-- This site is optimized with the Yoast SEO plugin v27.2 - https:\/\/yoast.com\/product\/yoast-seo-wordpress\/ -->\n<title>Season of Creation \u00f1 2 - Mennonite World Conference<\/title>\n<meta name=\"robots\" content=\"index, follow, max-snippet:-1, max-image-preview:large, max-video-preview:-1\" \/>\n<link rel=\"canonical\" href=\"https:\/\/mwc-cmm.org\/en\/prayer\/season-of-creation-n-2\/\" \/>\n<meta property=\"og:locale\" content=\"es_ES\" \/>\n<meta property=\"og:type\" content=\"article\" \/>\n<meta property=\"og:title\" content=\"Season of Creation \u00f1 2 - Mennonite World Conference\" \/>\n<meta property=\"og:description\" content=\"Danos el poder Dios, Danos el poder de confiar el uno en el otro y elegir la forma ecol\u00f3gica la cual libera a tu creaci\u00f3n de la aflicci\u00f3n. Danos el poder de compartir conocimientos y buscar soluciones sostenibles que les permitan a las generaciones futuras sobrevivir. Danos el poder de cooperar para tomar decisiones y [&hellip;]\" \/>\n<meta property=\"og:url\" content=\"https:\/\/mwc-cmm.org\/en\/prayer\/season-of-creation-n-2\/\" \/>\n<meta property=\"og:site_name\" content=\"Mennonite World Conference\" \/>\n<meta property=\"article:publisher\" content=\"https:\/\/www.facebook.com\/MennoniteWorldConference\" \/>\n<meta property=\"article:modified_time\" content=\"2024-10-17T01:32:29+00:00\" \/>\n<script type=\"application\/ld+json\" class=\"yoast-schema-graph\">{\"@context\":\"https:\/\/schema.org\",\"@graph\":[{\"@type\":\"WebPage\",\"@id\":\"https:\/\/mwc-cmm.org\/en\/prayer\/season-of-creation-n-2\/\",\"url\":\"https:\/\/mwc-cmm.org\/en\/prayer\/season-of-creation-n-2\/\",\"name\":\"Season of Creation \u00f1 2 - Mennonite World Conference\",\"isPartOf\":{\"@id\":\"https:\/\/mwc-cmm.org\/en\/#website\"},\"datePublished\":\"2020-09-10T00:00:00+00:00\",\"dateModified\":\"2024-10-17T01:32:29+00:00\",\"breadcrumb\":{\"@id\":\"https:\/\/mwc-cmm.org\/en\/prayer\/season-of-creation-n-2\/#breadcrumb\"},\"inLanguage\":\"es\",\"potentialAction\":[{\"@type\":\"ReadAction\",\"target\":[\"https:\/\/mwc-cmm.org\/en\/prayer\/season-of-creation-n-2\/\"]}]},{\"@type\":\"BreadcrumbList\",\"@id\":\"https:\/\/mwc-cmm.org\/en\/prayer\/season-of-creation-n-2\/#breadcrumb\",\"itemListElement\":[{\"@type\":\"ListItem\",\"position\":1,\"name\":\"Home\",\"item\":\"https:\/\/mwc-cmm.org\/es\/\"},{\"@type\":\"ListItem\",\"position\":2,\"name\":\"Prayers\",\"item\":\"https:\/\/mwc-cmm.org\/en\/prayer\/\"},{\"@type\":\"ListItem\",\"position\":3,\"name\":\"Season of Creation \u00f1 2\"}]},{\"@type\":\"WebSite\",\"@id\":\"https:\/\/mwc-cmm.org\/en\/#website\",\"url\":\"https:\/\/mwc-cmm.org\/en\/\",\"name\":\"Mennonite World Conference\",\"description\":\"A communion of Anabaptist-related churches\",\"publisher\":{\"@id\":\"https:\/\/mwc-cmm.org\/en\/#organization\"},\"alternateName\":\"MWC\",\"potentialAction\":[{\"@type\":\"SearchAction\",\"target\":{\"@type\":\"EntryPoint\",\"urlTemplate\":\"https:\/\/mwc-cmm.org\/en\/?s={search_term_string}\"},\"query-input\":{\"@type\":\"PropertyValueSpecification\",\"valueRequired\":true,\"valueName\":\"search_term_string\"}}],\"inLanguage\":\"es\"},{\"@type\":\"Organization\",\"@id\":\"https:\/\/mwc-cmm.org\/en\/#organization\",\"name\":\"Mennonite World Conference\",\"alternateName\":\"MWC\",\"url\":\"https:\/\/mwc-cmm.org\/en\/\",\"logo\":{\"@type\":\"ImageObject\",\"inLanguage\":\"es\",\"@id\":\"https:\/\/mwc-cmm.org\/en\/#\/schema\/logo\/image\/\",\"url\":\"https:\/\/mwc-cmm.org\/wp-content\/uploads\/2026\/01\/MWC_Sig_Blue_Horiz_webheader1-logo.svg\",\"contentUrl\":\"https:\/\/mwc-cmm.org\/wp-content\/uploads\/2026\/01\/MWC_Sig_Blue_Horiz_webheader1-logo.svg\",\"width\":786,\"height\":82,\"caption\":\"Mennonite World Conference\"},\"image\":{\"@id\":\"https:\/\/mwc-cmm.org\/en\/#\/schema\/logo\/image\/\"},\"sameAs\":[\"https:\/\/www.facebook.com\/MennoniteWorldConference\",\"https:\/\/www.linkedin.com\/company\/mennonite-world-conference-mwc\/\",\"https:\/\/www.instagram.com\/mwcmm\/\",\"https:\/\/www.youtube.com\/user\/mwccmm\",\"https:\/\/bsky.app\/profile\/mwcmm.bsky.social\"]}]}<\/script>\n<!-- \/ Yoast SEO plugin. -->","yoast_head_json":{"title":"Season of Creation \u00f1 2 - Mennonite World Conference","robots":{"index":"index","follow":"follow","max-snippet":"max-snippet:-1","max-image-preview":"max-image-preview:large","max-video-preview":"max-video-preview:-1"},"canonical":"https:\/\/mwc-cmm.org\/en\/prayer\/season-of-creation-n-2\/","og_locale":"es_ES","og_type":"article","og_title":"Season of Creation \u00f1 2 - Mennonite World Conference","og_description":"Danos el poder Dios, Danos el poder de confiar el uno en el otro y elegir la forma ecol\u00f3gica la cual libera a tu creaci\u00f3n de la aflicci\u00f3n. Danos el poder de compartir conocimientos y buscar soluciones sostenibles que les permitan a las generaciones futuras sobrevivir. Danos el poder de cooperar para tomar decisiones y [&hellip;]","og_url":"https:\/\/mwc-cmm.org\/en\/prayer\/season-of-creation-n-2\/","og_site_name":"Mennonite World Conference","article_publisher":"https:\/\/www.facebook.com\/MennoniteWorldConference","article_modified_time":"2024-10-17T01:32:29+00:00","schema":{"@context":"https:\/\/schema.org","@graph":[{"@type":"WebPage","@id":"https:\/\/mwc-cmm.org\/en\/prayer\/season-of-creation-n-2\/","url":"https:\/\/mwc-cmm.org\/en\/prayer\/season-of-creation-n-2\/","name":"Season of Creation \u00f1 2 - Mennonite World Conference","isPartOf":{"@id":"https:\/\/mwc-cmm.org\/en\/#website"},"datePublished":"2020-09-10T00:00:00+00:00","dateModified":"2024-10-17T01:32:29+00:00","breadcrumb":{"@id":"https:\/\/mwc-cmm.org\/en\/prayer\/season-of-creation-n-2\/#breadcrumb"},"inLanguage":"es","potentialAction":[{"@type":"ReadAction","target":["https:\/\/mwc-cmm.org\/en\/prayer\/season-of-creation-n-2\/"]}]},{"@type":"BreadcrumbList","@id":"https:\/\/mwc-cmm.org\/en\/prayer\/season-of-creation-n-2\/#breadcrumb","itemListElement":[{"@type":"ListItem","position":1,"name":"Home","item":"https:\/\/mwc-cmm.org\/es\/"},{"@type":"ListItem","position":2,"name":"Prayers","item":"https:\/\/mwc-cmm.org\/en\/prayer\/"},{"@type":"ListItem","position":3,"name":"Season of Creation \u00f1 2"}]},{"@type":"WebSite","@id":"https:\/\/mwc-cmm.org\/en\/#website","url":"https:\/\/mwc-cmm.org\/en\/","name":"Mennonite World Conference","description":"A communion of Anabaptist-related churches","publisher":{"@id":"https:\/\/mwc-cmm.org\/en\/#organization"},"alternateName":"MWC","potentialAction":[{"@type":"SearchAction","target":{"@type":"EntryPoint","urlTemplate":"https:\/\/mwc-cmm.org\/en\/?s={search_term_string}"},"query-input":{"@type":"PropertyValueSpecification","valueRequired":true,"valueName":"search_term_string"}}],"inLanguage":"es"},{"@type":"Organization","@id":"https:\/\/mwc-cmm.org\/en\/#organization","name":"Mennonite World Conference","alternateName":"MWC","url":"https:\/\/mwc-cmm.org\/en\/","logo":{"@type":"ImageObject","inLanguage":"es","@id":"https:\/\/mwc-cmm.org\/en\/#\/schema\/logo\/image\/","url":"https:\/\/mwc-cmm.org\/wp-content\/uploads\/2026\/01\/MWC_Sig_Blue_Horiz_webheader1-logo.svg","contentUrl":"https:\/\/mwc-cmm.org\/wp-content\/uploads\/2026\/01\/MWC_Sig_Blue_Horiz_webheader1-logo.svg","width":786,"height":82,"caption":"Mennonite World Conference"},"image":{"@id":"https:\/\/mwc-cmm.org\/en\/#\/schema\/logo\/image\/"},"sameAs":["https:\/\/www.facebook.com\/MennoniteWorldConference","https:\/\/www.linkedin.com\/company\/mennonite-world-conference-mwc\/","https:\/\/www.instagram.com\/mwcmm\/","https:\/\/www.youtube.com\/user\/mwccmm","https:\/\/bsky.app\/profile\/mwcmm.bsky.social"]}]}},"_links":{"self":[{"href":"https:\/\/mwc-cmm.org\/es\/wp-json\/wp\/v2\/prayers\/5085","targetHints":{"allow":["GET"]}}],"collection":[{"href":"https:\/\/mwc-cmm.org\/es\/wp-json\/wp\/v2\/prayers"}],"about":[{"href":"https:\/\/mwc-cmm.org\/es\/wp-json\/wp\/v2\/types\/prayers"}],"wp:attachment":[{"href":"https:\/\/mwc-cmm.org\/es\/wp-json\/wp\/v2\/media?parent=5085"}],"curies":[{"name":"wp","href":"https:\/\/api.w.org\/{rel}","templated":true}]}}

Season of Creation ñ 2

<h3>Danos el poder</h3>
<p>Dios,</p>
<p>Danos el poder de confiar el uno en el otro<br />
y elegir la forma ecológica la cual<br />
libera a tu creación de la aflicción.</p>
<p>Danos el poder de compartir conocimientos<br />
y buscar soluciones sostenibles<br />
que les permitan a las generaciones futuras sobrevivir.</p>
<p>Danos el poder de cooperar<br />
para tomar decisiones y acciones<br />
que den frutos de forma sostenible.</p>
<p>Danos el poder<br />
a través de tu Espíritu Santo.</p>
<p>T˙ que viste que era bueno.</p>
<p>As’ como en el principio, también en el día después de mañana.</p>
<p>Que venga tu reino<br />
y tu gloria brille<br />
por siempre.</p>
<p>Amen</p>
<p><em>—Esta oración est· tomada del libro&nbsp;Dancing with the Golden Frog: Global Warming and the Lordís Prayer, de Herman Heijn, pastor de Doopsgezinde Gemeente Haarlem, Holanda. Enviado por Rebecca Froese, persona miembro del Grupo de Trabajo para el Cuidado de la Creación, miembro de la Iglesia Menonita de Hamburgo-Altona, Alemania.</em></p>
<table style="width:600px">
<tbody>
<tr>
<td>Las personas cristianas de todo el mundo est·n caminando en espíritu hacia el cuidado de la creación. Esta celebración de la #SeasonofCreation se llevar· a cabo del 1 de Septiembre al 4 de Octubre del 2020.</td>
</tr>
</tbody>
</table>

<p>Danos el poder Dios, Danos el poder de confiar el uno en el otro y elegir la forma ecológica la cual libera a tu creación de la aflicción. Danos el poder de compartir conocimientos y buscar soluciones sostenibles que les permitan a las generaciones futuras sobrevivir. Danos el poder de cooperar para tomar decisiones y [&hellip;]</p>

<!-- This site is optimized with the Yoast SEO plugin v27.2 - https://yoast.com/product/yoast-seo-wordpress/ -->
<title>Season of Creation ñ 2 - Mennonite World Conference</title>
<meta name="robots" content="index, follow, max-snippet:-1, max-image-preview:large, max-video-preview:-1" />
<link rel="canonical" href="https://mwc-cmm.org/en/prayer/season-of-creation-n-2/" />
<meta property="og:locale" content="es_ES" />
<meta property="og:type" content="article" />
<meta property="og:title" content="Season of Creation ñ 2 - Mennonite World Conference" />
<meta property="og:description" content="Danos el poder Dios, Danos el poder de confiar el uno en el otro y elegir la forma ecológica la cual libera a tu creación de la aflicción. Danos el poder de compartir conocimientos y buscar soluciones sostenibles que les permitan a las generaciones futuras sobrevivir. Danos el poder de cooperar para tomar decisiones y [&hellip;]" />
<meta property="og:url" content="https://mwc-cmm.org/en/prayer/season-of-creation-n-2/" />
<meta property="og:site_name" content="Mennonite World Conference" />
<meta property="article:publisher" content="https://www.facebook.com/MennoniteWorldConference" />
<meta property="article:modified_time" content="2024-10-17T01:32:29+00:00" />
<script type="application/ld+json" class="yoast-schema-graph">{"@context":"https://schema.org","@graph":[{"@type":"WebPage","@id":"https://mwc-cmm.org/en/prayer/season-of-creation-n-2/","url":"https://mwc-cmm.org/en/prayer/season-of-creation-n-2/","name":"Season of Creation ñ 2 - Mennonite World Conference","isPartOf":{"@id":"https://mwc-cmm.org/en/#website"},"datePublished":"2020-09-10T00:00:00+00:00","dateModified":"2024-10-17T01:32:29+00:00","breadcrumb":{"@id":"https://mwc-cmm.org/en/prayer/season-of-creation-n-2/#breadcrumb"},"inLanguage":"es","potentialAction":[{"@type":"ReadAction","target":["https://mwc-cmm.org/en/prayer/season-of-creation-n-2/"]}]},{"@type":"BreadcrumbList","@id":"https://mwc-cmm.org/en/prayer/season-of-creation-n-2/#breadcrumb","itemListElement":[{"@type":"ListItem","position":1,"name":"Home","item":"https://mwc-cmm.org/es/"},{"@type":"ListItem","position":2,"name":"Prayers","item":"https://mwc-cmm.org/en/prayer/"},{"@type":"ListItem","position":3,"name":"Season of Creation ñ 2"}]},{"@type":"WebSite","@id":"https://mwc-cmm.org/en/#website","url":"https://mwc-cmm.org/en/","name":"Mennonite World Conference","description":"A communion of Anabaptist-related churches","publisher":{"@id":"https://mwc-cmm.org/en/#organization"},"alternateName":"MWC","potentialAction":[{"@type":"SearchAction","target":{"@type":"EntryPoint","urlTemplate":"https://mwc-cmm.org/en/?s={search_term_string}"},"query-input":{"@type":"PropertyValueSpecification","valueRequired":true,"valueName":"search_term_string"}}],"inLanguage":"es"},{"@type":"Organization","@id":"https://mwc-cmm.org/en/#organization","name":"Mennonite World Conference","alternateName":"MWC","url":"https://mwc-cmm.org/en/","logo":{"@type":"ImageObject","inLanguage":"es","@id":"https://mwc-cmm.org/en/#/schema/logo/image/","url":"https://mwc-cmm.org/wp-content/uploads/2026/01/MWC_Sig_Blue_Horiz_webheader1-logo.svg","contentUrl":"https://mwc-cmm.org/wp-content/uploads/2026/01/MWC_Sig_Blue_Horiz_webheader1-logo.svg","width":786,"height":82,"caption":"Mennonite World Conference"},"image":{"@id":"https://mwc-cmm.org/en/#/schema/logo/image/"},"sameAs":["https://www.facebook.com/MennoniteWorldConference","https://www.linkedin.com/company/mennonite-world-conference-mwc/","https://www.instagram.com/mwcmm/","https://www.youtube.com/user/mwccmm","https://bsky.app/profile/mwcmm.bsky.social"]}]}</script>
<!-- / Yoast SEO plugin. -->

Season of Creation ñ 2 - Mennonite World Conference

Danos el poder Dios, Danos el poder de confiar el uno en el otro y elegir la forma ecológica la cual libera a tu creación de la aflicción. Danos el poder de compartir conocimientos y buscar soluciones sostenibles que les permitan a las generaciones futuras sobrevivir. Danos el poder de cooperar para tomar decisiones y [&hellip;]
