{"id":125999,"date":"2026-03-24T04:13:52","date_gmt":"2026-03-24T04:13:52","guid":{"rendered":"https:\/\/mwc-cmm.org\/prayer\/pn-march-26-usa\/"},"modified":"2026-03-24T04:14:22","modified_gmt":"2026-03-24T04:14:22","slug":"pn-march-26-usa","status":"publish","type":"prayers","link":"https:\/\/mwc-cmm.org\/es\/prayer\/pn-march-26-usa\/","title":{"rendered":"PN-March-26-USA"},"content":{"rendered":"\n<p>Oremos para que las personas en el liderazgo mundial exijan el cese de los ataques violentos en el Medio Oriente. Los ataques estadounidenses e israel\u00edes contra Ir\u00e1n, que comenzaron el 28 de febrero del 2026, y las represalias de Ir\u00e1n han causado la muerte de cientos de personas, no solo en Ir\u00e1n, sino tambi\u00e9n en los pa\u00edses vecinos. Que las personas de todo el mundo se solidaricen con las personas desplazadas, las que est\u00e1n de luto, las marginadas y las v\u00edctimas. <\/p>\n\n<p>Foto: Canva<\/p>\n\n<p><\/p>\n","protected":false},"excerpt":{"rendered":"<p>Oremos para que las personas en el liderazgo mundial exijan el cese de los ataques violentos en el Medio Oriente. Los ataques estadounidenses e israel\u00edes contra Ir\u00e1n, que comenzaron el 28 de febrero del 2026, y las represalias de Ir\u00e1n han causado la muerte de cientos de personas, no solo en Ir\u00e1n, sino tambi\u00e9n en [&hellip;]<\/p>\n","protected":false},"featured_media":125995,"template":"","class_list":["post-125999","prayers","type-prayers","status-publish","has-post-thumbnail","hentry"],"acf":[],"yoast_head":"<!-- This site is optimized with the Yoast SEO plugin v27.5 - https:\/\/yoast.com\/product\/yoast-seo-wordpress\/ -->\n<title>PN-March-26-USA - Mennonite World Conference<\/title>\n<meta name=\"robots\" content=\"index, follow, max-snippet:-1, max-image-preview:large, max-video-preview:-1\" \/>\n<link rel=\"canonical\" href=\"https:\/\/mwc-cmm.org\/en\/prayer\/pn-march-26-usa\/\" \/>\n<meta property=\"og:locale\" content=\"es_ES\" \/>\n<meta property=\"og:type\" content=\"article\" \/>\n<meta property=\"og:title\" content=\"PN-March-26-USA - Mennonite World Conference\" \/>\n<meta property=\"og:description\" content=\"Oremos para que las personas en el liderazgo mundial exijan el cese de los ataques violentos en el Medio Oriente. Los ataques estadounidenses e israel\u00edes contra Ir\u00e1n, que comenzaron el 28 de febrero del 2026, y las represalias de Ir\u00e1n han causado la muerte de cientos de personas, no solo en Ir\u00e1n, sino tambi\u00e9n en [&hellip;]\" \/>\n<meta property=\"og:url\" content=\"https:\/\/mwc-cmm.org\/en\/prayer\/pn-march-26-usa\/\" \/>\n<meta property=\"og:site_name\" content=\"Mennonite World Conference\" \/>\n<meta property=\"article:publisher\" content=\"https:\/\/www.facebook.com\/MennoniteWorldConference\" \/>\n<meta property=\"article:modified_time\" content=\"2026-03-24T04:14:22+00:00\" \/>\n<meta property=\"og:image\" content=\"https:\/\/mwc-cmm.org\/wp-content\/uploads\/2026\/03\/candle.jpg\" \/>\n\t<meta property=\"og:image:width\" content=\"1366\" \/>\n\t<meta property=\"og:image:height\" content=\"768\" \/>\n\t<meta property=\"og:image:type\" content=\"image\/jpeg\" \/>\n<script type=\"application\/ld+json\" class=\"yoast-schema-graph\">{\"@context\":\"https:\\\/\\\/schema.org\",\"@graph\":[{\"@type\":\"WebPage\",\"@id\":\"https:\\\/\\\/mwc-cmm.org\\\/en\\\/prayer\\\/pn-march-26-usa\\\/\",\"url\":\"https:\\\/\\\/mwc-cmm.org\\\/en\\\/prayer\\\/pn-march-26-usa\\\/\",\"name\":\"PN-March-26-USA - Mennonite World Conference\",\"isPartOf\":{\"@id\":\"https:\\\/\\\/mwc-cmm.org\\\/en\\\/#website\"},\"primaryImageOfPage\":{\"@id\":\"https:\\\/\\\/mwc-cmm.org\\\/en\\\/prayer\\\/pn-march-26-usa\\\/#primaryimage\"},\"image\":{\"@id\":\"https:\\\/\\\/mwc-cmm.org\\\/en\\\/prayer\\\/pn-march-26-usa\\\/#primaryimage\"},\"thumbnailUrl\":\"https:\\\/\\\/mwc-cmm.org\\\/wp-content\\\/uploads\\\/2026\\\/03\\\/candle.jpg\",\"datePublished\":\"2026-03-24T04:13:52+00:00\",\"dateModified\":\"2026-03-24T04:14:22+00:00\",\"breadcrumb\":{\"@id\":\"https:\\\/\\\/mwc-cmm.org\\\/en\\\/prayer\\\/pn-march-26-usa\\\/#breadcrumb\"},\"inLanguage\":\"es\",\"potentialAction\":[{\"@type\":\"ReadAction\",\"target\":[\"https:\\\/\\\/mwc-cmm.org\\\/en\\\/prayer\\\/pn-march-26-usa\\\/\"]}]},{\"@type\":\"ImageObject\",\"inLanguage\":\"es\",\"@id\":\"https:\\\/\\\/mwc-cmm.org\\\/en\\\/prayer\\\/pn-march-26-usa\\\/#primaryimage\",\"url\":\"https:\\\/\\\/mwc-cmm.org\\\/wp-content\\\/uploads\\\/2026\\\/03\\\/candle.jpg\",\"contentUrl\":\"https:\\\/\\\/mwc-cmm.org\\\/wp-content\\\/uploads\\\/2026\\\/03\\\/candle.jpg\",\"width\":1366,\"height\":768,\"caption\":\"hands holding a candle\"},{\"@type\":\"BreadcrumbList\",\"@id\":\"https:\\\/\\\/mwc-cmm.org\\\/en\\\/prayer\\\/pn-march-26-usa\\\/#breadcrumb\",\"itemListElement\":[{\"@type\":\"ListItem\",\"position\":1,\"name\":\"Home\",\"item\":\"https:\\\/\\\/mwc-cmm.org\\\/es\\\/\"},{\"@type\":\"ListItem\",\"position\":2,\"name\":\"Prayers\",\"item\":\"https:\\\/\\\/mwc-cmm.org\\\/en\\\/prayer\\\/\"},{\"@type\":\"ListItem\",\"position\":3,\"name\":\"PN-March-26-USA\"}]},{\"@type\":\"WebSite\",\"@id\":\"https:\\\/\\\/mwc-cmm.org\\\/en\\\/#website\",\"url\":\"https:\\\/\\\/mwc-cmm.org\\\/en\\\/\",\"name\":\"Mennonite World Conference\",\"description\":\"A communion of Anabaptist-related churches\",\"publisher\":{\"@id\":\"https:\\\/\\\/mwc-cmm.org\\\/en\\\/#organization\"},\"alternateName\":\"MWC\",\"potentialAction\":[{\"@type\":\"SearchAction\",\"target\":{\"@type\":\"EntryPoint\",\"urlTemplate\":\"https:\\\/\\\/mwc-cmm.org\\\/en\\\/?s={search_term_string}\"},\"query-input\":{\"@type\":\"PropertyValueSpecification\",\"valueRequired\":true,\"valueName\":\"search_term_string\"}}],\"inLanguage\":\"es\"},{\"@type\":\"Organization\",\"@id\":\"https:\\\/\\\/mwc-cmm.org\\\/en\\\/#organization\",\"name\":\"Mennonite World Conference\",\"alternateName\":\"MWC\",\"url\":\"https:\\\/\\\/mwc-cmm.org\\\/en\\\/\",\"logo\":{\"@type\":\"ImageObject\",\"inLanguage\":\"es\",\"@id\":\"https:\\\/\\\/mwc-cmm.org\\\/en\\\/#\\\/schema\\\/logo\\\/image\\\/\",\"url\":\"https:\\\/\\\/mwc-cmm.org\\\/wp-content\\\/uploads\\\/2026\\\/01\\\/MWC_Sig_Blue_Horiz_webheader1-logo.svg\",\"contentUrl\":\"https:\\\/\\\/mwc-cmm.org\\\/wp-content\\\/uploads\\\/2026\\\/01\\\/MWC_Sig_Blue_Horiz_webheader1-logo.svg\",\"width\":786,\"height\":82,\"caption\":\"Mennonite World Conference\"},\"image\":{\"@id\":\"https:\\\/\\\/mwc-cmm.org\\\/en\\\/#\\\/schema\\\/logo\\\/image\\\/\"},\"sameAs\":[\"https:\\\/\\\/www.facebook.com\\\/MennoniteWorldConference\",\"https:\\\/\\\/www.linkedin.com\\\/company\\\/mennonite-world-conference-mwc\\\/\",\"https:\\\/\\\/www.instagram.com\\\/mwcmm\\\/\",\"https:\\\/\\\/www.youtube.com\\\/user\\\/mwccmm\",\"https:\\\/\\\/bsky.app\\\/profile\\\/mwcmm.bsky.social\"]}]}<\/script>\n<!-- \/ Yoast SEO plugin. -->","yoast_head_json":{"title":"PN-March-26-USA - Mennonite World Conference","robots":{"index":"index","follow":"follow","max-snippet":"max-snippet:-1","max-image-preview":"max-image-preview:large","max-video-preview":"max-video-preview:-1"},"canonical":"https:\/\/mwc-cmm.org\/en\/prayer\/pn-march-26-usa\/","og_locale":"es_ES","og_type":"article","og_title":"PN-March-26-USA - Mennonite World Conference","og_description":"Oremos para que las personas en el liderazgo mundial exijan el cese de los ataques violentos en el Medio Oriente. Los ataques estadounidenses e israel\u00edes contra Ir\u00e1n, que comenzaron el 28 de febrero del 2026, y las represalias de Ir\u00e1n han causado la muerte de cientos de personas, no solo en Ir\u00e1n, sino tambi\u00e9n en [&hellip;]","og_url":"https:\/\/mwc-cmm.org\/en\/prayer\/pn-march-26-usa\/","og_site_name":"Mennonite World Conference","article_publisher":"https:\/\/www.facebook.com\/MennoniteWorldConference","article_modified_time":"2026-03-24T04:14:22+00:00","og_image":[{"width":1366,"height":768,"url":"https:\/\/mwc-cmm.org\/wp-content\/uploads\/2026\/03\/candle.jpg","type":"image\/jpeg"}],"schema":{"@context":"https:\/\/schema.org","@graph":[{"@type":"WebPage","@id":"https:\/\/mwc-cmm.org\/en\/prayer\/pn-march-26-usa\/","url":"https:\/\/mwc-cmm.org\/en\/prayer\/pn-march-26-usa\/","name":"PN-March-26-USA - Mennonite World Conference","isPartOf":{"@id":"https:\/\/mwc-cmm.org\/en\/#website"},"primaryImageOfPage":{"@id":"https:\/\/mwc-cmm.org\/en\/prayer\/pn-march-26-usa\/#primaryimage"},"image":{"@id":"https:\/\/mwc-cmm.org\/en\/prayer\/pn-march-26-usa\/#primaryimage"},"thumbnailUrl":"https:\/\/mwc-cmm.org\/wp-content\/uploads\/2026\/03\/candle.jpg","datePublished":"2026-03-24T04:13:52+00:00","dateModified":"2026-03-24T04:14:22+00:00","breadcrumb":{"@id":"https:\/\/mwc-cmm.org\/en\/prayer\/pn-march-26-usa\/#breadcrumb"},"inLanguage":"es","potentialAction":[{"@type":"ReadAction","target":["https:\/\/mwc-cmm.org\/en\/prayer\/pn-march-26-usa\/"]}]},{"@type":"ImageObject","inLanguage":"es","@id":"https:\/\/mwc-cmm.org\/en\/prayer\/pn-march-26-usa\/#primaryimage","url":"https:\/\/mwc-cmm.org\/wp-content\/uploads\/2026\/03\/candle.jpg","contentUrl":"https:\/\/mwc-cmm.org\/wp-content\/uploads\/2026\/03\/candle.jpg","width":1366,"height":768,"caption":"hands holding a candle"},{"@type":"BreadcrumbList","@id":"https:\/\/mwc-cmm.org\/en\/prayer\/pn-march-26-usa\/#breadcrumb","itemListElement":[{"@type":"ListItem","position":1,"name":"Home","item":"https:\/\/mwc-cmm.org\/es\/"},{"@type":"ListItem","position":2,"name":"Prayers","item":"https:\/\/mwc-cmm.org\/en\/prayer\/"},{"@type":"ListItem","position":3,"name":"PN-March-26-USA"}]},{"@type":"WebSite","@id":"https:\/\/mwc-cmm.org\/en\/#website","url":"https:\/\/mwc-cmm.org\/en\/","name":"Mennonite World Conference","description":"A communion of Anabaptist-related churches","publisher":{"@id":"https:\/\/mwc-cmm.org\/en\/#organization"},"alternateName":"MWC","potentialAction":[{"@type":"SearchAction","target":{"@type":"EntryPoint","urlTemplate":"https:\/\/mwc-cmm.org\/en\/?s={search_term_string}"},"query-input":{"@type":"PropertyValueSpecification","valueRequired":true,"valueName":"search_term_string"}}],"inLanguage":"es"},{"@type":"Organization","@id":"https:\/\/mwc-cmm.org\/en\/#organization","name":"Mennonite World Conference","alternateName":"MWC","url":"https:\/\/mwc-cmm.org\/en\/","logo":{"@type":"ImageObject","inLanguage":"es","@id":"https:\/\/mwc-cmm.org\/en\/#\/schema\/logo\/image\/","url":"https:\/\/mwc-cmm.org\/wp-content\/uploads\/2026\/01\/MWC_Sig_Blue_Horiz_webheader1-logo.svg","contentUrl":"https:\/\/mwc-cmm.org\/wp-content\/uploads\/2026\/01\/MWC_Sig_Blue_Horiz_webheader1-logo.svg","width":786,"height":82,"caption":"Mennonite World Conference"},"image":{"@id":"https:\/\/mwc-cmm.org\/en\/#\/schema\/logo\/image\/"},"sameAs":["https:\/\/www.facebook.com\/MennoniteWorldConference","https:\/\/www.linkedin.com\/company\/mennonite-world-conference-mwc\/","https:\/\/www.instagram.com\/mwcmm\/","https:\/\/www.youtube.com\/user\/mwccmm","https:\/\/bsky.app\/profile\/mwcmm.bsky.social"]}]}},"_links":{"self":[{"href":"https:\/\/mwc-cmm.org\/es\/wp-json\/wp\/v2\/prayers\/125999","targetHints":{"allow":["GET"]}}],"collection":[{"href":"https:\/\/mwc-cmm.org\/es\/wp-json\/wp\/v2\/prayers"}],"about":[{"href":"https:\/\/mwc-cmm.org\/es\/wp-json\/wp\/v2\/types\/prayers"}],"wp:featuredmedia":[{"embeddable":true,"href":"https:\/\/mwc-cmm.org\/es\/wp-json\/wp\/v2\/media\/125995"}],"wp:attachment":[{"href":"https:\/\/mwc-cmm.org\/es\/wp-json\/wp\/v2\/media?parent=125999"}],"curies":[{"name":"wp","href":"https:\/\/api.w.org\/{rel}","templated":true}]}}

<p>Oremos para que las personas en el liderazgo mundial exijan el cese de los ataques violentos en el Medio Oriente. Los ataques estadounidenses e israelíes contra Irán, que comenzaron el 28 de febrero del 2026, y las represalias de Irán han causado la muerte de cientos de personas, no solo en Irán, sino también en los países vecinos. Que las personas de todo el mundo se solidaricen con las personas desplazadas, las que están de luto, las marginadas y las víctimas. </p>

<p>Foto: Canva</p>

<p></p>

<p>Oremos para que las personas en el liderazgo mundial exijan el cese de los ataques violentos en el Medio Oriente. Los ataques estadounidenses e israelíes contra Irán, que comenzaron el 28 de febrero del 2026, y las represalias de Irán han causado la muerte de cientos de personas, no solo en Irán, sino también en [&hellip;]</p>

<!-- This site is optimized with the Yoast SEO plugin v27.5 - https://yoast.com/product/yoast-seo-wordpress/ -->
<title>PN-March-26-USA - Mennonite World Conference</title>
<meta name="robots" content="index, follow, max-snippet:-1, max-image-preview:large, max-video-preview:-1" />
<link rel="canonical" href="https://mwc-cmm.org/en/prayer/pn-march-26-usa/" />
<meta property="og:locale" content="es_ES" />
<meta property="og:type" content="article" />
<meta property="og:title" content="PN-March-26-USA - Mennonite World Conference" />
<meta property="og:description" content="Oremos para que las personas en el liderazgo mundial exijan el cese de los ataques violentos en el Medio Oriente. Los ataques estadounidenses e israelíes contra Irán, que comenzaron el 28 de febrero del 2026, y las represalias de Irán han causado la muerte de cientos de personas, no solo en Irán, sino también en [&hellip;]" />
<meta property="og:url" content="https://mwc-cmm.org/en/prayer/pn-march-26-usa/" />
<meta property="og:site_name" content="Mennonite World Conference" />
<meta property="article:publisher" content="https://www.facebook.com/MennoniteWorldConference" />
<meta property="article:modified_time" content="2026-03-24T04:14:22+00:00" />
<meta property="og:image" content="https://mwc-cmm.org/wp-content/uploads/2026/03/candle.jpg" />
	<meta property="og:image:width" content="1366" />
	<meta property="og:image:height" content="768" />
	<meta property="og:image:type" content="image/jpeg" />
<script type="application/ld+json" class="yoast-schema-graph">{"@context":"https:\/\/schema.org","@graph":[{"@type":"WebPage","@id":"https:\/\/mwc-cmm.org\/en\/prayer\/pn-march-26-usa\/","url":"https:\/\/mwc-cmm.org\/en\/prayer\/pn-march-26-usa\/","name":"PN-March-26-USA - Mennonite World Conference","isPartOf":{"@id":"https:\/\/mwc-cmm.org\/en\/#website"},"primaryImageOfPage":{"@id":"https:\/\/mwc-cmm.org\/en\/prayer\/pn-march-26-usa\/#primaryimage"},"image":{"@id":"https:\/\/mwc-cmm.org\/en\/prayer\/pn-march-26-usa\/#primaryimage"},"thumbnailUrl":"https:\/\/mwc-cmm.org\/wp-content\/uploads\/2026\/03\/candle.jpg","datePublished":"2026-03-24T04:13:52+00:00","dateModified":"2026-03-24T04:14:22+00:00","breadcrumb":{"@id":"https:\/\/mwc-cmm.org\/en\/prayer\/pn-march-26-usa\/#breadcrumb"},"inLanguage":"es","potentialAction":[{"@type":"ReadAction","target":["https:\/\/mwc-cmm.org\/en\/prayer\/pn-march-26-usa\/"]}]},{"@type":"ImageObject","inLanguage":"es","@id":"https:\/\/mwc-cmm.org\/en\/prayer\/pn-march-26-usa\/#primaryimage","url":"https:\/\/mwc-cmm.org\/wp-content\/uploads\/2026\/03\/candle.jpg","contentUrl":"https:\/\/mwc-cmm.org\/wp-content\/uploads\/2026\/03\/candle.jpg","width":1366,"height":768,"caption":"hands holding a candle"},{"@type":"BreadcrumbList","@id":"https:\/\/mwc-cmm.org\/en\/prayer\/pn-march-26-usa\/#breadcrumb","itemListElement":[{"@type":"ListItem","position":1,"name":"Home","item":"https:\/\/mwc-cmm.org\/es\/"},{"@type":"ListItem","position":2,"name":"Prayers","item":"https:\/\/mwc-cmm.org\/en\/prayer\/"},{"@type":"ListItem","position":3,"name":"PN-March-26-USA"}]},{"@type":"WebSite","@id":"https:\/\/mwc-cmm.org\/en\/#website","url":"https:\/\/mwc-cmm.org\/en\/","name":"Mennonite World Conference","description":"A communion of Anabaptist-related churches","publisher":{"@id":"https:\/\/mwc-cmm.org\/en\/#organization"},"alternateName":"MWC","potentialAction":[{"@type":"SearchAction","target":{"@type":"EntryPoint","urlTemplate":"https:\/\/mwc-cmm.org\/en\/?s={search_term_string}"},"query-input":{"@type":"PropertyValueSpecification","valueRequired":true,"valueName":"search_term_string"}}],"inLanguage":"es"},{"@type":"Organization","@id":"https:\/\/mwc-cmm.org\/en\/#organization","name":"Mennonite World Conference","alternateName":"MWC","url":"https:\/\/mwc-cmm.org\/en\/","logo":{"@type":"ImageObject","inLanguage":"es","@id":"https:\/\/mwc-cmm.org\/en\/#\/schema\/logo\/image\/","url":"https:\/\/mwc-cmm.org\/wp-content\/uploads\/2026\/01\/MWC_Sig_Blue_Horiz_webheader1-logo.svg","contentUrl":"https:\/\/mwc-cmm.org\/wp-content\/uploads\/2026\/01\/MWC_Sig_Blue_Horiz_webheader1-logo.svg","width":786,"height":82,"caption":"Mennonite World Conference"},"image":{"@id":"https:\/\/mwc-cmm.org\/en\/#\/schema\/logo\/image\/"},"sameAs":["https:\/\/www.facebook.com\/MennoniteWorldConference","https:\/\/www.linkedin.com\/company\/mennonite-world-conference-mwc\/","https:\/\/www.instagram.com\/mwcmm\/","https:\/\/www.youtube.com\/user\/mwccmm","https:\/\/bsky.app\/profile\/mwcmm.bsky.social"]}]}</script>
<!-- / Yoast SEO plugin. -->

Oremos para que las personas en el liderazgo mundial exijan el cese de los ataques violentos en el Medio Oriente. Los ataques estadounidenses e israelíes contra Irán, que comenzaron el 28 de febrero del 2026, y las represalias de Irán han causado la muerte de cientos de personas, no solo en Irán, sino también en [&hellip;]
