{"id":123871,"date":"2026-01-01T00:00:00","date_gmt":"2026-01-01T00:00:00","guid":{"rendered":"https:\/\/mwc-cmm.org\/prayer\/2026-ny-prayer-sp\/"},"modified":"2026-02-03T18:09:26","modified_gmt":"2026-02-03T18:09:26","slug":"2026-ny-prayer-sp","status":"publish","type":"prayers","link":"https:\/\/mwc-cmm.org\/es\/prayer\/2026-ny-prayer-sp\/","title":{"rendered":"2026-NY prayer-SP"},"content":{"rendered":"\n<p>Dios Creador, Pr\u00edncipe de Paz, Esp\u00edritu de sabidur\u00eda, gracias por esta temporada para celebrar tu presencia encarnada, Dios con nosotros. Al comenzar el nuevo a\u00f1o, pedimos que tu Esp\u00edritu sintonice nuestros corazones con el don de vivir la unidad. Que lo recibamos con gratitud al seguir a Jes\u00fas en medio de los desaf\u00edos de nuestra diversidad: cultural, geogr\u00e1fica y teol\u00f3gica.<\/p>\n\n<p><\/p>\n","protected":false},"excerpt":{"rendered":"<p>Dios Creador, Pr\u00edncipe de Paz, Esp\u00edritu de sabidur\u00eda, gracias por esta temporada para celebrar tu presencia encarnada, Dios con nosotros. Al comenzar el nuevo a\u00f1o, pedimos que tu Esp\u00edritu sintonice nuestros corazones con el don de vivir la unidad. Que lo recibamos con gratitud al seguir a Jes\u00fas en medio de los desaf\u00edos de nuestra [&hellip;]<\/p>\n","protected":false},"featured_media":0,"template":"","class_list":["post-123871","prayers","type-prayers","status-publish","hentry"],"acf":[],"yoast_head":"<!-- This site is optimized with the Yoast SEO plugin v27.2 - https:\/\/yoast.com\/product\/yoast-seo-wordpress\/ -->\n<title>2026-NY prayer-SP - Mennonite World Conference<\/title>\n<meta name=\"robots\" content=\"index, follow, max-snippet:-1, max-image-preview:large, max-video-preview:-1\" \/>\n<link rel=\"canonical\" href=\"https:\/\/mwc-cmm.org\/en\/prayer\/2026-ny-prayer\/\" \/>\n<meta property=\"og:locale\" content=\"es_ES\" \/>\n<meta property=\"og:type\" content=\"article\" \/>\n<meta property=\"og:title\" content=\"2026-NY prayer-SP - Mennonite World Conference\" \/>\n<meta property=\"og:description\" content=\"Dios Creador, Pr\u00edncipe de Paz, Esp\u00edritu de sabidur\u00eda, gracias por esta temporada para celebrar tu presencia encarnada, Dios con nosotros. Al comenzar el nuevo a\u00f1o, pedimos que tu Esp\u00edritu sintonice nuestros corazones con el don de vivir la unidad. Que lo recibamos con gratitud al seguir a Jes\u00fas en medio de los desaf\u00edos de nuestra [&hellip;]\" \/>\n<meta property=\"og:url\" content=\"https:\/\/mwc-cmm.org\/en\/prayer\/2026-ny-prayer\/\" \/>\n<meta property=\"og:site_name\" content=\"Mennonite World Conference\" \/>\n<meta property=\"article:publisher\" content=\"https:\/\/www.facebook.com\/MennoniteWorldConference\" \/>\n<meta property=\"article:modified_time\" content=\"2026-02-03T18:09:26+00:00\" \/>\n<script type=\"application\/ld+json\" class=\"yoast-schema-graph\">{\"@context\":\"https:\/\/schema.org\",\"@graph\":[{\"@type\":\"WebPage\",\"@id\":\"https:\/\/mwc-cmm.org\/en\/prayer\/2026-ny-prayer\/\",\"url\":\"https:\/\/mwc-cmm.org\/en\/prayer\/2026-ny-prayer\/\",\"name\":\"2026-NY prayer-SP - Mennonite World Conference\",\"isPartOf\":{\"@id\":\"https:\/\/mwc-cmm.org\/en\/#website\"},\"datePublished\":\"2026-01-01T00:00:00+00:00\",\"dateModified\":\"2026-02-03T18:09:26+00:00\",\"breadcrumb\":{\"@id\":\"https:\/\/mwc-cmm.org\/en\/prayer\/2026-ny-prayer\/#breadcrumb\"},\"inLanguage\":\"es\",\"potentialAction\":[{\"@type\":\"ReadAction\",\"target\":[\"https:\/\/mwc-cmm.org\/en\/prayer\/2026-ny-prayer\/\"]}]},{\"@type\":\"BreadcrumbList\",\"@id\":\"https:\/\/mwc-cmm.org\/en\/prayer\/2026-ny-prayer\/#breadcrumb\",\"itemListElement\":[{\"@type\":\"ListItem\",\"position\":1,\"name\":\"Home\",\"item\":\"https:\/\/mwc-cmm.org\/es\/\"},{\"@type\":\"ListItem\",\"position\":2,\"name\":\"Prayers\",\"item\":\"https:\/\/mwc-cmm.org\/en\/prayer\/\"},{\"@type\":\"ListItem\",\"position\":3,\"name\":\"2026-NY prayer-SP\"}]},{\"@type\":\"WebSite\",\"@id\":\"https:\/\/mwc-cmm.org\/en\/#website\",\"url\":\"https:\/\/mwc-cmm.org\/en\/\",\"name\":\"Mennonite World Conference\",\"description\":\"A communion of Anabaptist-related churches\",\"publisher\":{\"@id\":\"https:\/\/mwc-cmm.org\/en\/#organization\"},\"alternateName\":\"MWC\",\"potentialAction\":[{\"@type\":\"SearchAction\",\"target\":{\"@type\":\"EntryPoint\",\"urlTemplate\":\"https:\/\/mwc-cmm.org\/en\/?s={search_term_string}\"},\"query-input\":{\"@type\":\"PropertyValueSpecification\",\"valueRequired\":true,\"valueName\":\"search_term_string\"}}],\"inLanguage\":\"es\"},{\"@type\":\"Organization\",\"@id\":\"https:\/\/mwc-cmm.org\/en\/#organization\",\"name\":\"Mennonite World Conference\",\"alternateName\":\"MWC\",\"url\":\"https:\/\/mwc-cmm.org\/en\/\",\"logo\":{\"@type\":\"ImageObject\",\"inLanguage\":\"es\",\"@id\":\"https:\/\/mwc-cmm.org\/en\/#\/schema\/logo\/image\/\",\"url\":\"https:\/\/mwc-cmm.org\/wp-content\/uploads\/2026\/01\/MWC_Sig_Blue_Horiz_webheader1-logo.svg\",\"contentUrl\":\"https:\/\/mwc-cmm.org\/wp-content\/uploads\/2026\/01\/MWC_Sig_Blue_Horiz_webheader1-logo.svg\",\"width\":786,\"height\":82,\"caption\":\"Mennonite World Conference\"},\"image\":{\"@id\":\"https:\/\/mwc-cmm.org\/en\/#\/schema\/logo\/image\/\"},\"sameAs\":[\"https:\/\/www.facebook.com\/MennoniteWorldConference\",\"https:\/\/www.linkedin.com\/company\/mennonite-world-conference-mwc\/\",\"https:\/\/www.instagram.com\/mwcmm\/\",\"https:\/\/www.youtube.com\/user\/mwccmm\",\"https:\/\/bsky.app\/profile\/mwcmm.bsky.social\"]}]}<\/script>\n<!-- \/ Yoast SEO plugin. -->","yoast_head_json":{"title":"2026-NY prayer-SP - Mennonite World Conference","robots":{"index":"index","follow":"follow","max-snippet":"max-snippet:-1","max-image-preview":"max-image-preview:large","max-video-preview":"max-video-preview:-1"},"canonical":"https:\/\/mwc-cmm.org\/en\/prayer\/2026-ny-prayer\/","og_locale":"es_ES","og_type":"article","og_title":"2026-NY prayer-SP - Mennonite World Conference","og_description":"Dios Creador, Pr\u00edncipe de Paz, Esp\u00edritu de sabidur\u00eda, gracias por esta temporada para celebrar tu presencia encarnada, Dios con nosotros. Al comenzar el nuevo a\u00f1o, pedimos que tu Esp\u00edritu sintonice nuestros corazones con el don de vivir la unidad. Que lo recibamos con gratitud al seguir a Jes\u00fas en medio de los desaf\u00edos de nuestra [&hellip;]","og_url":"https:\/\/mwc-cmm.org\/en\/prayer\/2026-ny-prayer\/","og_site_name":"Mennonite World Conference","article_publisher":"https:\/\/www.facebook.com\/MennoniteWorldConference","article_modified_time":"2026-02-03T18:09:26+00:00","schema":{"@context":"https:\/\/schema.org","@graph":[{"@type":"WebPage","@id":"https:\/\/mwc-cmm.org\/en\/prayer\/2026-ny-prayer\/","url":"https:\/\/mwc-cmm.org\/en\/prayer\/2026-ny-prayer\/","name":"2026-NY prayer-SP - Mennonite World Conference","isPartOf":{"@id":"https:\/\/mwc-cmm.org\/en\/#website"},"datePublished":"2026-01-01T00:00:00+00:00","dateModified":"2026-02-03T18:09:26+00:00","breadcrumb":{"@id":"https:\/\/mwc-cmm.org\/en\/prayer\/2026-ny-prayer\/#breadcrumb"},"inLanguage":"es","potentialAction":[{"@type":"ReadAction","target":["https:\/\/mwc-cmm.org\/en\/prayer\/2026-ny-prayer\/"]}]},{"@type":"BreadcrumbList","@id":"https:\/\/mwc-cmm.org\/en\/prayer\/2026-ny-prayer\/#breadcrumb","itemListElement":[{"@type":"ListItem","position":1,"name":"Home","item":"https:\/\/mwc-cmm.org\/es\/"},{"@type":"ListItem","position":2,"name":"Prayers","item":"https:\/\/mwc-cmm.org\/en\/prayer\/"},{"@type":"ListItem","position":3,"name":"2026-NY prayer-SP"}]},{"@type":"WebSite","@id":"https:\/\/mwc-cmm.org\/en\/#website","url":"https:\/\/mwc-cmm.org\/en\/","name":"Mennonite World Conference","description":"A communion of Anabaptist-related churches","publisher":{"@id":"https:\/\/mwc-cmm.org\/en\/#organization"},"alternateName":"MWC","potentialAction":[{"@type":"SearchAction","target":{"@type":"EntryPoint","urlTemplate":"https:\/\/mwc-cmm.org\/en\/?s={search_term_string}"},"query-input":{"@type":"PropertyValueSpecification","valueRequired":true,"valueName":"search_term_string"}}],"inLanguage":"es"},{"@type":"Organization","@id":"https:\/\/mwc-cmm.org\/en\/#organization","name":"Mennonite World Conference","alternateName":"MWC","url":"https:\/\/mwc-cmm.org\/en\/","logo":{"@type":"ImageObject","inLanguage":"es","@id":"https:\/\/mwc-cmm.org\/en\/#\/schema\/logo\/image\/","url":"https:\/\/mwc-cmm.org\/wp-content\/uploads\/2026\/01\/MWC_Sig_Blue_Horiz_webheader1-logo.svg","contentUrl":"https:\/\/mwc-cmm.org\/wp-content\/uploads\/2026\/01\/MWC_Sig_Blue_Horiz_webheader1-logo.svg","width":786,"height":82,"caption":"Mennonite World Conference"},"image":{"@id":"https:\/\/mwc-cmm.org\/en\/#\/schema\/logo\/image\/"},"sameAs":["https:\/\/www.facebook.com\/MennoniteWorldConference","https:\/\/www.linkedin.com\/company\/mennonite-world-conference-mwc\/","https:\/\/www.instagram.com\/mwcmm\/","https:\/\/www.youtube.com\/user\/mwccmm","https:\/\/bsky.app\/profile\/mwcmm.bsky.social"]}]}},"_links":{"self":[{"href":"https:\/\/mwc-cmm.org\/es\/wp-json\/wp\/v2\/prayers\/123871","targetHints":{"allow":["GET"]}}],"collection":[{"href":"https:\/\/mwc-cmm.org\/es\/wp-json\/wp\/v2\/prayers"}],"about":[{"href":"https:\/\/mwc-cmm.org\/es\/wp-json\/wp\/v2\/types\/prayers"}],"wp:attachment":[{"href":"https:\/\/mwc-cmm.org\/es\/wp-json\/wp\/v2\/media?parent=123871"}],"curies":[{"name":"wp","href":"https:\/\/api.w.org\/{rel}","templated":true}]}}

<p>Dios Creador, Príncipe de Paz, Espíritu de sabiduría, gracias por esta temporada para celebrar tu presencia encarnada, Dios con nosotros. Al comenzar el nuevo año, pedimos que tu Espíritu sintonice nuestros corazones con el don de vivir la unidad. Que lo recibamos con gratitud al seguir a Jesús en medio de los desafíos de nuestra diversidad: cultural, geográfica y teológica.</p>

<p></p>

<p>Dios Creador, Príncipe de Paz, Espíritu de sabiduría, gracias por esta temporada para celebrar tu presencia encarnada, Dios con nosotros. Al comenzar el nuevo año, pedimos que tu Espíritu sintonice nuestros corazones con el don de vivir la unidad. Que lo recibamos con gratitud al seguir a Jesús en medio de los desafíos de nuestra [&hellip;]</p>

<!-- This site is optimized with the Yoast SEO plugin v27.2 - https://yoast.com/product/yoast-seo-wordpress/ -->
<title>2026-NY prayer-SP - Mennonite World Conference</title>
<meta name="robots" content="index, follow, max-snippet:-1, max-image-preview:large, max-video-preview:-1" />
<link rel="canonical" href="https://mwc-cmm.org/en/prayer/2026-ny-prayer/" />
<meta property="og:locale" content="es_ES" />
<meta property="og:type" content="article" />
<meta property="og:title" content="2026-NY prayer-SP - Mennonite World Conference" />
<meta property="og:description" content="Dios Creador, Príncipe de Paz, Espíritu de sabiduría, gracias por esta temporada para celebrar tu presencia encarnada, Dios con nosotros. Al comenzar el nuevo año, pedimos que tu Espíritu sintonice nuestros corazones con el don de vivir la unidad. Que lo recibamos con gratitud al seguir a Jesús en medio de los desafíos de nuestra [&hellip;]" />
<meta property="og:url" content="https://mwc-cmm.org/en/prayer/2026-ny-prayer/" />
<meta property="og:site_name" content="Mennonite World Conference" />
<meta property="article:publisher" content="https://www.facebook.com/MennoniteWorldConference" />
<meta property="article:modified_time" content="2026-02-03T18:09:26+00:00" />
<script type="application/ld+json" class="yoast-schema-graph">{"@context":"https://schema.org","@graph":[{"@type":"WebPage","@id":"https://mwc-cmm.org/en/prayer/2026-ny-prayer/","url":"https://mwc-cmm.org/en/prayer/2026-ny-prayer/","name":"2026-NY prayer-SP - Mennonite World Conference","isPartOf":{"@id":"https://mwc-cmm.org/en/#website"},"datePublished":"2026-01-01T00:00:00+00:00","dateModified":"2026-02-03T18:09:26+00:00","breadcrumb":{"@id":"https://mwc-cmm.org/en/prayer/2026-ny-prayer/#breadcrumb"},"inLanguage":"es","potentialAction":[{"@type":"ReadAction","target":["https://mwc-cmm.org/en/prayer/2026-ny-prayer/"]}]},{"@type":"BreadcrumbList","@id":"https://mwc-cmm.org/en/prayer/2026-ny-prayer/#breadcrumb","itemListElement":[{"@type":"ListItem","position":1,"name":"Home","item":"https://mwc-cmm.org/es/"},{"@type":"ListItem","position":2,"name":"Prayers","item":"https://mwc-cmm.org/en/prayer/"},{"@type":"ListItem","position":3,"name":"2026-NY prayer-SP"}]},{"@type":"WebSite","@id":"https://mwc-cmm.org/en/#website","url":"https://mwc-cmm.org/en/","name":"Mennonite World Conference","description":"A communion of Anabaptist-related churches","publisher":{"@id":"https://mwc-cmm.org/en/#organization"},"alternateName":"MWC","potentialAction":[{"@type":"SearchAction","target":{"@type":"EntryPoint","urlTemplate":"https://mwc-cmm.org/en/?s={search_term_string}"},"query-input":{"@type":"PropertyValueSpecification","valueRequired":true,"valueName":"search_term_string"}}],"inLanguage":"es"},{"@type":"Organization","@id":"https://mwc-cmm.org/en/#organization","name":"Mennonite World Conference","alternateName":"MWC","url":"https://mwc-cmm.org/en/","logo":{"@type":"ImageObject","inLanguage":"es","@id":"https://mwc-cmm.org/en/#/schema/logo/image/","url":"https://mwc-cmm.org/wp-content/uploads/2026/01/MWC_Sig_Blue_Horiz_webheader1-logo.svg","contentUrl":"https://mwc-cmm.org/wp-content/uploads/2026/01/MWC_Sig_Blue_Horiz_webheader1-logo.svg","width":786,"height":82,"caption":"Mennonite World Conference"},"image":{"@id":"https://mwc-cmm.org/en/#/schema/logo/image/"},"sameAs":["https://www.facebook.com/MennoniteWorldConference","https://www.linkedin.com/company/mennonite-world-conference-mwc/","https://www.instagram.com/mwcmm/","https://www.youtube.com/user/mwccmm","https://bsky.app/profile/mwcmm.bsky.social"]}]}</script>
<!-- / Yoast SEO plugin. -->

Dios Creador, Príncipe de Paz, Espíritu de sabiduría, gracias por esta temporada para celebrar tu presencia encarnada, Dios con nosotros. Al comenzar el nuevo año, pedimos que tu Espíritu sintonice nuestros corazones con el don de vivir la unidad. Que lo recibamos con gratitud al seguir a Jesús en medio de los desafíos de nuestra [&hellip;]
