{"id":123025,"date":"2026-01-13T09:33:50","date_gmt":"2026-01-13T09:33:50","guid":{"rendered":"https:\/\/mwc-cmm.org\/prayer\/pn-nov-25-europe\/"},"modified":"2026-01-13T09:35:06","modified_gmt":"2026-01-13T09:35:06","slug":"pn-nov-25-europe","status":"publish","type":"prayers","link":"https:\/\/mwc-cmm.org\/es\/prayer\/pn-nov-25-europe\/","title":{"rendered":"PN-Nov-25-europe"},"content":{"rendered":"\n<p>Oremos por la preparaci\u00f3n de la pr\u00f3xima Conferencia Regional Menonita Europea (MERK), que tendr\u00e1 lugar en mayo del 2026 en Amersfoort, Pa\u00edses Bajos. <\/p>\n\n<p><em>\u2014Jos\u00e9 Arrais, representante regional del CMM para Europa<\/em><\/p>\n\n<p>Foto: Conferencia Regional Menonita Europea 2023\/Liesa Unger<\/p>\n\n<p><\/p>\n","protected":false},"excerpt":{"rendered":"<p>Oremos por la preparaci\u00f3n de la pr\u00f3xima Conferencia Regional Menonita Europea (MERK), que tendr\u00e1 lugar en mayo del 2026 en Amersfoort, Pa\u00edses Bajos. \u2014Jos\u00e9 Arrais, representante regional del CMM para Europa Foto: Conferencia Regional Menonita Europea 2023\/Liesa Unger<\/p>\n","protected":false},"featured_media":76099,"template":"","class_list":["post-123025","prayers","type-prayers","status-publish","has-post-thumbnail","hentry"],"acf":[],"yoast_head":"<!-- This site is optimized with the Yoast SEO plugin v27.2 - https:\/\/yoast.com\/product\/yoast-seo-wordpress\/ -->\n<title>PN-Nov-25-europe - Mennonite World Conference<\/title>\n<meta name=\"robots\" content=\"index, follow, max-snippet:-1, max-image-preview:large, max-video-preview:-1\" \/>\n<link rel=\"canonical\" href=\"https:\/\/mwc-cmm.org\/en\/prayer\/pn-nov-25-europe\/\" \/>\n<meta property=\"og:locale\" content=\"es_ES\" \/>\n<meta property=\"og:type\" content=\"article\" \/>\n<meta property=\"og:title\" content=\"PN-Nov-25-europe - Mennonite World Conference\" \/>\n<meta property=\"og:description\" content=\"Oremos por la preparaci\u00f3n de la pr\u00f3xima Conferencia Regional Menonita Europea (MERK), que tendr\u00e1 lugar en mayo del 2026 en Amersfoort, Pa\u00edses Bajos. \u2014Jos\u00e9 Arrais, representante regional del CMM para Europa Foto: Conferencia Regional Menonita Europea 2023\/Liesa Unger\" \/>\n<meta property=\"og:url\" content=\"https:\/\/mwc-cmm.org\/en\/prayer\/pn-nov-25-europe\/\" \/>\n<meta property=\"og:site_name\" content=\"Mennonite World Conference\" \/>\n<meta property=\"article:publisher\" content=\"https:\/\/www.facebook.com\/MennoniteWorldConference\" \/>\n<meta property=\"article:modified_time\" content=\"2026-01-13T09:35:06+00:00\" \/>\n<meta property=\"og:image\" content=\"https:\/\/mwc-cmm.org\/wp-content\/uploads\/2024\/11\/202310liesaungerimg_1871-scaled.jpg\" \/>\n\t<meta property=\"og:image:width\" content=\"2560\" \/>\n\t<meta property=\"og:image:height\" content=\"1920\" \/>\n\t<meta property=\"og:image:type\" content=\"image\/jpeg\" \/>\n<script type=\"application\/ld+json\" class=\"yoast-schema-graph\">{\"@context\":\"https:\/\/schema.org\",\"@graph\":[{\"@type\":\"WebPage\",\"@id\":\"https:\/\/mwc-cmm.org\/en\/prayer\/pn-nov-25-europe\/\",\"url\":\"https:\/\/mwc-cmm.org\/en\/prayer\/pn-nov-25-europe\/\",\"name\":\"PN-Nov-25-europe - Mennonite World Conference\",\"isPartOf\":{\"@id\":\"https:\/\/mwc-cmm.org\/en\/#website\"},\"primaryImageOfPage\":{\"@id\":\"https:\/\/mwc-cmm.org\/en\/prayer\/pn-nov-25-europe\/#primaryimage\"},\"image\":{\"@id\":\"https:\/\/mwc-cmm.org\/en\/prayer\/pn-nov-25-europe\/#primaryimage\"},\"thumbnailUrl\":\"https:\/\/mwc-cmm.org\/wp-content\/uploads\/2024\/11\/202310liesaungerimg_1871-scaled.jpg\",\"datePublished\":\"2026-01-13T09:33:50+00:00\",\"dateModified\":\"2026-01-13T09:35:06+00:00\",\"breadcrumb\":{\"@id\":\"https:\/\/mwc-cmm.org\/en\/prayer\/pn-nov-25-europe\/#breadcrumb\"},\"inLanguage\":\"es\",\"potentialAction\":[{\"@type\":\"ReadAction\",\"target\":[\"https:\/\/mwc-cmm.org\/en\/prayer\/pn-nov-25-europe\/\"]}]},{\"@type\":\"ImageObject\",\"inLanguage\":\"es\",\"@id\":\"https:\/\/mwc-cmm.org\/en\/prayer\/pn-nov-25-europe\/#primaryimage\",\"url\":\"https:\/\/mwc-cmm.org\/wp-content\/uploads\/2024\/11\/202310liesaungerimg_1871-scaled.jpg\",\"contentUrl\":\"https:\/\/mwc-cmm.org\/wp-content\/uploads\/2024\/11\/202310liesaungerimg_1871-scaled.jpg\",\"width\":2560,\"height\":1920},{\"@type\":\"BreadcrumbList\",\"@id\":\"https:\/\/mwc-cmm.org\/en\/prayer\/pn-nov-25-europe\/#breadcrumb\",\"itemListElement\":[{\"@type\":\"ListItem\",\"position\":1,\"name\":\"Home\",\"item\":\"https:\/\/mwc-cmm.org\/es\/\"},{\"@type\":\"ListItem\",\"position\":2,\"name\":\"Prayers\",\"item\":\"https:\/\/mwc-cmm.org\/en\/prayer\/\"},{\"@type\":\"ListItem\",\"position\":3,\"name\":\"PN-Nov-25-europe\"}]},{\"@type\":\"WebSite\",\"@id\":\"https:\/\/mwc-cmm.org\/en\/#website\",\"url\":\"https:\/\/mwc-cmm.org\/en\/\",\"name\":\"Mennonite World Conference\",\"description\":\"A communion of Anabaptist-related churches\",\"publisher\":{\"@id\":\"https:\/\/mwc-cmm.org\/en\/#organization\"},\"alternateName\":\"MWC\",\"potentialAction\":[{\"@type\":\"SearchAction\",\"target\":{\"@type\":\"EntryPoint\",\"urlTemplate\":\"https:\/\/mwc-cmm.org\/en\/?s={search_term_string}\"},\"query-input\":{\"@type\":\"PropertyValueSpecification\",\"valueRequired\":true,\"valueName\":\"search_term_string\"}}],\"inLanguage\":\"es\"},{\"@type\":\"Organization\",\"@id\":\"https:\/\/mwc-cmm.org\/en\/#organization\",\"name\":\"Mennonite World Conference\",\"alternateName\":\"MWC\",\"url\":\"https:\/\/mwc-cmm.org\/en\/\",\"logo\":{\"@type\":\"ImageObject\",\"inLanguage\":\"es\",\"@id\":\"https:\/\/mwc-cmm.org\/en\/#\/schema\/logo\/image\/\",\"url\":\"https:\/\/mwc-cmm.org\/wp-content\/uploads\/2026\/01\/MWC_Sig_Blue_Horiz_webheader1-logo.svg\",\"contentUrl\":\"https:\/\/mwc-cmm.org\/wp-content\/uploads\/2026\/01\/MWC_Sig_Blue_Horiz_webheader1-logo.svg\",\"width\":786,\"height\":82,\"caption\":\"Mennonite World Conference\"},\"image\":{\"@id\":\"https:\/\/mwc-cmm.org\/en\/#\/schema\/logo\/image\/\"},\"sameAs\":[\"https:\/\/www.facebook.com\/MennoniteWorldConference\",\"https:\/\/www.linkedin.com\/company\/mennonite-world-conference-mwc\/\",\"https:\/\/www.instagram.com\/mwcmm\/\",\"https:\/\/www.youtube.com\/user\/mwccmm\",\"https:\/\/bsky.app\/profile\/mwcmm.bsky.social\"]}]}<\/script>\n<!-- \/ Yoast SEO plugin. -->","yoast_head_json":{"title":"PN-Nov-25-europe - Mennonite World Conference","robots":{"index":"index","follow":"follow","max-snippet":"max-snippet:-1","max-image-preview":"max-image-preview:large","max-video-preview":"max-video-preview:-1"},"canonical":"https:\/\/mwc-cmm.org\/en\/prayer\/pn-nov-25-europe\/","og_locale":"es_ES","og_type":"article","og_title":"PN-Nov-25-europe - Mennonite World Conference","og_description":"Oremos por la preparaci\u00f3n de la pr\u00f3xima Conferencia Regional Menonita Europea (MERK), que tendr\u00e1 lugar en mayo del 2026 en Amersfoort, Pa\u00edses Bajos. \u2014Jos\u00e9 Arrais, representante regional del CMM para Europa Foto: Conferencia Regional Menonita Europea 2023\/Liesa Unger","og_url":"https:\/\/mwc-cmm.org\/en\/prayer\/pn-nov-25-europe\/","og_site_name":"Mennonite World Conference","article_publisher":"https:\/\/www.facebook.com\/MennoniteWorldConference","article_modified_time":"2026-01-13T09:35:06+00:00","og_image":[{"width":2560,"height":1920,"url":"https:\/\/mwc-cmm.org\/wp-content\/uploads\/2024\/11\/202310liesaungerimg_1871-scaled.jpg","type":"image\/jpeg"}],"schema":{"@context":"https:\/\/schema.org","@graph":[{"@type":"WebPage","@id":"https:\/\/mwc-cmm.org\/en\/prayer\/pn-nov-25-europe\/","url":"https:\/\/mwc-cmm.org\/en\/prayer\/pn-nov-25-europe\/","name":"PN-Nov-25-europe - Mennonite World Conference","isPartOf":{"@id":"https:\/\/mwc-cmm.org\/en\/#website"},"primaryImageOfPage":{"@id":"https:\/\/mwc-cmm.org\/en\/prayer\/pn-nov-25-europe\/#primaryimage"},"image":{"@id":"https:\/\/mwc-cmm.org\/en\/prayer\/pn-nov-25-europe\/#primaryimage"},"thumbnailUrl":"https:\/\/mwc-cmm.org\/wp-content\/uploads\/2024\/11\/202310liesaungerimg_1871-scaled.jpg","datePublished":"2026-01-13T09:33:50+00:00","dateModified":"2026-01-13T09:35:06+00:00","breadcrumb":{"@id":"https:\/\/mwc-cmm.org\/en\/prayer\/pn-nov-25-europe\/#breadcrumb"},"inLanguage":"es","potentialAction":[{"@type":"ReadAction","target":["https:\/\/mwc-cmm.org\/en\/prayer\/pn-nov-25-europe\/"]}]},{"@type":"ImageObject","inLanguage":"es","@id":"https:\/\/mwc-cmm.org\/en\/prayer\/pn-nov-25-europe\/#primaryimage","url":"https:\/\/mwc-cmm.org\/wp-content\/uploads\/2024\/11\/202310liesaungerimg_1871-scaled.jpg","contentUrl":"https:\/\/mwc-cmm.org\/wp-content\/uploads\/2024\/11\/202310liesaungerimg_1871-scaled.jpg","width":2560,"height":1920},{"@type":"BreadcrumbList","@id":"https:\/\/mwc-cmm.org\/en\/prayer\/pn-nov-25-europe\/#breadcrumb","itemListElement":[{"@type":"ListItem","position":1,"name":"Home","item":"https:\/\/mwc-cmm.org\/es\/"},{"@type":"ListItem","position":2,"name":"Prayers","item":"https:\/\/mwc-cmm.org\/en\/prayer\/"},{"@type":"ListItem","position":3,"name":"PN-Nov-25-europe"}]},{"@type":"WebSite","@id":"https:\/\/mwc-cmm.org\/en\/#website","url":"https:\/\/mwc-cmm.org\/en\/","name":"Mennonite World Conference","description":"A communion of Anabaptist-related churches","publisher":{"@id":"https:\/\/mwc-cmm.org\/en\/#organization"},"alternateName":"MWC","potentialAction":[{"@type":"SearchAction","target":{"@type":"EntryPoint","urlTemplate":"https:\/\/mwc-cmm.org\/en\/?s={search_term_string}"},"query-input":{"@type":"PropertyValueSpecification","valueRequired":true,"valueName":"search_term_string"}}],"inLanguage":"es"},{"@type":"Organization","@id":"https:\/\/mwc-cmm.org\/en\/#organization","name":"Mennonite World Conference","alternateName":"MWC","url":"https:\/\/mwc-cmm.org\/en\/","logo":{"@type":"ImageObject","inLanguage":"es","@id":"https:\/\/mwc-cmm.org\/en\/#\/schema\/logo\/image\/","url":"https:\/\/mwc-cmm.org\/wp-content\/uploads\/2026\/01\/MWC_Sig_Blue_Horiz_webheader1-logo.svg","contentUrl":"https:\/\/mwc-cmm.org\/wp-content\/uploads\/2026\/01\/MWC_Sig_Blue_Horiz_webheader1-logo.svg","width":786,"height":82,"caption":"Mennonite World Conference"},"image":{"@id":"https:\/\/mwc-cmm.org\/en\/#\/schema\/logo\/image\/"},"sameAs":["https:\/\/www.facebook.com\/MennoniteWorldConference","https:\/\/www.linkedin.com\/company\/mennonite-world-conference-mwc\/","https:\/\/www.instagram.com\/mwcmm\/","https:\/\/www.youtube.com\/user\/mwccmm","https:\/\/bsky.app\/profile\/mwcmm.bsky.social"]}]}},"_links":{"self":[{"href":"https:\/\/mwc-cmm.org\/es\/wp-json\/wp\/v2\/prayers\/123025","targetHints":{"allow":["GET"]}}],"collection":[{"href":"https:\/\/mwc-cmm.org\/es\/wp-json\/wp\/v2\/prayers"}],"about":[{"href":"https:\/\/mwc-cmm.org\/es\/wp-json\/wp\/v2\/types\/prayers"}],"wp:featuredmedia":[{"embeddable":true,"href":"https:\/\/mwc-cmm.org\/es\/wp-json\/wp\/v2\/media\/76099"}],"wp:attachment":[{"href":"https:\/\/mwc-cmm.org\/es\/wp-json\/wp\/v2\/media?parent=123025"}],"curies":[{"name":"wp","href":"https:\/\/api.w.org\/{rel}","templated":true}]}}

<p>Oremos por la preparación de la próxima Conferencia Regional Menonita Europea (MERK), que tendrá lugar en mayo del 2026 en Amersfoort, Países Bajos. </p>

<p><em>—José Arrais, representante regional del CMM para Europa</em></p>

<p>Foto: Conferencia Regional Menonita Europea 2023/Liesa Unger</p>

<p></p>

<p>Oremos por la preparación de la próxima Conferencia Regional Menonita Europea (MERK), que tendrá lugar en mayo del 2026 en Amersfoort, Países Bajos. —José Arrais, representante regional del CMM para Europa Foto: Conferencia Regional Menonita Europea 2023/Liesa Unger</p>

<!-- This site is optimized with the Yoast SEO plugin v27.2 - https://yoast.com/product/yoast-seo-wordpress/ -->
<title>PN-Nov-25-europe - Mennonite World Conference</title>
<meta name="robots" content="index, follow, max-snippet:-1, max-image-preview:large, max-video-preview:-1" />
<link rel="canonical" href="https://mwc-cmm.org/en/prayer/pn-nov-25-europe/" />
<meta property="og:locale" content="es_ES" />
<meta property="og:type" content="article" />
<meta property="og:title" content="PN-Nov-25-europe - Mennonite World Conference" />
<meta property="og:description" content="Oremos por la preparación de la próxima Conferencia Regional Menonita Europea (MERK), que tendrá lugar en mayo del 2026 en Amersfoort, Países Bajos. —José Arrais, representante regional del CMM para Europa Foto: Conferencia Regional Menonita Europea 2023/Liesa Unger" />
<meta property="og:url" content="https://mwc-cmm.org/en/prayer/pn-nov-25-europe/" />
<meta property="og:site_name" content="Mennonite World Conference" />
<meta property="article:publisher" content="https://www.facebook.com/MennoniteWorldConference" />
<meta property="article:modified_time" content="2026-01-13T09:35:06+00:00" />
<meta property="og:image" content="https://mwc-cmm.org/wp-content/uploads/2024/11/202310liesaungerimg_1871-scaled.jpg" />
	<meta property="og:image:width" content="2560" />
	<meta property="og:image:height" content="1920" />
	<meta property="og:image:type" content="image/jpeg" />
<script type="application/ld+json" class="yoast-schema-graph">{"@context":"https://schema.org","@graph":[{"@type":"WebPage","@id":"https://mwc-cmm.org/en/prayer/pn-nov-25-europe/","url":"https://mwc-cmm.org/en/prayer/pn-nov-25-europe/","name":"PN-Nov-25-europe - Mennonite World Conference","isPartOf":{"@id":"https://mwc-cmm.org/en/#website"},"primaryImageOfPage":{"@id":"https://mwc-cmm.org/en/prayer/pn-nov-25-europe/#primaryimage"},"image":{"@id":"https://mwc-cmm.org/en/prayer/pn-nov-25-europe/#primaryimage"},"thumbnailUrl":"https://mwc-cmm.org/wp-content/uploads/2024/11/202310liesaungerimg_1871-scaled.jpg","datePublished":"2026-01-13T09:33:50+00:00","dateModified":"2026-01-13T09:35:06+00:00","breadcrumb":{"@id":"https://mwc-cmm.org/en/prayer/pn-nov-25-europe/#breadcrumb"},"inLanguage":"es","potentialAction":[{"@type":"ReadAction","target":["https://mwc-cmm.org/en/prayer/pn-nov-25-europe/"]}]},{"@type":"ImageObject","inLanguage":"es","@id":"https://mwc-cmm.org/en/prayer/pn-nov-25-europe/#primaryimage","url":"https://mwc-cmm.org/wp-content/uploads/2024/11/202310liesaungerimg_1871-scaled.jpg","contentUrl":"https://mwc-cmm.org/wp-content/uploads/2024/11/202310liesaungerimg_1871-scaled.jpg","width":2560,"height":1920},{"@type":"BreadcrumbList","@id":"https://mwc-cmm.org/en/prayer/pn-nov-25-europe/#breadcrumb","itemListElement":[{"@type":"ListItem","position":1,"name":"Home","item":"https://mwc-cmm.org/es/"},{"@type":"ListItem","position":2,"name":"Prayers","item":"https://mwc-cmm.org/en/prayer/"},{"@type":"ListItem","position":3,"name":"PN-Nov-25-europe"}]},{"@type":"WebSite","@id":"https://mwc-cmm.org/en/#website","url":"https://mwc-cmm.org/en/","name":"Mennonite World Conference","description":"A communion of Anabaptist-related churches","publisher":{"@id":"https://mwc-cmm.org/en/#organization"},"alternateName":"MWC","potentialAction":[{"@type":"SearchAction","target":{"@type":"EntryPoint","urlTemplate":"https://mwc-cmm.org/en/?s={search_term_string}"},"query-input":{"@type":"PropertyValueSpecification","valueRequired":true,"valueName":"search_term_string"}}],"inLanguage":"es"},{"@type":"Organization","@id":"https://mwc-cmm.org/en/#organization","name":"Mennonite World Conference","alternateName":"MWC","url":"https://mwc-cmm.org/en/","logo":{"@type":"ImageObject","inLanguage":"es","@id":"https://mwc-cmm.org/en/#/schema/logo/image/","url":"https://mwc-cmm.org/wp-content/uploads/2026/01/MWC_Sig_Blue_Horiz_webheader1-logo.svg","contentUrl":"https://mwc-cmm.org/wp-content/uploads/2026/01/MWC_Sig_Blue_Horiz_webheader1-logo.svg","width":786,"height":82,"caption":"Mennonite World Conference"},"image":{"@id":"https://mwc-cmm.org/en/#/schema/logo/image/"},"sameAs":["https://www.facebook.com/MennoniteWorldConference","https://www.linkedin.com/company/mennonite-world-conference-mwc/","https://www.instagram.com/mwcmm/","https://www.youtube.com/user/mwccmm","https://bsky.app/profile/mwcmm.bsky.social"]}]}</script>
<!-- / Yoast SEO plugin. -->

Oremos por la preparación de la próxima Conferencia Regional Menonita Europea (MERK), que tendrá lugar en mayo del 2026 en Amersfoort, Países Bajos. —José Arrais, representante regional del CMM para Europa Foto: Conferencia Regional Menonita Europea 2023/Liesa Unger
