{"id":121246,"date":"2025-11-25T06:40:43","date_gmt":"2025-11-25T06:40:43","guid":{"rendered":"https:\/\/mwc-cmm.org\/prayer\/pn-nov-25-angola\/"},"modified":"2025-11-25T06:44:06","modified_gmt":"2025-11-25T06:44:06","slug":"pn-nov-25-angola","status":"publish","type":"prayers","link":"https:\/\/mwc-cmm.org\/es\/prayer\/pn-nov-25-angola\/","title":{"rendered":"PN-Nov-25-Angola"},"content":{"rendered":"\n<p>Oremos por la unidad de la iglesia en Angola. El gobierno acaba de tomar medidas dif\u00edciles que culminaron con la revocaci\u00f3n del estatus legal de algunas iglesias en el pa\u00eds. Que Dios abra los ojos para comprender el coraz\u00f3n de Dios por la salvaci\u00f3n de las almas que quedar\u00edan dispersas sin un lugar de adoraci\u00f3n. &#13;\n<\/p>\n\n<p><em>\u2014Rev. Daniel Nelson Canganguela, Angola<\/em><\/p>\n\n<p>Foto: Daniel Nelson Canganguela<\/p>\n\n<p><\/p>\n","protected":false},"excerpt":{"rendered":"<p>Oremos por la unidad de la iglesia en Angola. El gobierno acaba de tomar medidas dif\u00edciles que culminaron con la revocaci\u00f3n del estatus legal de algunas iglesias en el pa\u00eds. Que Dios abra los ojos para comprender el coraz\u00f3n de Dios por la salvaci\u00f3n de las almas que quedar\u00edan dispersas sin un lugar de adoraci\u00f3n. [&hellip;]<\/p>\n","protected":false},"featured_media":115758,"template":"","class_list":["post-121246","prayers","type-prayers","status-publish","has-post-thumbnail","hentry"],"acf":[],"yoast_head":"<!-- This site is optimized with the Yoast SEO plugin v27.2 - https:\/\/yoast.com\/product\/yoast-seo-wordpress\/ -->\n<title>PN-Nov-25-Angola - Mennonite World Conference<\/title>\n<meta name=\"robots\" content=\"index, follow, max-snippet:-1, max-image-preview:large, max-video-preview:-1\" \/>\n<link rel=\"canonical\" href=\"https:\/\/mwc-cmm.org\/en\/prayer\/pn-nov-25-angola\/\" \/>\n<meta property=\"og:locale\" content=\"es_ES\" \/>\n<meta property=\"og:type\" content=\"article\" \/>\n<meta property=\"og:title\" content=\"PN-Nov-25-Angola - Mennonite World Conference\" \/>\n<meta property=\"og:description\" content=\"Oremos por la unidad de la iglesia en Angola. El gobierno acaba de tomar medidas dif\u00edciles que culminaron con la revocaci\u00f3n del estatus legal de algunas iglesias en el pa\u00eds. Que Dios abra los ojos para comprender el coraz\u00f3n de Dios por la salvaci\u00f3n de las almas que quedar\u00edan dispersas sin un lugar de adoraci\u00f3n. [&hellip;]\" \/>\n<meta property=\"og:url\" content=\"https:\/\/mwc-cmm.org\/en\/prayer\/pn-nov-25-angola\/\" \/>\n<meta property=\"og:site_name\" content=\"Mennonite World Conference\" \/>\n<meta property=\"article:publisher\" content=\"https:\/\/www.facebook.com\/MennoniteWorldConference\" \/>\n<meta property=\"article:modified_time\" content=\"2025-11-25T06:44:06+00:00\" \/>\n<meta property=\"og:image\" content=\"https:\/\/mwc-cmm.org\/wp-content\/uploads\/2025\/06\/20230122DanielCangangelaNelsonDSC_2272-scaled.jpg\" \/>\n\t<meta property=\"og:image:width\" content=\"2560\" \/>\n\t<meta property=\"og:image:height\" content=\"1707\" \/>\n\t<meta property=\"og:image:type\" content=\"image\/jpeg\" \/>\n<script type=\"application\/ld+json\" class=\"yoast-schema-graph\">{\"@context\":\"https:\/\/schema.org\",\"@graph\":[{\"@type\":\"WebPage\",\"@id\":\"https:\/\/mwc-cmm.org\/en\/prayer\/pn-nov-25-angola\/\",\"url\":\"https:\/\/mwc-cmm.org\/en\/prayer\/pn-nov-25-angola\/\",\"name\":\"PN-Nov-25-Angola - Mennonite World Conference\",\"isPartOf\":{\"@id\":\"https:\/\/mwc-cmm.org\/en\/#website\"},\"primaryImageOfPage\":{\"@id\":\"https:\/\/mwc-cmm.org\/en\/prayer\/pn-nov-25-angola\/#primaryimage\"},\"image\":{\"@id\":\"https:\/\/mwc-cmm.org\/en\/prayer\/pn-nov-25-angola\/#primaryimage\"},\"thumbnailUrl\":\"https:\/\/mwc-cmm.org\/wp-content\/uploads\/2025\/06\/20230122DanielCangangelaNelsonDSC_2272-scaled.jpg\",\"datePublished\":\"2025-11-25T06:40:43+00:00\",\"dateModified\":\"2025-11-25T06:44:06+00:00\",\"breadcrumb\":{\"@id\":\"https:\/\/mwc-cmm.org\/en\/prayer\/pn-nov-25-angola\/#breadcrumb\"},\"inLanguage\":\"es\",\"potentialAction\":[{\"@type\":\"ReadAction\",\"target\":[\"https:\/\/mwc-cmm.org\/en\/prayer\/pn-nov-25-angola\/\"]}]},{\"@type\":\"ImageObject\",\"inLanguage\":\"es\",\"@id\":\"https:\/\/mwc-cmm.org\/en\/prayer\/pn-nov-25-angola\/#primaryimage\",\"url\":\"https:\/\/mwc-cmm.org\/wp-content\/uploads\/2025\/06\/20230122DanielCangangelaNelsonDSC_2272-scaled.jpg\",\"contentUrl\":\"https:\/\/mwc-cmm.org\/wp-content\/uploads\/2025\/06\/20230122DanielCangangelaNelsonDSC_2272-scaled.jpg\",\"width\":2560,\"height\":1707,\"caption\":\"We took the opportunity of the date for the ordination of 9 pastors coming from different places of the province! The service gathered more than three thousand (3000) members, coming from six parishes of the city of Cafunfo.\"},{\"@type\":\"BreadcrumbList\",\"@id\":\"https:\/\/mwc-cmm.org\/en\/prayer\/pn-nov-25-angola\/#breadcrumb\",\"itemListElement\":[{\"@type\":\"ListItem\",\"position\":1,\"name\":\"Home\",\"item\":\"https:\/\/mwc-cmm.org\/es\/\"},{\"@type\":\"ListItem\",\"position\":2,\"name\":\"Prayers\",\"item\":\"https:\/\/mwc-cmm.org\/en\/prayer\/\"},{\"@type\":\"ListItem\",\"position\":3,\"name\":\"PN-Nov-25-Angola\"}]},{\"@type\":\"WebSite\",\"@id\":\"https:\/\/mwc-cmm.org\/en\/#website\",\"url\":\"https:\/\/mwc-cmm.org\/en\/\",\"name\":\"Mennonite World Conference\",\"description\":\"A communion of Anabaptist-related churches\",\"publisher\":{\"@id\":\"https:\/\/mwc-cmm.org\/en\/#organization\"},\"alternateName\":\"MWC\",\"potentialAction\":[{\"@type\":\"SearchAction\",\"target\":{\"@type\":\"EntryPoint\",\"urlTemplate\":\"https:\/\/mwc-cmm.org\/en\/?s={search_term_string}\"},\"query-input\":{\"@type\":\"PropertyValueSpecification\",\"valueRequired\":true,\"valueName\":\"search_term_string\"}}],\"inLanguage\":\"es\"},{\"@type\":\"Organization\",\"@id\":\"https:\/\/mwc-cmm.org\/en\/#organization\",\"name\":\"Mennonite World Conference\",\"alternateName\":\"MWC\",\"url\":\"https:\/\/mwc-cmm.org\/en\/\",\"logo\":{\"@type\":\"ImageObject\",\"inLanguage\":\"es\",\"@id\":\"https:\/\/mwc-cmm.org\/en\/#\/schema\/logo\/image\/\",\"url\":\"https:\/\/mwc-cmm.org\/wp-content\/uploads\/2026\/01\/MWC_Sig_Blue_Horiz_webheader1-logo.svg\",\"contentUrl\":\"https:\/\/mwc-cmm.org\/wp-content\/uploads\/2026\/01\/MWC_Sig_Blue_Horiz_webheader1-logo.svg\",\"width\":786,\"height\":82,\"caption\":\"Mennonite World Conference\"},\"image\":{\"@id\":\"https:\/\/mwc-cmm.org\/en\/#\/schema\/logo\/image\/\"},\"sameAs\":[\"https:\/\/www.facebook.com\/MennoniteWorldConference\",\"https:\/\/www.linkedin.com\/company\/mennonite-world-conference-mwc\/\",\"https:\/\/www.instagram.com\/mwcmm\/\",\"https:\/\/www.youtube.com\/user\/mwccmm\",\"https:\/\/bsky.app\/profile\/mwcmm.bsky.social\"]}]}<\/script>\n<!-- \/ Yoast SEO plugin. -->","yoast_head_json":{"title":"PN-Nov-25-Angola - Mennonite World Conference","robots":{"index":"index","follow":"follow","max-snippet":"max-snippet:-1","max-image-preview":"max-image-preview:large","max-video-preview":"max-video-preview:-1"},"canonical":"https:\/\/mwc-cmm.org\/en\/prayer\/pn-nov-25-angola\/","og_locale":"es_ES","og_type":"article","og_title":"PN-Nov-25-Angola - Mennonite World Conference","og_description":"Oremos por la unidad de la iglesia en Angola. El gobierno acaba de tomar medidas dif\u00edciles que culminaron con la revocaci\u00f3n del estatus legal de algunas iglesias en el pa\u00eds. Que Dios abra los ojos para comprender el coraz\u00f3n de Dios por la salvaci\u00f3n de las almas que quedar\u00edan dispersas sin un lugar de adoraci\u00f3n. [&hellip;]","og_url":"https:\/\/mwc-cmm.org\/en\/prayer\/pn-nov-25-angola\/","og_site_name":"Mennonite World Conference","article_publisher":"https:\/\/www.facebook.com\/MennoniteWorldConference","article_modified_time":"2025-11-25T06:44:06+00:00","og_image":[{"width":2560,"height":1707,"url":"https:\/\/mwc-cmm.org\/wp-content\/uploads\/2025\/06\/20230122DanielCangangelaNelsonDSC_2272-scaled.jpg","type":"image\/jpeg"}],"schema":{"@context":"https:\/\/schema.org","@graph":[{"@type":"WebPage","@id":"https:\/\/mwc-cmm.org\/en\/prayer\/pn-nov-25-angola\/","url":"https:\/\/mwc-cmm.org\/en\/prayer\/pn-nov-25-angola\/","name":"PN-Nov-25-Angola - Mennonite World Conference","isPartOf":{"@id":"https:\/\/mwc-cmm.org\/en\/#website"},"primaryImageOfPage":{"@id":"https:\/\/mwc-cmm.org\/en\/prayer\/pn-nov-25-angola\/#primaryimage"},"image":{"@id":"https:\/\/mwc-cmm.org\/en\/prayer\/pn-nov-25-angola\/#primaryimage"},"thumbnailUrl":"https:\/\/mwc-cmm.org\/wp-content\/uploads\/2025\/06\/20230122DanielCangangelaNelsonDSC_2272-scaled.jpg","datePublished":"2025-11-25T06:40:43+00:00","dateModified":"2025-11-25T06:44:06+00:00","breadcrumb":{"@id":"https:\/\/mwc-cmm.org\/en\/prayer\/pn-nov-25-angola\/#breadcrumb"},"inLanguage":"es","potentialAction":[{"@type":"ReadAction","target":["https:\/\/mwc-cmm.org\/en\/prayer\/pn-nov-25-angola\/"]}]},{"@type":"ImageObject","inLanguage":"es","@id":"https:\/\/mwc-cmm.org\/en\/prayer\/pn-nov-25-angola\/#primaryimage","url":"https:\/\/mwc-cmm.org\/wp-content\/uploads\/2025\/06\/20230122DanielCangangelaNelsonDSC_2272-scaled.jpg","contentUrl":"https:\/\/mwc-cmm.org\/wp-content\/uploads\/2025\/06\/20230122DanielCangangelaNelsonDSC_2272-scaled.jpg","width":2560,"height":1707,"caption":"We took the opportunity of the date for the ordination of 9 pastors coming from different places of the province! The service gathered more than three thousand (3000) members, coming from six parishes of the city of Cafunfo."},{"@type":"BreadcrumbList","@id":"https:\/\/mwc-cmm.org\/en\/prayer\/pn-nov-25-angola\/#breadcrumb","itemListElement":[{"@type":"ListItem","position":1,"name":"Home","item":"https:\/\/mwc-cmm.org\/es\/"},{"@type":"ListItem","position":2,"name":"Prayers","item":"https:\/\/mwc-cmm.org\/en\/prayer\/"},{"@type":"ListItem","position":3,"name":"PN-Nov-25-Angola"}]},{"@type":"WebSite","@id":"https:\/\/mwc-cmm.org\/en\/#website","url":"https:\/\/mwc-cmm.org\/en\/","name":"Mennonite World Conference","description":"A communion of Anabaptist-related churches","publisher":{"@id":"https:\/\/mwc-cmm.org\/en\/#organization"},"alternateName":"MWC","potentialAction":[{"@type":"SearchAction","target":{"@type":"EntryPoint","urlTemplate":"https:\/\/mwc-cmm.org\/en\/?s={search_term_string}"},"query-input":{"@type":"PropertyValueSpecification","valueRequired":true,"valueName":"search_term_string"}}],"inLanguage":"es"},{"@type":"Organization","@id":"https:\/\/mwc-cmm.org\/en\/#organization","name":"Mennonite World Conference","alternateName":"MWC","url":"https:\/\/mwc-cmm.org\/en\/","logo":{"@type":"ImageObject","inLanguage":"es","@id":"https:\/\/mwc-cmm.org\/en\/#\/schema\/logo\/image\/","url":"https:\/\/mwc-cmm.org\/wp-content\/uploads\/2026\/01\/MWC_Sig_Blue_Horiz_webheader1-logo.svg","contentUrl":"https:\/\/mwc-cmm.org\/wp-content\/uploads\/2026\/01\/MWC_Sig_Blue_Horiz_webheader1-logo.svg","width":786,"height":82,"caption":"Mennonite World Conference"},"image":{"@id":"https:\/\/mwc-cmm.org\/en\/#\/schema\/logo\/image\/"},"sameAs":["https:\/\/www.facebook.com\/MennoniteWorldConference","https:\/\/www.linkedin.com\/company\/mennonite-world-conference-mwc\/","https:\/\/www.instagram.com\/mwcmm\/","https:\/\/www.youtube.com\/user\/mwccmm","https:\/\/bsky.app\/profile\/mwcmm.bsky.social"]}]}},"_links":{"self":[{"href":"https:\/\/mwc-cmm.org\/es\/wp-json\/wp\/v2\/prayers\/121246","targetHints":{"allow":["GET"]}}],"collection":[{"href":"https:\/\/mwc-cmm.org\/es\/wp-json\/wp\/v2\/prayers"}],"about":[{"href":"https:\/\/mwc-cmm.org\/es\/wp-json\/wp\/v2\/types\/prayers"}],"wp:featuredmedia":[{"embeddable":true,"href":"https:\/\/mwc-cmm.org\/es\/wp-json\/wp\/v2\/media\/115758"}],"wp:attachment":[{"href":"https:\/\/mwc-cmm.org\/es\/wp-json\/wp\/v2\/media?parent=121246"}],"curies":[{"name":"wp","href":"https:\/\/api.w.org\/{rel}","templated":true}]}}

<p>Oremos por la unidad de la iglesia en Angola. El gobierno acaba de tomar medidas difíciles que culminaron con la revocación del estatus legal de algunas iglesias en el país. Que Dios abra los ojos para comprender el corazón de Dios por la salvación de las almas que quedarían dispersas sin un lugar de adoración. &#13;
</p>

<p><em>—Rev. Daniel Nelson Canganguela, Angola</em></p>

<p>Foto: Daniel Nelson Canganguela</p>

<p></p>

<p>Oremos por la unidad de la iglesia en Angola. El gobierno acaba de tomar medidas difíciles que culminaron con la revocación del estatus legal de algunas iglesias en el país. Que Dios abra los ojos para comprender el corazón de Dios por la salvación de las almas que quedarían dispersas sin un lugar de adoración. [&hellip;]</p>

<!-- This site is optimized with the Yoast SEO plugin v27.2 - https://yoast.com/product/yoast-seo-wordpress/ -->
<title>PN-Nov-25-Angola - Mennonite World Conference</title>
<meta name="robots" content="index, follow, max-snippet:-1, max-image-preview:large, max-video-preview:-1" />
<link rel="canonical" href="https://mwc-cmm.org/en/prayer/pn-nov-25-angola/" />
<meta property="og:locale" content="es_ES" />
<meta property="og:type" content="article" />
<meta property="og:title" content="PN-Nov-25-Angola - Mennonite World Conference" />
<meta property="og:description" content="Oremos por la unidad de la iglesia en Angola. El gobierno acaba de tomar medidas difíciles que culminaron con la revocación del estatus legal de algunas iglesias en el país. Que Dios abra los ojos para comprender el corazón de Dios por la salvación de las almas que quedarían dispersas sin un lugar de adoración. [&hellip;]" />
<meta property="og:url" content="https://mwc-cmm.org/en/prayer/pn-nov-25-angola/" />
<meta property="og:site_name" content="Mennonite World Conference" />
<meta property="article:publisher" content="https://www.facebook.com/MennoniteWorldConference" />
<meta property="article:modified_time" content="2025-11-25T06:44:06+00:00" />
<meta property="og:image" content="https://mwc-cmm.org/wp-content/uploads/2025/06/20230122DanielCangangelaNelsonDSC_2272-scaled.jpg" />
	<meta property="og:image:width" content="2560" />
	<meta property="og:image:height" content="1707" />
	<meta property="og:image:type" content="image/jpeg" />
<script type="application/ld+json" class="yoast-schema-graph">{"@context":"https://schema.org","@graph":[{"@type":"WebPage","@id":"https://mwc-cmm.org/en/prayer/pn-nov-25-angola/","url":"https://mwc-cmm.org/en/prayer/pn-nov-25-angola/","name":"PN-Nov-25-Angola - Mennonite World Conference","isPartOf":{"@id":"https://mwc-cmm.org/en/#website"},"primaryImageOfPage":{"@id":"https://mwc-cmm.org/en/prayer/pn-nov-25-angola/#primaryimage"},"image":{"@id":"https://mwc-cmm.org/en/prayer/pn-nov-25-angola/#primaryimage"},"thumbnailUrl":"https://mwc-cmm.org/wp-content/uploads/2025/06/20230122DanielCangangelaNelsonDSC_2272-scaled.jpg","datePublished":"2025-11-25T06:40:43+00:00","dateModified":"2025-11-25T06:44:06+00:00","breadcrumb":{"@id":"https://mwc-cmm.org/en/prayer/pn-nov-25-angola/#breadcrumb"},"inLanguage":"es","potentialAction":[{"@type":"ReadAction","target":["https://mwc-cmm.org/en/prayer/pn-nov-25-angola/"]}]},{"@type":"ImageObject","inLanguage":"es","@id":"https://mwc-cmm.org/en/prayer/pn-nov-25-angola/#primaryimage","url":"https://mwc-cmm.org/wp-content/uploads/2025/06/20230122DanielCangangelaNelsonDSC_2272-scaled.jpg","contentUrl":"https://mwc-cmm.org/wp-content/uploads/2025/06/20230122DanielCangangelaNelsonDSC_2272-scaled.jpg","width":2560,"height":1707,"caption":"We took the opportunity of the date for the ordination of 9 pastors coming from different places of the province! The service gathered more than three thousand (3000) members, coming from six parishes of the city of Cafunfo."},{"@type":"BreadcrumbList","@id":"https://mwc-cmm.org/en/prayer/pn-nov-25-angola/#breadcrumb","itemListElement":[{"@type":"ListItem","position":1,"name":"Home","item":"https://mwc-cmm.org/es/"},{"@type":"ListItem","position":2,"name":"Prayers","item":"https://mwc-cmm.org/en/prayer/"},{"@type":"ListItem","position":3,"name":"PN-Nov-25-Angola"}]},{"@type":"WebSite","@id":"https://mwc-cmm.org/en/#website","url":"https://mwc-cmm.org/en/","name":"Mennonite World Conference","description":"A communion of Anabaptist-related churches","publisher":{"@id":"https://mwc-cmm.org/en/#organization"},"alternateName":"MWC","potentialAction":[{"@type":"SearchAction","target":{"@type":"EntryPoint","urlTemplate":"https://mwc-cmm.org/en/?s={search_term_string}"},"query-input":{"@type":"PropertyValueSpecification","valueRequired":true,"valueName":"search_term_string"}}],"inLanguage":"es"},{"@type":"Organization","@id":"https://mwc-cmm.org/en/#organization","name":"Mennonite World Conference","alternateName":"MWC","url":"https://mwc-cmm.org/en/","logo":{"@type":"ImageObject","inLanguage":"es","@id":"https://mwc-cmm.org/en/#/schema/logo/image/","url":"https://mwc-cmm.org/wp-content/uploads/2026/01/MWC_Sig_Blue_Horiz_webheader1-logo.svg","contentUrl":"https://mwc-cmm.org/wp-content/uploads/2026/01/MWC_Sig_Blue_Horiz_webheader1-logo.svg","width":786,"height":82,"caption":"Mennonite World Conference"},"image":{"@id":"https://mwc-cmm.org/en/#/schema/logo/image/"},"sameAs":["https://www.facebook.com/MennoniteWorldConference","https://www.linkedin.com/company/mennonite-world-conference-mwc/","https://www.instagram.com/mwcmm/","https://www.youtube.com/user/mwccmm","https://bsky.app/profile/mwcmm.bsky.social"]}]}</script>
<!-- / Yoast SEO plugin. -->

Oremos por la unidad de la iglesia en Angola. El gobierno acaba de tomar medidas difíciles que culminaron con la revocación del estatus legal de algunas iglesias en el país. Que Dios abra los ojos para comprender el corazón de Dios por la salvación de las almas que quedarían dispersas sin un lugar de adoración. [&hellip;]
