{"id":119443,"date":"2025-10-14T10:29:52","date_gmt":"2025-10-14T10:29:52","guid":{"rendered":"https:\/\/mwc-cmm.org\/prayer\/pn-sept-25-myanmar\/"},"modified":"2025-10-14T10:31:35","modified_gmt":"2025-10-14T10:31:35","slug":"pn-sept-25-myanmar","status":"publish","type":"prayers","link":"https:\/\/mwc-cmm.org\/es\/prayer\/pn-sept-25-myanmar\/","title":{"rendered":"PN-Sept-25-Myanmar"},"content":{"rendered":"\n<p>Oremos por Myanmar, que se encuentra en guerra. Las personas j\u00f3venes est\u00e1n siendo presionadas para tomar las armas. Oremos para que las personas j\u00f3venes de la iglesia menonita sigan el ejemplo de Jes\u00fas de una vida de shalom que rechaza la violencia.  <\/p>\n\n<p>Foto: Amos Chin<\/p>\n","protected":false},"excerpt":{"rendered":"<p>Oremos por Myanmar, que se encuentra en guerra. Las personas j\u00f3venes est\u00e1n siendo presionadas para tomar las armas. Oremos para que las personas j\u00f3venes de la iglesia menonita sigan el ejemplo de Jes\u00fas de una vida de shalom que rechaza la violencia. Foto: Amos Chin<\/p>\n","protected":false},"featured_media":119439,"template":"","class_list":["post-119443","prayers","type-prayers","status-publish","has-post-thumbnail","hentry"],"acf":[],"yoast_head":"<!-- This site is optimized with the Yoast SEO plugin v27.2 - https:\/\/yoast.com\/product\/yoast-seo-wordpress\/ -->\n<title>PN-Sept-25-Myanmar - Mennonite World Conference<\/title>\n<meta name=\"robots\" content=\"index, follow, max-snippet:-1, max-image-preview:large, max-video-preview:-1\" \/>\n<link rel=\"canonical\" href=\"https:\/\/mwc-cmm.org\/en\/prayer\/pn-sept-25-myanmar\/\" \/>\n<meta property=\"og:locale\" content=\"es_ES\" \/>\n<meta property=\"og:type\" content=\"article\" \/>\n<meta property=\"og:title\" content=\"PN-Sept-25-Myanmar - Mennonite World Conference\" \/>\n<meta property=\"og:description\" content=\"Oremos por Myanmar, que se encuentra en guerra. Las personas j\u00f3venes est\u00e1n siendo presionadas para tomar las armas. Oremos para que las personas j\u00f3venes de la iglesia menonita sigan el ejemplo de Jes\u00fas de una vida de shalom que rechaza la violencia. Foto: Amos Chin\" \/>\n<meta property=\"og:url\" content=\"https:\/\/mwc-cmm.org\/en\/prayer\/pn-sept-25-myanmar\/\" \/>\n<meta property=\"og:site_name\" content=\"Mennonite World Conference\" \/>\n<meta property=\"article:publisher\" content=\"https:\/\/www.facebook.com\/MennoniteWorldConference\" \/>\n<meta property=\"article:modified_time\" content=\"2025-10-14T10:31:35+00:00\" \/>\n<meta property=\"og:image\" content=\"https:\/\/mwc-cmm.org\/wp-content\/uploads\/2025\/10\/202306AmosChinWhatsApp-Image-2023-06-09-at-00.00.02-1.jpeg\" \/>\n\t<meta property=\"og:image:width\" content=\"1600\" \/>\n\t<meta property=\"og:image:height\" content=\"1200\" \/>\n\t<meta property=\"og:image:type\" content=\"image\/jpeg\" \/>\n<script type=\"application\/ld+json\" class=\"yoast-schema-graph\">{\"@context\":\"https:\/\/schema.org\",\"@graph\":[{\"@type\":\"WebPage\",\"@id\":\"https:\/\/mwc-cmm.org\/en\/prayer\/pn-sept-25-myanmar\/\",\"url\":\"https:\/\/mwc-cmm.org\/en\/prayer\/pn-sept-25-myanmar\/\",\"name\":\"PN-Sept-25-Myanmar - Mennonite World Conference\",\"isPartOf\":{\"@id\":\"https:\/\/mwc-cmm.org\/en\/#website\"},\"primaryImageOfPage\":{\"@id\":\"https:\/\/mwc-cmm.org\/en\/prayer\/pn-sept-25-myanmar\/#primaryimage\"},\"image\":{\"@id\":\"https:\/\/mwc-cmm.org\/en\/prayer\/pn-sept-25-myanmar\/#primaryimage\"},\"thumbnailUrl\":\"https:\/\/mwc-cmm.org\/wp-content\/uploads\/2025\/10\/202306AmosChinWhatsApp-Image-2023-06-09-at-00.00.02-1.jpeg\",\"datePublished\":\"2025-10-14T10:29:52+00:00\",\"dateModified\":\"2025-10-14T10:31:35+00:00\",\"breadcrumb\":{\"@id\":\"https:\/\/mwc-cmm.org\/en\/prayer\/pn-sept-25-myanmar\/#breadcrumb\"},\"inLanguage\":\"es\",\"potentialAction\":[{\"@type\":\"ReadAction\",\"target\":[\"https:\/\/mwc-cmm.org\/en\/prayer\/pn-sept-25-myanmar\/\"]}]},{\"@type\":\"ImageObject\",\"inLanguage\":\"es\",\"@id\":\"https:\/\/mwc-cmm.org\/en\/prayer\/pn-sept-25-myanmar\/#primaryimage\",\"url\":\"https:\/\/mwc-cmm.org\/wp-content\/uploads\/2025\/10\/202306AmosChinWhatsApp-Image-2023-06-09-at-00.00.02-1.jpeg\",\"contentUrl\":\"https:\/\/mwc-cmm.org\/wp-content\/uploads\/2025\/10\/202306AmosChinWhatsApp-Image-2023-06-09-at-00.00.02-1.jpeg\",\"width\":1600,\"height\":1200,\"caption\":\"Y\"},{\"@type\":\"BreadcrumbList\",\"@id\":\"https:\/\/mwc-cmm.org\/en\/prayer\/pn-sept-25-myanmar\/#breadcrumb\",\"itemListElement\":[{\"@type\":\"ListItem\",\"position\":1,\"name\":\"Home\",\"item\":\"https:\/\/mwc-cmm.org\/es\/\"},{\"@type\":\"ListItem\",\"position\":2,\"name\":\"Prayers\",\"item\":\"https:\/\/mwc-cmm.org\/en\/prayer\/\"},{\"@type\":\"ListItem\",\"position\":3,\"name\":\"PN-Sept-25-Myanmar\"}]},{\"@type\":\"WebSite\",\"@id\":\"https:\/\/mwc-cmm.org\/en\/#website\",\"url\":\"https:\/\/mwc-cmm.org\/en\/\",\"name\":\"Mennonite World Conference\",\"description\":\"A communion of Anabaptist-related churches\",\"publisher\":{\"@id\":\"https:\/\/mwc-cmm.org\/en\/#organization\"},\"alternateName\":\"MWC\",\"potentialAction\":[{\"@type\":\"SearchAction\",\"target\":{\"@type\":\"EntryPoint\",\"urlTemplate\":\"https:\/\/mwc-cmm.org\/en\/?s={search_term_string}\"},\"query-input\":{\"@type\":\"PropertyValueSpecification\",\"valueRequired\":true,\"valueName\":\"search_term_string\"}}],\"inLanguage\":\"es\"},{\"@type\":\"Organization\",\"@id\":\"https:\/\/mwc-cmm.org\/en\/#organization\",\"name\":\"Mennonite World Conference\",\"alternateName\":\"MWC\",\"url\":\"https:\/\/mwc-cmm.org\/en\/\",\"logo\":{\"@type\":\"ImageObject\",\"inLanguage\":\"es\",\"@id\":\"https:\/\/mwc-cmm.org\/en\/#\/schema\/logo\/image\/\",\"url\":\"https:\/\/mwc-cmm.org\/wp-content\/uploads\/2026\/01\/MWC_Sig_Blue_Horiz_webheader1-logo.svg\",\"contentUrl\":\"https:\/\/mwc-cmm.org\/wp-content\/uploads\/2026\/01\/MWC_Sig_Blue_Horiz_webheader1-logo.svg\",\"width\":786,\"height\":82,\"caption\":\"Mennonite World Conference\"},\"image\":{\"@id\":\"https:\/\/mwc-cmm.org\/en\/#\/schema\/logo\/image\/\"},\"sameAs\":[\"https:\/\/www.facebook.com\/MennoniteWorldConference\",\"https:\/\/www.linkedin.com\/company\/mennonite-world-conference-mwc\/\",\"https:\/\/www.instagram.com\/mwcmm\/\",\"https:\/\/www.youtube.com\/user\/mwccmm\",\"https:\/\/bsky.app\/profile\/mwcmm.bsky.social\"]}]}<\/script>\n<!-- \/ Yoast SEO plugin. -->","yoast_head_json":{"title":"PN-Sept-25-Myanmar - Mennonite World Conference","robots":{"index":"index","follow":"follow","max-snippet":"max-snippet:-1","max-image-preview":"max-image-preview:large","max-video-preview":"max-video-preview:-1"},"canonical":"https:\/\/mwc-cmm.org\/en\/prayer\/pn-sept-25-myanmar\/","og_locale":"es_ES","og_type":"article","og_title":"PN-Sept-25-Myanmar - Mennonite World Conference","og_description":"Oremos por Myanmar, que se encuentra en guerra. Las personas j\u00f3venes est\u00e1n siendo presionadas para tomar las armas. Oremos para que las personas j\u00f3venes de la iglesia menonita sigan el ejemplo de Jes\u00fas de una vida de shalom que rechaza la violencia. Foto: Amos Chin","og_url":"https:\/\/mwc-cmm.org\/en\/prayer\/pn-sept-25-myanmar\/","og_site_name":"Mennonite World Conference","article_publisher":"https:\/\/www.facebook.com\/MennoniteWorldConference","article_modified_time":"2025-10-14T10:31:35+00:00","og_image":[{"width":1600,"height":1200,"url":"https:\/\/mwc-cmm.org\/wp-content\/uploads\/2025\/10\/202306AmosChinWhatsApp-Image-2023-06-09-at-00.00.02-1.jpeg","type":"image\/jpeg"}],"schema":{"@context":"https:\/\/schema.org","@graph":[{"@type":"WebPage","@id":"https:\/\/mwc-cmm.org\/en\/prayer\/pn-sept-25-myanmar\/","url":"https:\/\/mwc-cmm.org\/en\/prayer\/pn-sept-25-myanmar\/","name":"PN-Sept-25-Myanmar - Mennonite World Conference","isPartOf":{"@id":"https:\/\/mwc-cmm.org\/en\/#website"},"primaryImageOfPage":{"@id":"https:\/\/mwc-cmm.org\/en\/prayer\/pn-sept-25-myanmar\/#primaryimage"},"image":{"@id":"https:\/\/mwc-cmm.org\/en\/prayer\/pn-sept-25-myanmar\/#primaryimage"},"thumbnailUrl":"https:\/\/mwc-cmm.org\/wp-content\/uploads\/2025\/10\/202306AmosChinWhatsApp-Image-2023-06-09-at-00.00.02-1.jpeg","datePublished":"2025-10-14T10:29:52+00:00","dateModified":"2025-10-14T10:31:35+00:00","breadcrumb":{"@id":"https:\/\/mwc-cmm.org\/en\/prayer\/pn-sept-25-myanmar\/#breadcrumb"},"inLanguage":"es","potentialAction":[{"@type":"ReadAction","target":["https:\/\/mwc-cmm.org\/en\/prayer\/pn-sept-25-myanmar\/"]}]},{"@type":"ImageObject","inLanguage":"es","@id":"https:\/\/mwc-cmm.org\/en\/prayer\/pn-sept-25-myanmar\/#primaryimage","url":"https:\/\/mwc-cmm.org\/wp-content\/uploads\/2025\/10\/202306AmosChinWhatsApp-Image-2023-06-09-at-00.00.02-1.jpeg","contentUrl":"https:\/\/mwc-cmm.org\/wp-content\/uploads\/2025\/10\/202306AmosChinWhatsApp-Image-2023-06-09-at-00.00.02-1.jpeg","width":1600,"height":1200,"caption":"Y"},{"@type":"BreadcrumbList","@id":"https:\/\/mwc-cmm.org\/en\/prayer\/pn-sept-25-myanmar\/#breadcrumb","itemListElement":[{"@type":"ListItem","position":1,"name":"Home","item":"https:\/\/mwc-cmm.org\/es\/"},{"@type":"ListItem","position":2,"name":"Prayers","item":"https:\/\/mwc-cmm.org\/en\/prayer\/"},{"@type":"ListItem","position":3,"name":"PN-Sept-25-Myanmar"}]},{"@type":"WebSite","@id":"https:\/\/mwc-cmm.org\/en\/#website","url":"https:\/\/mwc-cmm.org\/en\/","name":"Mennonite World Conference","description":"A communion of Anabaptist-related churches","publisher":{"@id":"https:\/\/mwc-cmm.org\/en\/#organization"},"alternateName":"MWC","potentialAction":[{"@type":"SearchAction","target":{"@type":"EntryPoint","urlTemplate":"https:\/\/mwc-cmm.org\/en\/?s={search_term_string}"},"query-input":{"@type":"PropertyValueSpecification","valueRequired":true,"valueName":"search_term_string"}}],"inLanguage":"es"},{"@type":"Organization","@id":"https:\/\/mwc-cmm.org\/en\/#organization","name":"Mennonite World Conference","alternateName":"MWC","url":"https:\/\/mwc-cmm.org\/en\/","logo":{"@type":"ImageObject","inLanguage":"es","@id":"https:\/\/mwc-cmm.org\/en\/#\/schema\/logo\/image\/","url":"https:\/\/mwc-cmm.org\/wp-content\/uploads\/2026\/01\/MWC_Sig_Blue_Horiz_webheader1-logo.svg","contentUrl":"https:\/\/mwc-cmm.org\/wp-content\/uploads\/2026\/01\/MWC_Sig_Blue_Horiz_webheader1-logo.svg","width":786,"height":82,"caption":"Mennonite World Conference"},"image":{"@id":"https:\/\/mwc-cmm.org\/en\/#\/schema\/logo\/image\/"},"sameAs":["https:\/\/www.facebook.com\/MennoniteWorldConference","https:\/\/www.linkedin.com\/company\/mennonite-world-conference-mwc\/","https:\/\/www.instagram.com\/mwcmm\/","https:\/\/www.youtube.com\/user\/mwccmm","https:\/\/bsky.app\/profile\/mwcmm.bsky.social"]}]}},"_links":{"self":[{"href":"https:\/\/mwc-cmm.org\/es\/wp-json\/wp\/v2\/prayers\/119443","targetHints":{"allow":["GET"]}}],"collection":[{"href":"https:\/\/mwc-cmm.org\/es\/wp-json\/wp\/v2\/prayers"}],"about":[{"href":"https:\/\/mwc-cmm.org\/es\/wp-json\/wp\/v2\/types\/prayers"}],"wp:featuredmedia":[{"embeddable":true,"href":"https:\/\/mwc-cmm.org\/es\/wp-json\/wp\/v2\/media\/119439"}],"wp:attachment":[{"href":"https:\/\/mwc-cmm.org\/es\/wp-json\/wp\/v2\/media?parent=119443"}],"curies":[{"name":"wp","href":"https:\/\/api.w.org\/{rel}","templated":true}]}}

<p>Oremos por Myanmar, que se encuentra en guerra. Las personas jóvenes están siendo presionadas para tomar las armas. Oremos para que las personas jóvenes de la iglesia menonita sigan el ejemplo de Jesús de una vida de shalom que rechaza la violencia.  </p>

<p>Foto: Amos Chin</p>

<p>Oremos por Myanmar, que se encuentra en guerra. Las personas jóvenes están siendo presionadas para tomar las armas. Oremos para que las personas jóvenes de la iglesia menonita sigan el ejemplo de Jesús de una vida de shalom que rechaza la violencia. Foto: Amos Chin</p>

<!-- This site is optimized with the Yoast SEO plugin v27.2 - https://yoast.com/product/yoast-seo-wordpress/ -->
<title>PN-Sept-25-Myanmar - Mennonite World Conference</title>
<meta name="robots" content="index, follow, max-snippet:-1, max-image-preview:large, max-video-preview:-1" />
<link rel="canonical" href="https://mwc-cmm.org/en/prayer/pn-sept-25-myanmar/" />
<meta property="og:locale" content="es_ES" />
<meta property="og:type" content="article" />
<meta property="og:title" content="PN-Sept-25-Myanmar - Mennonite World Conference" />
<meta property="og:description" content="Oremos por Myanmar, que se encuentra en guerra. Las personas jóvenes están siendo presionadas para tomar las armas. Oremos para que las personas jóvenes de la iglesia menonita sigan el ejemplo de Jesús de una vida de shalom que rechaza la violencia. Foto: Amos Chin" />
<meta property="og:url" content="https://mwc-cmm.org/en/prayer/pn-sept-25-myanmar/" />
<meta property="og:site_name" content="Mennonite World Conference" />
<meta property="article:publisher" content="https://www.facebook.com/MennoniteWorldConference" />
<meta property="article:modified_time" content="2025-10-14T10:31:35+00:00" />
<meta property="og:image" content="https://mwc-cmm.org/wp-content/uploads/2025/10/202306AmosChinWhatsApp-Image-2023-06-09-at-00.00.02-1.jpeg" />
	<meta property="og:image:width" content="1600" />
	<meta property="og:image:height" content="1200" />
	<meta property="og:image:type" content="image/jpeg" />
<script type="application/ld+json" class="yoast-schema-graph">{"@context":"https://schema.org","@graph":[{"@type":"WebPage","@id":"https://mwc-cmm.org/en/prayer/pn-sept-25-myanmar/","url":"https://mwc-cmm.org/en/prayer/pn-sept-25-myanmar/","name":"PN-Sept-25-Myanmar - Mennonite World Conference","isPartOf":{"@id":"https://mwc-cmm.org/en/#website"},"primaryImageOfPage":{"@id":"https://mwc-cmm.org/en/prayer/pn-sept-25-myanmar/#primaryimage"},"image":{"@id":"https://mwc-cmm.org/en/prayer/pn-sept-25-myanmar/#primaryimage"},"thumbnailUrl":"https://mwc-cmm.org/wp-content/uploads/2025/10/202306AmosChinWhatsApp-Image-2023-06-09-at-00.00.02-1.jpeg","datePublished":"2025-10-14T10:29:52+00:00","dateModified":"2025-10-14T10:31:35+00:00","breadcrumb":{"@id":"https://mwc-cmm.org/en/prayer/pn-sept-25-myanmar/#breadcrumb"},"inLanguage":"es","potentialAction":[{"@type":"ReadAction","target":["https://mwc-cmm.org/en/prayer/pn-sept-25-myanmar/"]}]},{"@type":"ImageObject","inLanguage":"es","@id":"https://mwc-cmm.org/en/prayer/pn-sept-25-myanmar/#primaryimage","url":"https://mwc-cmm.org/wp-content/uploads/2025/10/202306AmosChinWhatsApp-Image-2023-06-09-at-00.00.02-1.jpeg","contentUrl":"https://mwc-cmm.org/wp-content/uploads/2025/10/202306AmosChinWhatsApp-Image-2023-06-09-at-00.00.02-1.jpeg","width":1600,"height":1200,"caption":"Y"},{"@type":"BreadcrumbList","@id":"https://mwc-cmm.org/en/prayer/pn-sept-25-myanmar/#breadcrumb","itemListElement":[{"@type":"ListItem","position":1,"name":"Home","item":"https://mwc-cmm.org/es/"},{"@type":"ListItem","position":2,"name":"Prayers","item":"https://mwc-cmm.org/en/prayer/"},{"@type":"ListItem","position":3,"name":"PN-Sept-25-Myanmar"}]},{"@type":"WebSite","@id":"https://mwc-cmm.org/en/#website","url":"https://mwc-cmm.org/en/","name":"Mennonite World Conference","description":"A communion of Anabaptist-related churches","publisher":{"@id":"https://mwc-cmm.org/en/#organization"},"alternateName":"MWC","potentialAction":[{"@type":"SearchAction","target":{"@type":"EntryPoint","urlTemplate":"https://mwc-cmm.org/en/?s={search_term_string}"},"query-input":{"@type":"PropertyValueSpecification","valueRequired":true,"valueName":"search_term_string"}}],"inLanguage":"es"},{"@type":"Organization","@id":"https://mwc-cmm.org/en/#organization","name":"Mennonite World Conference","alternateName":"MWC","url":"https://mwc-cmm.org/en/","logo":{"@type":"ImageObject","inLanguage":"es","@id":"https://mwc-cmm.org/en/#/schema/logo/image/","url":"https://mwc-cmm.org/wp-content/uploads/2026/01/MWC_Sig_Blue_Horiz_webheader1-logo.svg","contentUrl":"https://mwc-cmm.org/wp-content/uploads/2026/01/MWC_Sig_Blue_Horiz_webheader1-logo.svg","width":786,"height":82,"caption":"Mennonite World Conference"},"image":{"@id":"https://mwc-cmm.org/en/#/schema/logo/image/"},"sameAs":["https://www.facebook.com/MennoniteWorldConference","https://www.linkedin.com/company/mennonite-world-conference-mwc/","https://www.instagram.com/mwcmm/","https://www.youtube.com/user/mwccmm","https://bsky.app/profile/mwcmm.bsky.social"]}]}</script>
<!-- / Yoast SEO plugin. -->

Oremos por Myanmar, que se encuentra en guerra. Las personas jóvenes están siendo presionadas para tomar las armas. Oremos para que las personas jóvenes de la iglesia menonita sigan el ejemplo de Jesús de una vida de shalom que rechaza la violencia. Foto: Amos Chin
