{"id":117611,"date":"2025-07-29T13:11:01","date_gmt":"2025-07-29T13:11:01","guid":{"rendered":"https:\/\/mwc-cmm.org\/prayer\/pn-july-25-europe\/"},"modified":"2025-07-29T13:13:56","modified_gmt":"2025-07-29T13:13:56","slug":"pn-july-25-europe","status":"publish","type":"prayers","link":"https:\/\/mwc-cmm.org\/es\/prayer\/pn-july-25-europe\/","title":{"rendered":"PN-July-25-Europe"},"content":{"rendered":"\n<p>Demos gracias a Dios por las iniciativas de revitalizaci\u00f3n de la Iglesia en Europa. Gracias a Dios por la plantaci\u00f3n de iglesias y por la prometedora renovaci\u00f3n de la educaci\u00f3n teol\u00f3gica. Contin\u00faemos orando por un avivamiento en la iglesia y en la educaci\u00f3n teol\u00f3gica en los pa\u00edses europeos.<br\/>Oremos para que las personas cristianas den testimonio de paz, especialmente en sus relaciones con comunidades de otras religiones. Oremos para tener el valor de difundir el Evangelio. Por favor, oremos para que nos alejemos de la idolatr\u00eda secular de la riqueza y de la salud, y nos acerquemos al Dios vivo.<\/p>\n\n<p><em>\u2014Timo Doetsch, \u2018Arbeitsgemeinschaft Mennonitischer Br\u00fcdergemeinden\u2019 en Alemania (AMBD, por sus siglas en \u00e1leman)<\/em><\/p>\n\n<p><sup>Foto: Mennonitische Freikirche Wien Austria\/Irma Sulistyorini<\/sup><\/p>\n\n<p><\/p>\n","protected":false},"excerpt":{"rendered":"<p>Demos gracias a Dios por las iniciativas de revitalizaci\u00f3n de la Iglesia en Europa. Gracias a Dios por la plantaci\u00f3n de iglesias y por la prometedora renovaci\u00f3n de la educaci\u00f3n teol\u00f3gica. Contin\u00faemos orando por un avivamiento en la iglesia y en la educaci\u00f3n teol\u00f3gica en los pa\u00edses europeos.Oremos para que las personas cristianas den testimonio [&hellip;]<\/p>\n","protected":false},"featured_media":117607,"template":"","class_list":["post-117611","prayers","type-prayers","status-publish","has-post-thumbnail","hentry"],"acf":[],"yoast_head":"<!-- This site is optimized with the Yoast SEO plugin v27.5 - https:\/\/yoast.com\/product\/yoast-seo-wordpress\/ -->\n<title>PN-July-25-Europe - Mennonite World Conference<\/title>\n<meta name=\"robots\" content=\"index, follow, max-snippet:-1, max-image-preview:large, max-video-preview:-1\" \/>\n<link rel=\"canonical\" href=\"https:\/\/mwc-cmm.org\/en\/prayer\/pn-july-25-europe\/\" \/>\n<meta property=\"og:locale\" content=\"es_ES\" \/>\n<meta property=\"og:type\" content=\"article\" \/>\n<meta property=\"og:title\" content=\"PN-July-25-Europe - Mennonite World Conference\" \/>\n<meta property=\"og:description\" content=\"Demos gracias a Dios por las iniciativas de revitalizaci\u00f3n de la Iglesia en Europa. Gracias a Dios por la plantaci\u00f3n de iglesias y por la prometedora renovaci\u00f3n de la educaci\u00f3n teol\u00f3gica. Contin\u00faemos orando por un avivamiento en la iglesia y en la educaci\u00f3n teol\u00f3gica en los pa\u00edses europeos.Oremos para que las personas cristianas den testimonio [&hellip;]\" \/>\n<meta property=\"og:url\" content=\"https:\/\/mwc-cmm.org\/en\/prayer\/pn-july-25-europe\/\" \/>\n<meta property=\"og:site_name\" content=\"Mennonite World Conference\" \/>\n<meta property=\"article:publisher\" content=\"https:\/\/www.facebook.com\/MennoniteWorldConference\" \/>\n<meta property=\"article:modified_time\" content=\"2025-07-29T13:13:56+00:00\" \/>\n<meta property=\"og:image\" content=\"https:\/\/mwc-cmm.org\/wp-content\/uploads\/2025\/07\/DSC06843-scaled.jpg\" \/>\n\t<meta property=\"og:image:width\" content=\"2560\" \/>\n\t<meta property=\"og:image:height\" content=\"1614\" \/>\n\t<meta property=\"og:image:type\" content=\"image\/jpeg\" \/>\n<script type=\"application\/ld+json\" class=\"yoast-schema-graph\">{\"@context\":\"https:\\\/\\\/schema.org\",\"@graph\":[{\"@type\":\"WebPage\",\"@id\":\"https:\\\/\\\/mwc-cmm.org\\\/en\\\/prayer\\\/pn-july-25-europe\\\/\",\"url\":\"https:\\\/\\\/mwc-cmm.org\\\/en\\\/prayer\\\/pn-july-25-europe\\\/\",\"name\":\"PN-July-25-Europe - Mennonite World Conference\",\"isPartOf\":{\"@id\":\"https:\\\/\\\/mwc-cmm.org\\\/en\\\/#website\"},\"primaryImageOfPage\":{\"@id\":\"https:\\\/\\\/mwc-cmm.org\\\/en\\\/prayer\\\/pn-july-25-europe\\\/#primaryimage\"},\"image\":{\"@id\":\"https:\\\/\\\/mwc-cmm.org\\\/en\\\/prayer\\\/pn-july-25-europe\\\/#primaryimage\"},\"thumbnailUrl\":\"https:\\\/\\\/mwc-cmm.org\\\/wp-content\\\/uploads\\\/2025\\\/07\\\/DSC06843-scaled.jpg\",\"datePublished\":\"2025-07-29T13:11:01+00:00\",\"dateModified\":\"2025-07-29T13:13:56+00:00\",\"breadcrumb\":{\"@id\":\"https:\\\/\\\/mwc-cmm.org\\\/en\\\/prayer\\\/pn-july-25-europe\\\/#breadcrumb\"},\"inLanguage\":\"es\",\"potentialAction\":[{\"@type\":\"ReadAction\",\"target\":[\"https:\\\/\\\/mwc-cmm.org\\\/en\\\/prayer\\\/pn-july-25-europe\\\/\"]}]},{\"@type\":\"ImageObject\",\"inLanguage\":\"es\",\"@id\":\"https:\\\/\\\/mwc-cmm.org\\\/en\\\/prayer\\\/pn-july-25-europe\\\/#primaryimage\",\"url\":\"https:\\\/\\\/mwc-cmm.org\\\/wp-content\\\/uploads\\\/2025\\\/07\\\/DSC06843-scaled.jpg\",\"contentUrl\":\"https:\\\/\\\/mwc-cmm.org\\\/wp-content\\\/uploads\\\/2025\\\/07\\\/DSC06843-scaled.jpg\",\"width\":2560,\"height\":1614,\"caption\":\"Mennonitische Freikirche Wien Austria\"},{\"@type\":\"BreadcrumbList\",\"@id\":\"https:\\\/\\\/mwc-cmm.org\\\/en\\\/prayer\\\/pn-july-25-europe\\\/#breadcrumb\",\"itemListElement\":[{\"@type\":\"ListItem\",\"position\":1,\"name\":\"Home\",\"item\":\"https:\\\/\\\/mwc-cmm.org\\\/es\\\/\"},{\"@type\":\"ListItem\",\"position\":2,\"name\":\"Prayers\",\"item\":\"https:\\\/\\\/mwc-cmm.org\\\/en\\\/prayer\\\/\"},{\"@type\":\"ListItem\",\"position\":3,\"name\":\"PN-July-25-Europe\"}]},{\"@type\":\"WebSite\",\"@id\":\"https:\\\/\\\/mwc-cmm.org\\\/en\\\/#website\",\"url\":\"https:\\\/\\\/mwc-cmm.org\\\/en\\\/\",\"name\":\"Mennonite World Conference\",\"description\":\"A communion of Anabaptist-related churches\",\"publisher\":{\"@id\":\"https:\\\/\\\/mwc-cmm.org\\\/en\\\/#organization\"},\"alternateName\":\"MWC\",\"potentialAction\":[{\"@type\":\"SearchAction\",\"target\":{\"@type\":\"EntryPoint\",\"urlTemplate\":\"https:\\\/\\\/mwc-cmm.org\\\/en\\\/?s={search_term_string}\"},\"query-input\":{\"@type\":\"PropertyValueSpecification\",\"valueRequired\":true,\"valueName\":\"search_term_string\"}}],\"inLanguage\":\"es\"},{\"@type\":\"Organization\",\"@id\":\"https:\\\/\\\/mwc-cmm.org\\\/en\\\/#organization\",\"name\":\"Mennonite World Conference\",\"alternateName\":\"MWC\",\"url\":\"https:\\\/\\\/mwc-cmm.org\\\/en\\\/\",\"logo\":{\"@type\":\"ImageObject\",\"inLanguage\":\"es\",\"@id\":\"https:\\\/\\\/mwc-cmm.org\\\/en\\\/#\\\/schema\\\/logo\\\/image\\\/\",\"url\":\"https:\\\/\\\/mwc-cmm.org\\\/wp-content\\\/uploads\\\/2026\\\/01\\\/MWC_Sig_Blue_Horiz_webheader1-logo.svg\",\"contentUrl\":\"https:\\\/\\\/mwc-cmm.org\\\/wp-content\\\/uploads\\\/2026\\\/01\\\/MWC_Sig_Blue_Horiz_webheader1-logo.svg\",\"width\":786,\"height\":82,\"caption\":\"Mennonite World Conference\"},\"image\":{\"@id\":\"https:\\\/\\\/mwc-cmm.org\\\/en\\\/#\\\/schema\\\/logo\\\/image\\\/\"},\"sameAs\":[\"https:\\\/\\\/www.facebook.com\\\/MennoniteWorldConference\",\"https:\\\/\\\/www.linkedin.com\\\/company\\\/mennonite-world-conference-mwc\\\/\",\"https:\\\/\\\/www.instagram.com\\\/mwcmm\\\/\",\"https:\\\/\\\/www.youtube.com\\\/user\\\/mwccmm\",\"https:\\\/\\\/bsky.app\\\/profile\\\/mwcmm.bsky.social\"]}]}<\/script>\n<!-- \/ Yoast SEO plugin. -->","yoast_head_json":{"title":"PN-July-25-Europe - Mennonite World Conference","robots":{"index":"index","follow":"follow","max-snippet":"max-snippet:-1","max-image-preview":"max-image-preview:large","max-video-preview":"max-video-preview:-1"},"canonical":"https:\/\/mwc-cmm.org\/en\/prayer\/pn-july-25-europe\/","og_locale":"es_ES","og_type":"article","og_title":"PN-July-25-Europe - Mennonite World Conference","og_description":"Demos gracias a Dios por las iniciativas de revitalizaci\u00f3n de la Iglesia en Europa. Gracias a Dios por la plantaci\u00f3n de iglesias y por la prometedora renovaci\u00f3n de la educaci\u00f3n teol\u00f3gica. Contin\u00faemos orando por un avivamiento en la iglesia y en la educaci\u00f3n teol\u00f3gica en los pa\u00edses europeos.Oremos para que las personas cristianas den testimonio [&hellip;]","og_url":"https:\/\/mwc-cmm.org\/en\/prayer\/pn-july-25-europe\/","og_site_name":"Mennonite World Conference","article_publisher":"https:\/\/www.facebook.com\/MennoniteWorldConference","article_modified_time":"2025-07-29T13:13:56+00:00","og_image":[{"width":2560,"height":1614,"url":"https:\/\/mwc-cmm.org\/wp-content\/uploads\/2025\/07\/DSC06843-scaled.jpg","type":"image\/jpeg"}],"schema":{"@context":"https:\/\/schema.org","@graph":[{"@type":"WebPage","@id":"https:\/\/mwc-cmm.org\/en\/prayer\/pn-july-25-europe\/","url":"https:\/\/mwc-cmm.org\/en\/prayer\/pn-july-25-europe\/","name":"PN-July-25-Europe - Mennonite World Conference","isPartOf":{"@id":"https:\/\/mwc-cmm.org\/en\/#website"},"primaryImageOfPage":{"@id":"https:\/\/mwc-cmm.org\/en\/prayer\/pn-july-25-europe\/#primaryimage"},"image":{"@id":"https:\/\/mwc-cmm.org\/en\/prayer\/pn-july-25-europe\/#primaryimage"},"thumbnailUrl":"https:\/\/mwc-cmm.org\/wp-content\/uploads\/2025\/07\/DSC06843-scaled.jpg","datePublished":"2025-07-29T13:11:01+00:00","dateModified":"2025-07-29T13:13:56+00:00","breadcrumb":{"@id":"https:\/\/mwc-cmm.org\/en\/prayer\/pn-july-25-europe\/#breadcrumb"},"inLanguage":"es","potentialAction":[{"@type":"ReadAction","target":["https:\/\/mwc-cmm.org\/en\/prayer\/pn-july-25-europe\/"]}]},{"@type":"ImageObject","inLanguage":"es","@id":"https:\/\/mwc-cmm.org\/en\/prayer\/pn-july-25-europe\/#primaryimage","url":"https:\/\/mwc-cmm.org\/wp-content\/uploads\/2025\/07\/DSC06843-scaled.jpg","contentUrl":"https:\/\/mwc-cmm.org\/wp-content\/uploads\/2025\/07\/DSC06843-scaled.jpg","width":2560,"height":1614,"caption":"Mennonitische Freikirche Wien Austria"},{"@type":"BreadcrumbList","@id":"https:\/\/mwc-cmm.org\/en\/prayer\/pn-july-25-europe\/#breadcrumb","itemListElement":[{"@type":"ListItem","position":1,"name":"Home","item":"https:\/\/mwc-cmm.org\/es\/"},{"@type":"ListItem","position":2,"name":"Prayers","item":"https:\/\/mwc-cmm.org\/en\/prayer\/"},{"@type":"ListItem","position":3,"name":"PN-July-25-Europe"}]},{"@type":"WebSite","@id":"https:\/\/mwc-cmm.org\/en\/#website","url":"https:\/\/mwc-cmm.org\/en\/","name":"Mennonite World Conference","description":"A communion of Anabaptist-related churches","publisher":{"@id":"https:\/\/mwc-cmm.org\/en\/#organization"},"alternateName":"MWC","potentialAction":[{"@type":"SearchAction","target":{"@type":"EntryPoint","urlTemplate":"https:\/\/mwc-cmm.org\/en\/?s={search_term_string}"},"query-input":{"@type":"PropertyValueSpecification","valueRequired":true,"valueName":"search_term_string"}}],"inLanguage":"es"},{"@type":"Organization","@id":"https:\/\/mwc-cmm.org\/en\/#organization","name":"Mennonite World Conference","alternateName":"MWC","url":"https:\/\/mwc-cmm.org\/en\/","logo":{"@type":"ImageObject","inLanguage":"es","@id":"https:\/\/mwc-cmm.org\/en\/#\/schema\/logo\/image\/","url":"https:\/\/mwc-cmm.org\/wp-content\/uploads\/2026\/01\/MWC_Sig_Blue_Horiz_webheader1-logo.svg","contentUrl":"https:\/\/mwc-cmm.org\/wp-content\/uploads\/2026\/01\/MWC_Sig_Blue_Horiz_webheader1-logo.svg","width":786,"height":82,"caption":"Mennonite World Conference"},"image":{"@id":"https:\/\/mwc-cmm.org\/en\/#\/schema\/logo\/image\/"},"sameAs":["https:\/\/www.facebook.com\/MennoniteWorldConference","https:\/\/www.linkedin.com\/company\/mennonite-world-conference-mwc\/","https:\/\/www.instagram.com\/mwcmm\/","https:\/\/www.youtube.com\/user\/mwccmm","https:\/\/bsky.app\/profile\/mwcmm.bsky.social"]}]}},"_links":{"self":[{"href":"https:\/\/mwc-cmm.org\/es\/wp-json\/wp\/v2\/prayers\/117611","targetHints":{"allow":["GET"]}}],"collection":[{"href":"https:\/\/mwc-cmm.org\/es\/wp-json\/wp\/v2\/prayers"}],"about":[{"href":"https:\/\/mwc-cmm.org\/es\/wp-json\/wp\/v2\/types\/prayers"}],"wp:featuredmedia":[{"embeddable":true,"href":"https:\/\/mwc-cmm.org\/es\/wp-json\/wp\/v2\/media\/117607"}],"wp:attachment":[{"href":"https:\/\/mwc-cmm.org\/es\/wp-json\/wp\/v2\/media?parent=117611"}],"curies":[{"name":"wp","href":"https:\/\/api.w.org\/{rel}","templated":true}]}}

<p>Demos gracias a Dios por las iniciativas de revitalización de la Iglesia en Europa. Gracias a Dios por la plantación de iglesias y por la prometedora renovación de la educación teológica. Continúemos orando por un avivamiento en la iglesia y en la educación teológica en los países europeos.<br/>Oremos para que las personas cristianas den testimonio de paz, especialmente en sus relaciones con comunidades de otras religiones. Oremos para tener el valor de difundir el Evangelio. Por favor, oremos para que nos alejemos de la idolatría secular de la riqueza y de la salud, y nos acerquemos al Dios vivo.</p>

<p><em>—Timo Doetsch, ‘Arbeitsgemeinschaft Mennonitischer Brüdergemeinden’ en Alemania (AMBD, por sus siglas en áleman)</em></p>

<p><sup>Foto: Mennonitische Freikirche Wien Austria/Irma Sulistyorini</sup></p>

<p></p>

<p>Demos gracias a Dios por las iniciativas de revitalización de la Iglesia en Europa. Gracias a Dios por la plantación de iglesias y por la prometedora renovación de la educación teológica. Continúemos orando por un avivamiento en la iglesia y en la educación teológica en los países europeos.Oremos para que las personas cristianas den testimonio [&hellip;]</p>

<!-- This site is optimized with the Yoast SEO plugin v27.5 - https://yoast.com/product/yoast-seo-wordpress/ -->
<title>PN-July-25-Europe - Mennonite World Conference</title>
<meta name="robots" content="index, follow, max-snippet:-1, max-image-preview:large, max-video-preview:-1" />
<link rel="canonical" href="https://mwc-cmm.org/en/prayer/pn-july-25-europe/" />
<meta property="og:locale" content="es_ES" />
<meta property="og:type" content="article" />
<meta property="og:title" content="PN-July-25-Europe - Mennonite World Conference" />
<meta property="og:description" content="Demos gracias a Dios por las iniciativas de revitalización de la Iglesia en Europa. Gracias a Dios por la plantación de iglesias y por la prometedora renovación de la educación teológica. Continúemos orando por un avivamiento en la iglesia y en la educación teológica en los países europeos.Oremos para que las personas cristianas den testimonio [&hellip;]" />
<meta property="og:url" content="https://mwc-cmm.org/en/prayer/pn-july-25-europe/" />
<meta property="og:site_name" content="Mennonite World Conference" />
<meta property="article:publisher" content="https://www.facebook.com/MennoniteWorldConference" />
<meta property="article:modified_time" content="2025-07-29T13:13:56+00:00" />
<meta property="og:image" content="https://mwc-cmm.org/wp-content/uploads/2025/07/DSC06843-scaled.jpg" />
	<meta property="og:image:width" content="2560" />
	<meta property="og:image:height" content="1614" />
	<meta property="og:image:type" content="image/jpeg" />
<script type="application/ld+json" class="yoast-schema-graph">{"@context":"https:\/\/schema.org","@graph":[{"@type":"WebPage","@id":"https:\/\/mwc-cmm.org\/en\/prayer\/pn-july-25-europe\/","url":"https:\/\/mwc-cmm.org\/en\/prayer\/pn-july-25-europe\/","name":"PN-July-25-Europe - Mennonite World Conference","isPartOf":{"@id":"https:\/\/mwc-cmm.org\/en\/#website"},"primaryImageOfPage":{"@id":"https:\/\/mwc-cmm.org\/en\/prayer\/pn-july-25-europe\/#primaryimage"},"image":{"@id":"https:\/\/mwc-cmm.org\/en\/prayer\/pn-july-25-europe\/#primaryimage"},"thumbnailUrl":"https:\/\/mwc-cmm.org\/wp-content\/uploads\/2025\/07\/DSC06843-scaled.jpg","datePublished":"2025-07-29T13:11:01+00:00","dateModified":"2025-07-29T13:13:56+00:00","breadcrumb":{"@id":"https:\/\/mwc-cmm.org\/en\/prayer\/pn-july-25-europe\/#breadcrumb"},"inLanguage":"es","potentialAction":[{"@type":"ReadAction","target":["https:\/\/mwc-cmm.org\/en\/prayer\/pn-july-25-europe\/"]}]},{"@type":"ImageObject","inLanguage":"es","@id":"https:\/\/mwc-cmm.org\/en\/prayer\/pn-july-25-europe\/#primaryimage","url":"https:\/\/mwc-cmm.org\/wp-content\/uploads\/2025\/07\/DSC06843-scaled.jpg","contentUrl":"https:\/\/mwc-cmm.org\/wp-content\/uploads\/2025\/07\/DSC06843-scaled.jpg","width":2560,"height":1614,"caption":"Mennonitische Freikirche Wien Austria"},{"@type":"BreadcrumbList","@id":"https:\/\/mwc-cmm.org\/en\/prayer\/pn-july-25-europe\/#breadcrumb","itemListElement":[{"@type":"ListItem","position":1,"name":"Home","item":"https:\/\/mwc-cmm.org\/es\/"},{"@type":"ListItem","position":2,"name":"Prayers","item":"https:\/\/mwc-cmm.org\/en\/prayer\/"},{"@type":"ListItem","position":3,"name":"PN-July-25-Europe"}]},{"@type":"WebSite","@id":"https:\/\/mwc-cmm.org\/en\/#website","url":"https:\/\/mwc-cmm.org\/en\/","name":"Mennonite World Conference","description":"A communion of Anabaptist-related churches","publisher":{"@id":"https:\/\/mwc-cmm.org\/en\/#organization"},"alternateName":"MWC","potentialAction":[{"@type":"SearchAction","target":{"@type":"EntryPoint","urlTemplate":"https:\/\/mwc-cmm.org\/en\/?s={search_term_string}"},"query-input":{"@type":"PropertyValueSpecification","valueRequired":true,"valueName":"search_term_string"}}],"inLanguage":"es"},{"@type":"Organization","@id":"https:\/\/mwc-cmm.org\/en\/#organization","name":"Mennonite World Conference","alternateName":"MWC","url":"https:\/\/mwc-cmm.org\/en\/","logo":{"@type":"ImageObject","inLanguage":"es","@id":"https:\/\/mwc-cmm.org\/en\/#\/schema\/logo\/image\/","url":"https:\/\/mwc-cmm.org\/wp-content\/uploads\/2026\/01\/MWC_Sig_Blue_Horiz_webheader1-logo.svg","contentUrl":"https:\/\/mwc-cmm.org\/wp-content\/uploads\/2026\/01\/MWC_Sig_Blue_Horiz_webheader1-logo.svg","width":786,"height":82,"caption":"Mennonite World Conference"},"image":{"@id":"https:\/\/mwc-cmm.org\/en\/#\/schema\/logo\/image\/"},"sameAs":["https:\/\/www.facebook.com\/MennoniteWorldConference","https:\/\/www.linkedin.com\/company\/mennonite-world-conference-mwc\/","https:\/\/www.instagram.com\/mwcmm\/","https:\/\/www.youtube.com\/user\/mwccmm","https:\/\/bsky.app\/profile\/mwcmm.bsky.social"]}]}</script>
<!-- / Yoast SEO plugin. -->

Demos gracias a Dios por las iniciativas de revitalización de la Iglesia en Europa. Gracias a Dios por la plantación de iglesias y por la prometedora renovación de la educación teológica. Continúemos orando por un avivamiento en la iglesia y en la educación teológica en los países europeos.Oremos para que las personas cristianas den testimonio [&hellip;]
