{"id":17643,"date":"2024-11-19T17:39:40","date_gmt":"2024-11-19T17:39:40","guid":{"rendered":"https:\/\/mwc-cmm.org\/en\/resources\/el-pueblo-de-dios-en-mision-una-perspectiva-anabautista-2\/"},"modified":"2025-01-16T01:43:35","modified_gmt":"2025-01-16T01:43:35","slug":"el-pueblo-de-dios-en-mision-una-perspectiva-anabautista-0","status":"publish","type":"mwcresource","link":"https:\/\/mwc-cmm.org\/es\/resources\/el-pueblo-de-dios-en-mision-una-perspectiva-anabautista-0\/","title":{"rendered":"El pueblo de Dios en misi\u00f3n: una perspectiva anabautista"},"content":{"rendered":"\n<p><a href=\"https:\/\/mwc-cmm.org\/resources\/being-anabaptist-christians-today\">El pueblo de Dios en misi\u00f3n: una perspectiva anabautista,&nbsp;<\/a>Una declaraci\u00f3n de la Comisi\u00f3n de Misiones<\/p>\n\n\n\n<div data-wp-interactive=\"core\/file\" class=\"wp-block-file\"><object data-wp-bind--hidden=\"!state.hasPdfPreview\" hidden class=\"wp-block-file__embed\" data=\"https:\/\/mwc-cmm.org\/wp-content\/uploads\/2024\/11\/libro_el_pueblo_de_dios_en_mision_version_final-22-04-2021-compressed.pdf\" type=\"application\/pdf\" style=\"width:100%;height:450px\" aria-label=\"Incrustado de libro_el_pueblo_de_dios_en_mision_version_final.\"><\/object><a id=\"wp-block-file--media-0b146af9-f79c-477b-82ec-963aee452edf\" href=\"https:\/\/mwc-cmm.org\/wp-content\/uploads\/2024\/11\/libro_el_pueblo_de_dios_en_mision_version_final-22-04-2021-compressed.pdf\">libro_el_pueblo_de_dios_en_mision_version_final<\/a><a href=\"https:\/\/mwc-cmm.org\/wp-content\/uploads\/2024\/11\/libro_el_pueblo_de_dios_en_mision_version_final-22-04-2021-compressed.pdf\" class=\"wp-block-file__button wp-element-button\" download aria-describedby=\"wp-block-file--media-0b146af9-f79c-477b-82ec-963aee452edf\">Download<\/a><\/div>\n","protected":false},"featured_media":0,"template":"","network":[1278],"resourcetype":[],"language":[1349],"resourcecategory":[1386],"resourcetheme":[],"eventcategory":[],"class_list":["post-17643","mwcresource","type-mwcresource","status-publish","hentry","network-mission-commission-es","language-es-es","resourcecategory-book-es"],"acf":[],"yoast_head":"<!-- This site is optimized with the Yoast SEO plugin v27.5 - https:\/\/yoast.com\/product\/yoast-seo-wordpress\/ -->\n<title>El pueblo de Dios en misi\u00f3n: una perspectiva anabautista - Mennonite World Conference<\/title>\n<meta name=\"robots\" content=\"index, follow, max-snippet:-1, max-image-preview:large, max-video-preview:-1\" \/>\n<link rel=\"canonical\" href=\"https:\/\/mwc-cmm.org\/es\/resources\/el-pueblo-de-dios-en-mision-una-perspectiva-anabautista-0\/\" \/>\n<meta property=\"og:locale\" content=\"es_ES\" \/>\n<meta property=\"og:type\" content=\"article\" \/>\n<meta property=\"og:title\" content=\"El pueblo de Dios en misi\u00f3n: una perspectiva anabautista - Mennonite World Conference\" \/>\n<meta property=\"og:description\" content=\"El pueblo de Dios en misi\u00f3n: una perspectiva anabautista,&nbsp;Una declaraci\u00f3n de la Comisi\u00f3n de Misiones\" \/>\n<meta property=\"og:url\" content=\"https:\/\/mwc-cmm.org\/es\/resources\/el-pueblo-de-dios-en-mision-una-perspectiva-anabautista-0\/\" \/>\n<meta property=\"og:site_name\" content=\"Mennonite World Conference\" \/>\n<meta property=\"article:publisher\" content=\"https:\/\/www.facebook.com\/MennoniteWorldConference\" \/>\n<meta property=\"article:modified_time\" content=\"2025-01-16T01:43:35+00:00\" \/>\n<script type=\"application\/ld+json\" class=\"yoast-schema-graph\">{\"@context\":\"https:\\\/\\\/schema.org\",\"@graph\":[{\"@type\":\"WebPage\",\"@id\":\"https:\\\/\\\/mwc-cmm.org\\\/es\\\/resources\\\/el-pueblo-de-dios-en-mision-una-perspectiva-anabautista-0\\\/\",\"url\":\"https:\\\/\\\/mwc-cmm.org\\\/es\\\/resources\\\/el-pueblo-de-dios-en-mision-una-perspectiva-anabautista-0\\\/\",\"name\":\"El pueblo de Dios en misi\u00f3n: una perspectiva anabautista - Mennonite World Conference\",\"isPartOf\":{\"@id\":\"https:\\\/\\\/mwc-cmm.org\\\/en\\\/#website\"},\"datePublished\":\"2024-11-19T17:39:40+00:00\",\"dateModified\":\"2025-01-16T01:43:35+00:00\",\"breadcrumb\":{\"@id\":\"https:\\\/\\\/mwc-cmm.org\\\/es\\\/resources\\\/el-pueblo-de-dios-en-mision-una-perspectiva-anabautista-0\\\/#breadcrumb\"},\"inLanguage\":\"es\",\"potentialAction\":[{\"@type\":\"ReadAction\",\"target\":[\"https:\\\/\\\/mwc-cmm.org\\\/es\\\/resources\\\/el-pueblo-de-dios-en-mision-una-perspectiva-anabautista-0\\\/\"]}]},{\"@type\":\"BreadcrumbList\",\"@id\":\"https:\\\/\\\/mwc-cmm.org\\\/es\\\/resources\\\/el-pueblo-de-dios-en-mision-una-perspectiva-anabautista-0\\\/#breadcrumb\",\"itemListElement\":[{\"@type\":\"ListItem\",\"position\":1,\"name\":\"Home\",\"item\":\"https:\\\/\\\/mwc-cmm.org\\\/es\\\/\"},{\"@type\":\"ListItem\",\"position\":2,\"name\":\"El pueblo de Dios en misi\u00f3n: una perspectiva anabautista\"}]},{\"@type\":\"WebSite\",\"@id\":\"https:\\\/\\\/mwc-cmm.org\\\/en\\\/#website\",\"url\":\"https:\\\/\\\/mwc-cmm.org\\\/en\\\/\",\"name\":\"Mennonite World Conference\",\"description\":\"A communion of Anabaptist-related churches\",\"publisher\":{\"@id\":\"https:\\\/\\\/mwc-cmm.org\\\/en\\\/#organization\"},\"alternateName\":\"MWC\",\"potentialAction\":[{\"@type\":\"SearchAction\",\"target\":{\"@type\":\"EntryPoint\",\"urlTemplate\":\"https:\\\/\\\/mwc-cmm.org\\\/en\\\/?s={search_term_string}\"},\"query-input\":{\"@type\":\"PropertyValueSpecification\",\"valueRequired\":true,\"valueName\":\"search_term_string\"}}],\"inLanguage\":\"es\"},{\"@type\":\"Organization\",\"@id\":\"https:\\\/\\\/mwc-cmm.org\\\/en\\\/#organization\",\"name\":\"Mennonite World Conference\",\"alternateName\":\"MWC\",\"url\":\"https:\\\/\\\/mwc-cmm.org\\\/en\\\/\",\"logo\":{\"@type\":\"ImageObject\",\"inLanguage\":\"es\",\"@id\":\"https:\\\/\\\/mwc-cmm.org\\\/en\\\/#\\\/schema\\\/logo\\\/image\\\/\",\"url\":\"https:\\\/\\\/mwc-cmm.org\\\/wp-content\\\/uploads\\\/2026\\\/01\\\/MWC_Sig_Blue_Horiz_webheader1-logo.svg\",\"contentUrl\":\"https:\\\/\\\/mwc-cmm.org\\\/wp-content\\\/uploads\\\/2026\\\/01\\\/MWC_Sig_Blue_Horiz_webheader1-logo.svg\",\"width\":786,\"height\":82,\"caption\":\"Mennonite World Conference\"},\"image\":{\"@id\":\"https:\\\/\\\/mwc-cmm.org\\\/en\\\/#\\\/schema\\\/logo\\\/image\\\/\"},\"sameAs\":[\"https:\\\/\\\/www.facebook.com\\\/MennoniteWorldConference\",\"https:\\\/\\\/www.linkedin.com\\\/company\\\/mennonite-world-conference-mwc\\\/\",\"https:\\\/\\\/www.instagram.com\\\/mwcmm\\\/\",\"https:\\\/\\\/www.youtube.com\\\/user\\\/mwccmm\",\"https:\\\/\\\/bsky.app\\\/profile\\\/mwcmm.bsky.social\"]}]}<\/script>\n<!-- \/ Yoast SEO plugin. -->","yoast_head_json":{"title":"El pueblo de Dios en misi\u00f3n: una perspectiva anabautista - Mennonite World Conference","robots":{"index":"index","follow":"follow","max-snippet":"max-snippet:-1","max-image-preview":"max-image-preview:large","max-video-preview":"max-video-preview:-1"},"canonical":"https:\/\/mwc-cmm.org\/es\/resources\/el-pueblo-de-dios-en-mision-una-perspectiva-anabautista-0\/","og_locale":"es_ES","og_type":"article","og_title":"El pueblo de Dios en misi\u00f3n: una perspectiva anabautista - Mennonite World Conference","og_description":"El pueblo de Dios en misi\u00f3n: una perspectiva anabautista,&nbsp;Una declaraci\u00f3n de la Comisi\u00f3n de Misiones","og_url":"https:\/\/mwc-cmm.org\/es\/resources\/el-pueblo-de-dios-en-mision-una-perspectiva-anabautista-0\/","og_site_name":"Mennonite World Conference","article_publisher":"https:\/\/www.facebook.com\/MennoniteWorldConference","article_modified_time":"2025-01-16T01:43:35+00:00","schema":{"@context":"https:\/\/schema.org","@graph":[{"@type":"WebPage","@id":"https:\/\/mwc-cmm.org\/es\/resources\/el-pueblo-de-dios-en-mision-una-perspectiva-anabautista-0\/","url":"https:\/\/mwc-cmm.org\/es\/resources\/el-pueblo-de-dios-en-mision-una-perspectiva-anabautista-0\/","name":"El pueblo de Dios en misi\u00f3n: una perspectiva anabautista - Mennonite World Conference","isPartOf":{"@id":"https:\/\/mwc-cmm.org\/en\/#website"},"datePublished":"2024-11-19T17:39:40+00:00","dateModified":"2025-01-16T01:43:35+00:00","breadcrumb":{"@id":"https:\/\/mwc-cmm.org\/es\/resources\/el-pueblo-de-dios-en-mision-una-perspectiva-anabautista-0\/#breadcrumb"},"inLanguage":"es","potentialAction":[{"@type":"ReadAction","target":["https:\/\/mwc-cmm.org\/es\/resources\/el-pueblo-de-dios-en-mision-una-perspectiva-anabautista-0\/"]}]},{"@type":"BreadcrumbList","@id":"https:\/\/mwc-cmm.org\/es\/resources\/el-pueblo-de-dios-en-mision-una-perspectiva-anabautista-0\/#breadcrumb","itemListElement":[{"@type":"ListItem","position":1,"name":"Home","item":"https:\/\/mwc-cmm.org\/es\/"},{"@type":"ListItem","position":2,"name":"El pueblo de Dios en misi\u00f3n: una perspectiva anabautista"}]},{"@type":"WebSite","@id":"https:\/\/mwc-cmm.org\/en\/#website","url":"https:\/\/mwc-cmm.org\/en\/","name":"Mennonite World Conference","description":"A communion of Anabaptist-related churches","publisher":{"@id":"https:\/\/mwc-cmm.org\/en\/#organization"},"alternateName":"MWC","potentialAction":[{"@type":"SearchAction","target":{"@type":"EntryPoint","urlTemplate":"https:\/\/mwc-cmm.org\/en\/?s={search_term_string}"},"query-input":{"@type":"PropertyValueSpecification","valueRequired":true,"valueName":"search_term_string"}}],"inLanguage":"es"},{"@type":"Organization","@id":"https:\/\/mwc-cmm.org\/en\/#organization","name":"Mennonite World Conference","alternateName":"MWC","url":"https:\/\/mwc-cmm.org\/en\/","logo":{"@type":"ImageObject","inLanguage":"es","@id":"https:\/\/mwc-cmm.org\/en\/#\/schema\/logo\/image\/","url":"https:\/\/mwc-cmm.org\/wp-content\/uploads\/2026\/01\/MWC_Sig_Blue_Horiz_webheader1-logo.svg","contentUrl":"https:\/\/mwc-cmm.org\/wp-content\/uploads\/2026\/01\/MWC_Sig_Blue_Horiz_webheader1-logo.svg","width":786,"height":82,"caption":"Mennonite World Conference"},"image":{"@id":"https:\/\/mwc-cmm.org\/en\/#\/schema\/logo\/image\/"},"sameAs":["https:\/\/www.facebook.com\/MennoniteWorldConference","https:\/\/www.linkedin.com\/company\/mennonite-world-conference-mwc\/","https:\/\/www.instagram.com\/mwcmm\/","https:\/\/www.youtube.com\/user\/mwccmm","https:\/\/bsky.app\/profile\/mwcmm.bsky.social"]}]}},"_links":{"self":[{"href":"https:\/\/mwc-cmm.org\/es\/wp-json\/wp\/v2\/mwcresource\/17643","targetHints":{"allow":["GET"]}}],"collection":[{"href":"https:\/\/mwc-cmm.org\/es\/wp-json\/wp\/v2\/mwcresource"}],"about":[{"href":"https:\/\/mwc-cmm.org\/es\/wp-json\/wp\/v2\/types\/mwcresource"}],"wp:attachment":[{"href":"https:\/\/mwc-cmm.org\/es\/wp-json\/wp\/v2\/media?parent=17643"}],"wp:term":[{"taxonomy":"network","embeddable":true,"href":"https:\/\/mwc-cmm.org\/es\/wp-json\/wp\/v2\/network?post=17643"},{"taxonomy":"resourcetype","embeddable":true,"href":"https:\/\/mwc-cmm.org\/es\/wp-json\/wp\/v2\/resourcetype?post=17643"},{"taxonomy":"language","embeddable":true,"href":"https:\/\/mwc-cmm.org\/es\/wp-json\/wp\/v2\/language?post=17643"},{"taxonomy":"resourcecategory","embeddable":true,"href":"https:\/\/mwc-cmm.org\/es\/wp-json\/wp\/v2\/resourcecategory?post=17643"},{"taxonomy":"resourcetheme","embeddable":true,"href":"https:\/\/mwc-cmm.org\/es\/wp-json\/wp\/v2\/resourcetheme?post=17643"},{"taxonomy":"eventcategory","embeddable":true,"href":"https:\/\/mwc-cmm.org\/es\/wp-json\/wp\/v2\/eventcategory?post=17643"}],"curies":[{"name":"wp","href":"https:\/\/api.w.org\/{rel}","templated":true}]}}

El pueblo de Dios en misión: una perspectiva anabautista

<p><a href="https://mwc-cmm.org/resources/being-anabaptist-christians-today">El pueblo de Dios en misión: una perspectiva anabautista,&nbsp;</a>Una declaración de la Comisión de Misiones</p>



<div data-wp-interactive="core/file" class="wp-block-file"><object data-wp-bind--hidden="!state.hasPdfPreview" hidden class="wp-block-file__embed" data="https://mwc-cmm.org/wp-content/uploads/2024/11/libro_el_pueblo_de_dios_en_mision_version_final-22-04-2021-compressed.pdf" type="application/pdf" style="width:100%;height:450px" aria-label="Incrustado de libro_el_pueblo_de_dios_en_mision_version_final."></object><a id="wp-block-file--media-0b146af9-f79c-477b-82ec-963aee452edf" href="https://mwc-cmm.org/wp-content/uploads/2024/11/libro_el_pueblo_de_dios_en_mision_version_final-22-04-2021-compressed.pdf">libro_el_pueblo_de_dios_en_mision_version_final</a><a href="https://mwc-cmm.org/wp-content/uploads/2024/11/libro_el_pueblo_de_dios_en_mision_version_final-22-04-2021-compressed.pdf" class="wp-block-file__button wp-element-button" download aria-describedby="wp-block-file--media-0b146af9-f79c-477b-82ec-963aee452edf">Download</a></div>

<!-- This site is optimized with the Yoast SEO plugin v27.5 - https://yoast.com/product/yoast-seo-wordpress/ -->
<title>El pueblo de Dios en misión: una perspectiva anabautista - Mennonite World Conference</title>
<meta name="robots" content="index, follow, max-snippet:-1, max-image-preview:large, max-video-preview:-1" />
<link rel="canonical" href="https://mwc-cmm.org/es/resources/el-pueblo-de-dios-en-mision-una-perspectiva-anabautista-0/" />
<meta property="og:locale" content="es_ES" />
<meta property="og:type" content="article" />
<meta property="og:title" content="El pueblo de Dios en misión: una perspectiva anabautista - Mennonite World Conference" />
<meta property="og:description" content="El pueblo de Dios en misión: una perspectiva anabautista,&nbsp;Una declaración de la Comisión de Misiones" />
<meta property="og:url" content="https://mwc-cmm.org/es/resources/el-pueblo-de-dios-en-mision-una-perspectiva-anabautista-0/" />
<meta property="og:site_name" content="Mennonite World Conference" />
<meta property="article:publisher" content="https://www.facebook.com/MennoniteWorldConference" />
<meta property="article:modified_time" content="2025-01-16T01:43:35+00:00" />
<script type="application/ld+json" class="yoast-schema-graph">{"@context":"https:\/\/schema.org","@graph":[{"@type":"WebPage","@id":"https:\/\/mwc-cmm.org\/es\/resources\/el-pueblo-de-dios-en-mision-una-perspectiva-anabautista-0\/","url":"https:\/\/mwc-cmm.org\/es\/resources\/el-pueblo-de-dios-en-mision-una-perspectiva-anabautista-0\/","name":"El pueblo de Dios en misión: una perspectiva anabautista - Mennonite World Conference","isPartOf":{"@id":"https:\/\/mwc-cmm.org\/en\/#website"},"datePublished":"2024-11-19T17:39:40+00:00","dateModified":"2025-01-16T01:43:35+00:00","breadcrumb":{"@id":"https:\/\/mwc-cmm.org\/es\/resources\/el-pueblo-de-dios-en-mision-una-perspectiva-anabautista-0\/#breadcrumb"},"inLanguage":"es","potentialAction":[{"@type":"ReadAction","target":["https:\/\/mwc-cmm.org\/es\/resources\/el-pueblo-de-dios-en-mision-una-perspectiva-anabautista-0\/"]}]},{"@type":"BreadcrumbList","@id":"https:\/\/mwc-cmm.org\/es\/resources\/el-pueblo-de-dios-en-mision-una-perspectiva-anabautista-0\/#breadcrumb","itemListElement":[{"@type":"ListItem","position":1,"name":"Home","item":"https:\/\/mwc-cmm.org\/es\/"},{"@type":"ListItem","position":2,"name":"El pueblo de Dios en misión: una perspectiva anabautista"}]},{"@type":"WebSite","@id":"https:\/\/mwc-cmm.org\/en\/#website","url":"https:\/\/mwc-cmm.org\/en\/","name":"Mennonite World Conference","description":"A communion of Anabaptist-related churches","publisher":{"@id":"https:\/\/mwc-cmm.org\/en\/#organization"},"alternateName":"MWC","potentialAction":[{"@type":"SearchAction","target":{"@type":"EntryPoint","urlTemplate":"https:\/\/mwc-cmm.org\/en\/?s={search_term_string}"},"query-input":{"@type":"PropertyValueSpecification","valueRequired":true,"valueName":"search_term_string"}}],"inLanguage":"es"},{"@type":"Organization","@id":"https:\/\/mwc-cmm.org\/en\/#organization","name":"Mennonite World Conference","alternateName":"MWC","url":"https:\/\/mwc-cmm.org\/en\/","logo":{"@type":"ImageObject","inLanguage":"es","@id":"https:\/\/mwc-cmm.org\/en\/#\/schema\/logo\/image\/","url":"https:\/\/mwc-cmm.org\/wp-content\/uploads\/2026\/01\/MWC_Sig_Blue_Horiz_webheader1-logo.svg","contentUrl":"https:\/\/mwc-cmm.org\/wp-content\/uploads\/2026\/01\/MWC_Sig_Blue_Horiz_webheader1-logo.svg","width":786,"height":82,"caption":"Mennonite World Conference"},"image":{"@id":"https:\/\/mwc-cmm.org\/en\/#\/schema\/logo\/image\/"},"sameAs":["https:\/\/www.facebook.com\/MennoniteWorldConference","https:\/\/www.linkedin.com\/company\/mennonite-world-conference-mwc\/","https:\/\/www.instagram.com\/mwcmm\/","https:\/\/www.youtube.com\/user\/mwccmm","https:\/\/bsky.app\/profile\/mwcmm.bsky.social"]}]}</script>
<!-- / Yoast SEO plugin. -->

El pueblo de Dios en misión: una perspectiva anabautista - Mennonite World Conference

El pueblo de Dios en misión: una perspectiva anabautista,&nbsp;Una declaración de la Comisión de Misiones
