{"id":111268,"date":"2024-11-19T17:39:40","date_gmt":"2024-11-19T17:39:40","guid":{"rendered":"https:\/\/mwc-cmm.org\/resources\/historia-del-cmm\/"},"modified":"2025-03-19T04:16:50","modified_gmt":"2025-03-19T04:16:50","slug":"historia-del-cmm","status":"publish","type":"mwcresource","link":"https:\/\/mwc-cmm.org\/es\/resources\/historia-del-cmm\/","title":{"rendered":"Historia del CMM"},"content":{"rendered":"\n<div class=\"wp-block-columns alignwide is-layout-flex wp-container-core-columns-is-layout-7fc3d43a wp-block-columns-is-layout-flex\">\n<div class=\"wp-block-column is-layout-flow wp-block-column-is-layout-flow\" style=\"flex-basis:33.33%\">\n<p>El inicio oficial del movimiento anabautista se remonta al 21 de enero de 1525, cuando un grupo de j\u00f3venes se reuni\u00f3 en una casa cerca de la catedral de Grossm\u00fcnster en Z\u00farich, Suiza, a fin de realizar el bautismo de adultos, un acto subversivo en aquel momento. \nEste fue el inicio simb\u00f3lico de lo que se conocer\u00eda como el movimiento anabautista o \u201crebautizador\u201d.<\/p>\n<\/div>\n\n\n\n<div class=\"wp-block-column is-layout-flow wp-block-column-is-layout-flow\" style=\"flex-basis:66.66%\">\n<figure class=\"wp-block-embed aligncenter is-type-video is-provider-youtube wp-block-embed-youtube wp-embed-aspect-16-9 wp-has-aspect-ratio\"><div class=\"wp-block-embed__wrapper\">\n<iframe title=\"Historia del CMM\" width=\"500\" height=\"281\" data-src=\"https:\/\/www.youtube.com\/embed\/aI8j6Gb8Igg?feature=oembed\" frameborder=\"0\" allow=\"accelerometer; autoplay; clipboard-write; encrypted-media; gyroscope; picture-in-picture; web-share\" referrerpolicy=\"strict-origin-when-cross-origin\" allowfullscreen src=\"data:image\/svg+xml;base64,PHN2ZyB3aWR0aD0iMSIgaGVpZ2h0PSIxIiB4bWxucz0iaHR0cDovL3d3dy53My5vcmcvMjAwMC9zdmciPjwvc3ZnPg==\" class=\"lazyload\" data-load-mode=\"1\"><\/iframe>\n<\/div><\/figure>\n<\/div>\n<\/div>\n\n\n\n<p><\/p>\n","protected":false},"featured_media":0,"template":"","network":[1315],"resourcetype":[1330],"language":[1341,1349,1345],"resourcecategory":[1402],"resourcetheme":[1433],"eventcategory":[1509],"class_list":["post-111268","mwcresource","type-mwcresource","status-publish","hentry","network-general-council-es","resourcetype-video-es","language-en-es","language-es-es","language-fr-es","resourcecategory-resource-document-es","resourcetheme-history-es","eventcategory-500-the-courage-to-love-es"],"acf":[],"yoast_head":"<!-- This site is optimized with the Yoast SEO plugin v27.2 - https:\/\/yoast.com\/product\/yoast-seo-wordpress\/ -->\n<title>Historia del CMM - Mennonite World Conference<\/title>\n<meta name=\"description\" content=\"El inicio oficial del movimiento anabautista se remonta al 21 de enero de 1525, cuando un grupo de j\u00f3venes se reuni\u00f3 a fin de realizar el bautismo de adultos, un acto subversivo en aquel momento.\" \/>\n<meta name=\"robots\" content=\"index, follow, max-snippet:-1, max-image-preview:large, max-video-preview:-1\" \/>\n<link rel=\"canonical\" href=\"https:\/\/mwc-cmm.org\/es\/resources\/historia-del-cmm\/\" \/>\n<meta property=\"og:locale\" content=\"es_ES\" \/>\n<meta property=\"og:type\" content=\"article\" \/>\n<meta property=\"og:title\" content=\"Historia del CMM - Mennonite World Conference\" \/>\n<meta property=\"og:description\" content=\"El inicio oficial del movimiento anabautista se remonta al 21 de enero de 1525, cuando un grupo de j\u00f3venes se reuni\u00f3 a fin de realizar el bautismo de adultos, un acto subversivo en aquel momento.\" \/>\n<meta property=\"og:url\" content=\"https:\/\/mwc-cmm.org\/es\/resources\/historia-del-cmm\/\" \/>\n<meta property=\"og:site_name\" content=\"Mennonite World Conference\" \/>\n<meta property=\"article:publisher\" content=\"https:\/\/www.facebook.com\/MennoniteWorldConference\" \/>\n<meta property=\"article:modified_time\" content=\"2025-03-19T04:16:50+00:00\" \/>\n<script type=\"application\/ld+json\" class=\"yoast-schema-graph\">{\"@context\":\"https:\/\/schema.org\",\"@graph\":[{\"@type\":\"WebPage\",\"@id\":\"https:\/\/mwc-cmm.org\/es\/resources\/historia-del-cmm\/\",\"url\":\"https:\/\/mwc-cmm.org\/es\/resources\/historia-del-cmm\/\",\"name\":\"Historia del CMM - Mennonite World Conference\",\"isPartOf\":{\"@id\":\"https:\/\/mwc-cmm.org\/en\/#website\"},\"datePublished\":\"2024-11-19T17:39:40+00:00\",\"dateModified\":\"2025-03-19T04:16:50+00:00\",\"description\":\"El inicio oficial del movimiento anabautista se remonta al 21 de enero de 1525, cuando un grupo de j\u00f3venes se reuni\u00f3 a fin de realizar el bautismo de adultos, un acto subversivo en aquel momento.\",\"breadcrumb\":{\"@id\":\"https:\/\/mwc-cmm.org\/es\/resources\/historia-del-cmm\/#breadcrumb\"},\"inLanguage\":\"es\",\"potentialAction\":[{\"@type\":\"ReadAction\",\"target\":[\"https:\/\/mwc-cmm.org\/es\/resources\/historia-del-cmm\/\"]}]},{\"@type\":\"BreadcrumbList\",\"@id\":\"https:\/\/mwc-cmm.org\/es\/resources\/historia-del-cmm\/#breadcrumb\",\"itemListElement\":[{\"@type\":\"ListItem\",\"position\":1,\"name\":\"Home\",\"item\":\"https:\/\/mwc-cmm.org\/es\/\"},{\"@type\":\"ListItem\",\"position\":2,\"name\":\"Historia del CMM\"}]},{\"@type\":\"WebSite\",\"@id\":\"https:\/\/mwc-cmm.org\/en\/#website\",\"url\":\"https:\/\/mwc-cmm.org\/en\/\",\"name\":\"Mennonite World Conference\",\"description\":\"A communion of Anabaptist-related churches\",\"publisher\":{\"@id\":\"https:\/\/mwc-cmm.org\/en\/#organization\"},\"alternateName\":\"MWC\",\"potentialAction\":[{\"@type\":\"SearchAction\",\"target\":{\"@type\":\"EntryPoint\",\"urlTemplate\":\"https:\/\/mwc-cmm.org\/en\/?s={search_term_string}\"},\"query-input\":{\"@type\":\"PropertyValueSpecification\",\"valueRequired\":true,\"valueName\":\"search_term_string\"}}],\"inLanguage\":\"es\"},{\"@type\":\"Organization\",\"@id\":\"https:\/\/mwc-cmm.org\/en\/#organization\",\"name\":\"Mennonite World Conference\",\"alternateName\":\"MWC\",\"url\":\"https:\/\/mwc-cmm.org\/en\/\",\"logo\":{\"@type\":\"ImageObject\",\"inLanguage\":\"es\",\"@id\":\"https:\/\/mwc-cmm.org\/en\/#\/schema\/logo\/image\/\",\"url\":\"https:\/\/mwc-cmm.org\/wp-content\/uploads\/2026\/01\/MWC_Sig_Blue_Horiz_webheader1-logo.svg\",\"contentUrl\":\"https:\/\/mwc-cmm.org\/wp-content\/uploads\/2026\/01\/MWC_Sig_Blue_Horiz_webheader1-logo.svg\",\"width\":786,\"height\":82,\"caption\":\"Mennonite World Conference\"},\"image\":{\"@id\":\"https:\/\/mwc-cmm.org\/en\/#\/schema\/logo\/image\/\"},\"sameAs\":[\"https:\/\/www.facebook.com\/MennoniteWorldConference\",\"https:\/\/www.linkedin.com\/company\/mennonite-world-conference-mwc\/\",\"https:\/\/www.instagram.com\/mwcmm\/\",\"https:\/\/www.youtube.com\/user\/mwccmm\",\"https:\/\/bsky.app\/profile\/mwcmm.bsky.social\"]}]}<\/script>\n<!-- \/ Yoast SEO plugin. -->","yoast_head_json":{"title":"Historia del CMM - Mennonite World Conference","description":"El inicio oficial del movimiento anabautista se remonta al 21 de enero de 1525, cuando un grupo de j\u00f3venes se reuni\u00f3 a fin de realizar el bautismo de adultos, un acto subversivo en aquel momento.","robots":{"index":"index","follow":"follow","max-snippet":"max-snippet:-1","max-image-preview":"max-image-preview:large","max-video-preview":"max-video-preview:-1"},"canonical":"https:\/\/mwc-cmm.org\/es\/resources\/historia-del-cmm\/","og_locale":"es_ES","og_type":"article","og_title":"Historia del CMM - Mennonite World Conference","og_description":"El inicio oficial del movimiento anabautista se remonta al 21 de enero de 1525, cuando un grupo de j\u00f3venes se reuni\u00f3 a fin de realizar el bautismo de adultos, un acto subversivo en aquel momento.","og_url":"https:\/\/mwc-cmm.org\/es\/resources\/historia-del-cmm\/","og_site_name":"Mennonite World Conference","article_publisher":"https:\/\/www.facebook.com\/MennoniteWorldConference","article_modified_time":"2025-03-19T04:16:50+00:00","schema":{"@context":"https:\/\/schema.org","@graph":[{"@type":"WebPage","@id":"https:\/\/mwc-cmm.org\/es\/resources\/historia-del-cmm\/","url":"https:\/\/mwc-cmm.org\/es\/resources\/historia-del-cmm\/","name":"Historia del CMM - Mennonite World Conference","isPartOf":{"@id":"https:\/\/mwc-cmm.org\/en\/#website"},"datePublished":"2024-11-19T17:39:40+00:00","dateModified":"2025-03-19T04:16:50+00:00","description":"El inicio oficial del movimiento anabautista se remonta al 21 de enero de 1525, cuando un grupo de j\u00f3venes se reuni\u00f3 a fin de realizar el bautismo de adultos, un acto subversivo en aquel momento.","breadcrumb":{"@id":"https:\/\/mwc-cmm.org\/es\/resources\/historia-del-cmm\/#breadcrumb"},"inLanguage":"es","potentialAction":[{"@type":"ReadAction","target":["https:\/\/mwc-cmm.org\/es\/resources\/historia-del-cmm\/"]}]},{"@type":"BreadcrumbList","@id":"https:\/\/mwc-cmm.org\/es\/resources\/historia-del-cmm\/#breadcrumb","itemListElement":[{"@type":"ListItem","position":1,"name":"Home","item":"https:\/\/mwc-cmm.org\/es\/"},{"@type":"ListItem","position":2,"name":"Historia del CMM"}]},{"@type":"WebSite","@id":"https:\/\/mwc-cmm.org\/en\/#website","url":"https:\/\/mwc-cmm.org\/en\/","name":"Mennonite World Conference","description":"A communion of Anabaptist-related churches","publisher":{"@id":"https:\/\/mwc-cmm.org\/en\/#organization"},"alternateName":"MWC","potentialAction":[{"@type":"SearchAction","target":{"@type":"EntryPoint","urlTemplate":"https:\/\/mwc-cmm.org\/en\/?s={search_term_string}"},"query-input":{"@type":"PropertyValueSpecification","valueRequired":true,"valueName":"search_term_string"}}],"inLanguage":"es"},{"@type":"Organization","@id":"https:\/\/mwc-cmm.org\/en\/#organization","name":"Mennonite World Conference","alternateName":"MWC","url":"https:\/\/mwc-cmm.org\/en\/","logo":{"@type":"ImageObject","inLanguage":"es","@id":"https:\/\/mwc-cmm.org\/en\/#\/schema\/logo\/image\/","url":"https:\/\/mwc-cmm.org\/wp-content\/uploads\/2026\/01\/MWC_Sig_Blue_Horiz_webheader1-logo.svg","contentUrl":"https:\/\/mwc-cmm.org\/wp-content\/uploads\/2026\/01\/MWC_Sig_Blue_Horiz_webheader1-logo.svg","width":786,"height":82,"caption":"Mennonite World Conference"},"image":{"@id":"https:\/\/mwc-cmm.org\/en\/#\/schema\/logo\/image\/"},"sameAs":["https:\/\/www.facebook.com\/MennoniteWorldConference","https:\/\/www.linkedin.com\/company\/mennonite-world-conference-mwc\/","https:\/\/www.instagram.com\/mwcmm\/","https:\/\/www.youtube.com\/user\/mwccmm","https:\/\/bsky.app\/profile\/mwcmm.bsky.social"]}]}},"_links":{"self":[{"href":"https:\/\/mwc-cmm.org\/es\/wp-json\/wp\/v2\/mwcresource\/111268","targetHints":{"allow":["GET"]}}],"collection":[{"href":"https:\/\/mwc-cmm.org\/es\/wp-json\/wp\/v2\/mwcresource"}],"about":[{"href":"https:\/\/mwc-cmm.org\/es\/wp-json\/wp\/v2\/types\/mwcresource"}],"wp:attachment":[{"href":"https:\/\/mwc-cmm.org\/es\/wp-json\/wp\/v2\/media?parent=111268"}],"wp:term":[{"taxonomy":"network","embeddable":true,"href":"https:\/\/mwc-cmm.org\/es\/wp-json\/wp\/v2\/network?post=111268"},{"taxonomy":"resourcetype","embeddable":true,"href":"https:\/\/mwc-cmm.org\/es\/wp-json\/wp\/v2\/resourcetype?post=111268"},{"taxonomy":"language","embeddable":true,"href":"https:\/\/mwc-cmm.org\/es\/wp-json\/wp\/v2\/language?post=111268"},{"taxonomy":"resourcecategory","embeddable":true,"href":"https:\/\/mwc-cmm.org\/es\/wp-json\/wp\/v2\/resourcecategory?post=111268"},{"taxonomy":"resourcetheme","embeddable":true,"href":"https:\/\/mwc-cmm.org\/es\/wp-json\/wp\/v2\/resourcetheme?post=111268"},{"taxonomy":"eventcategory","embeddable":true,"href":"https:\/\/mwc-cmm.org\/es\/wp-json\/wp\/v2\/eventcategory?post=111268"}],"curies":[{"name":"wp","href":"https:\/\/api.w.org\/{rel}","templated":true}]}}

<div class="wp-block-columns alignwide is-layout-flex wp-container-core-columns-is-layout-7fc3d43a wp-block-columns-is-layout-flex">
<div class="wp-block-column is-layout-flow wp-block-column-is-layout-flow" style="flex-basis:33.33%">
<p>El inicio oficial del movimiento anabautista se remonta al 21 de enero de 1525, cuando un grupo de jóvenes se reunió en una casa cerca de la catedral de Grossmünster en Zúrich, Suiza, a fin de realizar el bautismo de adultos, un acto subversivo en aquel momento. 
Este fue el inicio simbólico de lo que se conocería como el movimiento anabautista o “rebautizador”.</p>
</div>



<div class="wp-block-column is-layout-flow wp-block-column-is-layout-flow" style="flex-basis:66.66%">
<figure class="wp-block-embed aligncenter is-type-video is-provider-youtube wp-block-embed-youtube wp-embed-aspect-16-9 wp-has-aspect-ratio"><div class="wp-block-embed__wrapper">
<iframe title="Historia del CMM" width="500" height="281" data-src="https://www.youtube.com/embed/aI8j6Gb8Igg?feature=oembed" frameborder="0" allow="accelerometer; autoplay; clipboard-write; encrypted-media; gyroscope; picture-in-picture; web-share" referrerpolicy="strict-origin-when-cross-origin" allowfullscreen src="data:image/svg+xml;base64,PHN2ZyB3aWR0aD0iMSIgaGVpZ2h0PSIxIiB4bWxucz0iaHR0cDovL3d3dy53My5vcmcvMjAwMC9zdmciPjwvc3ZnPg==" class="lazyload" data-load-mode="1"></iframe>
</div></figure>
</div>
</div>



<p></p>

<!-- This site is optimized with the Yoast SEO plugin v27.2 - https://yoast.com/product/yoast-seo-wordpress/ -->
<title>Historia del CMM - Mennonite World Conference</title>
<meta name="description" content="El inicio oficial del movimiento anabautista se remonta al 21 de enero de 1525, cuando un grupo de jóvenes se reunió a fin de realizar el bautismo de adultos, un acto subversivo en aquel momento." />
<meta name="robots" content="index, follow, max-snippet:-1, max-image-preview:large, max-video-preview:-1" />
<link rel="canonical" href="https://mwc-cmm.org/es/resources/historia-del-cmm/" />
<meta property="og:locale" content="es_ES" />
<meta property="og:type" content="article" />
<meta property="og:title" content="Historia del CMM - Mennonite World Conference" />
<meta property="og:description" content="El inicio oficial del movimiento anabautista se remonta al 21 de enero de 1525, cuando un grupo de jóvenes se reunió a fin de realizar el bautismo de adultos, un acto subversivo en aquel momento." />
<meta property="og:url" content="https://mwc-cmm.org/es/resources/historia-del-cmm/" />
<meta property="og:site_name" content="Mennonite World Conference" />
<meta property="article:publisher" content="https://www.facebook.com/MennoniteWorldConference" />
<meta property="article:modified_time" content="2025-03-19T04:16:50+00:00" />
<script type="application/ld+json" class="yoast-schema-graph">{"@context":"https://schema.org","@graph":[{"@type":"WebPage","@id":"https://mwc-cmm.org/es/resources/historia-del-cmm/","url":"https://mwc-cmm.org/es/resources/historia-del-cmm/","name":"Historia del CMM - Mennonite World Conference","isPartOf":{"@id":"https://mwc-cmm.org/en/#website"},"datePublished":"2024-11-19T17:39:40+00:00","dateModified":"2025-03-19T04:16:50+00:00","description":"El inicio oficial del movimiento anabautista se remonta al 21 de enero de 1525, cuando un grupo de jóvenes se reunió a fin de realizar el bautismo de adultos, un acto subversivo en aquel momento.","breadcrumb":{"@id":"https://mwc-cmm.org/es/resources/historia-del-cmm/#breadcrumb"},"inLanguage":"es","potentialAction":[{"@type":"ReadAction","target":["https://mwc-cmm.org/es/resources/historia-del-cmm/"]}]},{"@type":"BreadcrumbList","@id":"https://mwc-cmm.org/es/resources/historia-del-cmm/#breadcrumb","itemListElement":[{"@type":"ListItem","position":1,"name":"Home","item":"https://mwc-cmm.org/es/"},{"@type":"ListItem","position":2,"name":"Historia del CMM"}]},{"@type":"WebSite","@id":"https://mwc-cmm.org/en/#website","url":"https://mwc-cmm.org/en/","name":"Mennonite World Conference","description":"A communion of Anabaptist-related churches","publisher":{"@id":"https://mwc-cmm.org/en/#organization"},"alternateName":"MWC","potentialAction":[{"@type":"SearchAction","target":{"@type":"EntryPoint","urlTemplate":"https://mwc-cmm.org/en/?s={search_term_string}"},"query-input":{"@type":"PropertyValueSpecification","valueRequired":true,"valueName":"search_term_string"}}],"inLanguage":"es"},{"@type":"Organization","@id":"https://mwc-cmm.org/en/#organization","name":"Mennonite World Conference","alternateName":"MWC","url":"https://mwc-cmm.org/en/","logo":{"@type":"ImageObject","inLanguage":"es","@id":"https://mwc-cmm.org/en/#/schema/logo/image/","url":"https://mwc-cmm.org/wp-content/uploads/2026/01/MWC_Sig_Blue_Horiz_webheader1-logo.svg","contentUrl":"https://mwc-cmm.org/wp-content/uploads/2026/01/MWC_Sig_Blue_Horiz_webheader1-logo.svg","width":786,"height":82,"caption":"Mennonite World Conference"},"image":{"@id":"https://mwc-cmm.org/en/#/schema/logo/image/"},"sameAs":["https://www.facebook.com/MennoniteWorldConference","https://www.linkedin.com/company/mennonite-world-conference-mwc/","https://www.instagram.com/mwcmm/","https://www.youtube.com/user/mwccmm","https://bsky.app/profile/mwcmm.bsky.social"]}]}</script>
<!-- / Yoast SEO plugin. -->

El inicio oficial del movimiento anabautista se remonta al 21 de enero de 1525, cuando un grupo de jóvenes se reunió a fin de realizar el bautismo de adultos, un acto subversivo en aquel momento.
