{"version":"1.0","provider_name":"Mennonite World Conference","provider_url":"https:\/\/mwc-cmm.org\/es\/","author_name":"mennworldcon","author_url":"https:\/\/mwc-cmm.org\/es\/stories\/author\/mennworldcon\/","title":"Una r\u00e1faga de viento recio - Mennonite World Conference","type":"rich","width":600,"height":338,"html":"<blockquote class=\"wp-embedded-content\" data-secret=\"EikxKWSCXI\"><a href=\"https:\/\/mwc-cmm.org\/es\/stories\/una-rafaga-de-viento-recio\/\">Una r\u00e1faga de viento recio<\/a><\/blockquote><iframe sandbox=\"allow-scripts\" security=\"restricted\" src=\"https:\/\/mwc-cmm.org\/es\/stories\/una-rafaga-de-viento-recio\/embed\/#?secret=EikxKWSCXI\" width=\"600\" height=\"338\" title=\"\u00abUna r\u00e1faga de viento recio\u00bb \u2014 Mennonite World Conference\" data-secret=\"EikxKWSCXI\" frameborder=\"0\" marginwidth=\"0\" marginheight=\"0\" scrolling=\"no\" class=\"wp-embedded-content\"><\/iframe><script>\n\/*! This file is auto-generated *\/\n!function(d,l){\"use strict\";l.querySelector&&d.addEventListener&&\"undefined\"!=typeof URL&&(d.wp=d.wp||{},d.wp.receiveEmbedMessage||(d.wp.receiveEmbedMessage=function(e){var t=e.data;if((t||t.secret||t.message||t.value)&&!\/[^a-zA-Z0-9]\/.test(t.secret)){for(var s,r,n,a=l.querySelectorAll('iframe[data-secret=\"'+t.secret+'\"]'),o=l.querySelectorAll('blockquote[data-secret=\"'+t.secret+'\"]'),c=new RegExp(\"^https?:$\",\"i\"),i=0;i<o.length;i++)o[i].style.display=\"none\";for(i=0;i<a.length;i++)s=a[i],e.source===s.contentWindow&&(s.removeAttribute(\"style\"),\"height\"===t.message?(1e3<(r=parseInt(t.value,10))?r=1e3:~~r<200&&(r=200),s.height=r):\"link\"===t.message&&(r=new URL(s.getAttribute(\"src\")),n=new URL(t.value),c.test(n.protocol))&&n.host===r.host&&l.activeElement===s&&(d.top.location.href=t.value))}},d.addEventListener(\"message\",d.wp.receiveEmbedMessage,!1),l.addEventListener(\"DOMContentLoaded\",function(){for(var e,t,s=l.querySelectorAll(\"iframe.wp-embedded-content\"),r=0;r<s.length;r++)(t=(e=s[r]).getAttribute(\"data-secret\"))||(t=Math.random().toString(36).substring(2,12),e.src+=\"#?secret=\"+t,e.setAttribute(\"data-secret\",t)),e.contentWindow.postMessage({message:\"ready\",secret:t},\"*\")},!1)))}(window,document);\n\/\/# sourceURL=https:\/\/mwc-cmm.org\/wp-includes\/js\/wp-embed.min.js\n<\/script>\n","thumbnail_url":"https:\/\/mwc-cmm.org\/wp-content\/uploads\/2024\/11\/rushoftheviolentwind1_-_rgb.png","thumbnail_width":1200,"thumbnail_height":795,"description":"Tres razones por las cuales el Esp\u00edritu Santo es pertinente para la iglesia actual Cincuenta d\u00edas despu\u00e9s de la Pascua Jud\u00eda, la comunidad jud\u00eda se reuni\u00f3 en Jerusal\u00e9n para la Fiesta de las Semanas. Al mismo tiempo, los seguidores de Jes\u00fas se reunieron en un cuarto aguardando la promesa del Esp\u00edritu Santo. Mientras esperaban, \u201cDe [&hellip;]"}

Una ráfaga de viento recio - Mennonite World Conference

<blockquote class="wp-embedded-content" data-secret="EikxKWSCXI"><a href="https://mwc-cmm.org/es/stories/una-rafaga-de-viento-recio/">Una ráfaga de viento recio</a></blockquote><iframe sandbox="allow-scripts" security="restricted" src="https://mwc-cmm.org/es/stories/una-rafaga-de-viento-recio/embed/#?secret=EikxKWSCXI" width="600" height="338" title="«Una ráfaga de viento recio» — Mennonite World Conference" data-secret="EikxKWSCXI" frameborder="0" marginwidth="0" marginheight="0" scrolling="no" class="wp-embedded-content"></iframe><script>
/*! This file is auto-generated */
!function(d,l){"use strict";l.querySelector&&d.addEventListener&&"undefined"!=typeof URL&&(d.wp=d.wp||{},d.wp.receiveEmbedMessage||(d.wp.receiveEmbedMessage=function(e){var t=e.data;if((t||t.secret||t.message||t.value)&&!/[^a-zA-Z0-9]/.test(t.secret)){for(var s,r,n,a=l.querySelectorAll('iframe[data-secret="'+t.secret+'"]'),o=l.querySelectorAll('blockquote[data-secret="'+t.secret+'"]'),c=new RegExp("^https?:$","i"),i=0;i<o.length;i++)o[i].style.display="none";for(i=0;i<a.length;i++)s=a[i],e.source===s.contentWindow&&(s.removeAttribute("style"),"height"===t.message?(1e3<(r=parseInt(t.value,10))?r=1e3:~~r<200&&(r=200),s.height=r):"link"===t.message&&(r=new URL(s.getAttribute("src")),n=new URL(t.value),c.test(n.protocol))&&n.host===r.host&&l.activeElement===s&&(d.top.location.href=t.value))}},d.addEventListener("message",d.wp.receiveEmbedMessage,!1),l.addEventListener("DOMContentLoaded",function(){for(var e,t,s=l.querySelectorAll("iframe.wp-embedded-content"),r=0;r<s.length;r++)(t=(e=s[r]).getAttribute("data-secret"))||(t=Math.random().toString(36).substring(2,12),e.src+="#?secret="+t,e.setAttribute("data-secret",t)),e.contentWindow.postMessage({message:"ready",secret:t},"*")},!1)))}(window,document);
//# sourceURL=https://mwc-cmm.org/wp-includes/js/wp-embed.min.js
</script>

Tres razones por las cuales el Espíritu Santo es pertinente para la iglesia actual Cincuenta días después de la Pascua Judía, la comunidad judía se reunió en Jerusalén para la Fiesta de las Semanas. Al mismo tiempo, los seguidores de Jesús se reunieron en un cuarto aguardando la promesa del Espíritu Santo. Mientras esperaban, “De [&hellip;]
