{"version":"1.0","provider_name":"Mennonite World Conference","provider_url":"https:\/\/mwc-cmm.org\/es\/","author_name":"Stephanie Setiawan","author_url":"https:\/\/mwc-cmm.org\/es\/stories\/author\/stephanie\/","title":"Una celebraci\u00f3n de reconciliaci\u00f3n - Mennonite World Conference","type":"rich","width":600,"height":338,"html":"<blockquote class=\"wp-embedded-content\" data-secret=\"MFfoALCKjR\"><a href=\"https:\/\/mwc-cmm.org\/es\/stories\/una-celebracion-de-reconciliacion\/\">Una celebraci\u00f3n de reconciliaci\u00f3n<\/a><\/blockquote><iframe sandbox=\"allow-scripts\" security=\"restricted\" src=\"https:\/\/mwc-cmm.org\/es\/stories\/una-celebracion-de-reconciliacion\/embed\/#?secret=MFfoALCKjR\" width=\"600\" height=\"338\" title=\"\u00abUna celebraci\u00f3n de reconciliaci\u00f3n\u00bb \u2014 Mennonite World Conference\" data-secret=\"MFfoALCKjR\" frameborder=\"0\" marginwidth=\"0\" marginheight=\"0\" scrolling=\"no\" class=\"wp-embedded-content\"><\/iframe><script>\n\/*! This file is auto-generated *\/\n!function(d,l){\"use strict\";l.querySelector&&d.addEventListener&&\"undefined\"!=typeof URL&&(d.wp=d.wp||{},d.wp.receiveEmbedMessage||(d.wp.receiveEmbedMessage=function(e){var t=e.data;if((t||t.secret||t.message||t.value)&&!\/[^a-zA-Z0-9]\/.test(t.secret)){for(var s,r,n,a=l.querySelectorAll('iframe[data-secret=\"'+t.secret+'\"]'),o=l.querySelectorAll('blockquote[data-secret=\"'+t.secret+'\"]'),c=new RegExp(\"^https?:$\",\"i\"),i=0;i<o.length;i++)o[i].style.display=\"none\";for(i=0;i<a.length;i++)s=a[i],e.source===s.contentWindow&&(s.removeAttribute(\"style\"),\"height\"===t.message?(1e3<(r=parseInt(t.value,10))?r=1e3:~~r<200&&(r=200),s.height=r):\"link\"===t.message&&(r=new URL(s.getAttribute(\"src\")),n=new URL(t.value),c.test(n.protocol))&&n.host===r.host&&l.activeElement===s&&(d.top.location.href=t.value))}},d.addEventListener(\"message\",d.wp.receiveEmbedMessage,!1),l.addEventListener(\"DOMContentLoaded\",function(){for(var e,t,s=l.querySelectorAll(\"iframe.wp-embedded-content\"),r=0;r<s.length;r++)(t=(e=s[r]).getAttribute(\"data-secret\"))||(t=Math.random().toString(36).substring(2,12),e.src+=\"#?secret=\"+t,e.setAttribute(\"data-secret\",t)),e.contentWindow.postMessage({message:\"ready\",secret:t},\"*\")},!1)))}(window,document);\n\/\/# sourceURL=https:\/\/mwc-cmm.org\/wp-includes\/js\/wp-embed.min.js\n<\/script>\n","thumbnail_url":"https:\/\/mwc-cmm.org\/wp-content\/uploads\/2025\/10\/54580257090_1045f085a6_o-scaled.jpg","thumbnail_width":2560,"thumbnail_height":1922,"description":"Las campanas resonaron por toda la ciudad llena de anabautistas. Se estima que m\u00e1s de 3.500 personas colmaron las calles del casco antiguo de Z\u00farich el 29 de mayo del 2025, D\u00eda de la Ascensi\u00f3n, para conmemorar el&nbsp;quincentenario&nbsp;del&nbsp;anabautismo.&nbsp; \u201cHoy en d\u00eda, como menonitas de Suiza, somos una comunidad peque\u00f1a\u201d, afirmaron Gladys Geiser y Lukas&nbsp;Amstutz, copresidentes [&hellip;]"}

Una celebración de reconciliación - Mennonite World Conference

<blockquote class="wp-embedded-content" data-secret="MFfoALCKjR"><a href="https://mwc-cmm.org/es/stories/una-celebracion-de-reconciliacion/">Una celebración de reconciliación</a></blockquote><iframe sandbox="allow-scripts" security="restricted" src="https://mwc-cmm.org/es/stories/una-celebracion-de-reconciliacion/embed/#?secret=MFfoALCKjR" width="600" height="338" title="«Una celebración de reconciliación» — Mennonite World Conference" data-secret="MFfoALCKjR" frameborder="0" marginwidth="0" marginheight="0" scrolling="no" class="wp-embedded-content"></iframe><script>
/*! This file is auto-generated */
!function(d,l){"use strict";l.querySelector&&d.addEventListener&&"undefined"!=typeof URL&&(d.wp=d.wp||{},d.wp.receiveEmbedMessage||(d.wp.receiveEmbedMessage=function(e){var t=e.data;if((t||t.secret||t.message||t.value)&&!/[^a-zA-Z0-9]/.test(t.secret)){for(var s,r,n,a=l.querySelectorAll('iframe[data-secret="'+t.secret+'"]'),o=l.querySelectorAll('blockquote[data-secret="'+t.secret+'"]'),c=new RegExp("^https?:$","i"),i=0;i<o.length;i++)o[i].style.display="none";for(i=0;i<a.length;i++)s=a[i],e.source===s.contentWindow&&(s.removeAttribute("style"),"height"===t.message?(1e3<(r=parseInt(t.value,10))?r=1e3:~~r<200&&(r=200),s.height=r):"link"===t.message&&(r=new URL(s.getAttribute("src")),n=new URL(t.value),c.test(n.protocol))&&n.host===r.host&&l.activeElement===s&&(d.top.location.href=t.value))}},d.addEventListener("message",d.wp.receiveEmbedMessage,!1),l.addEventListener("DOMContentLoaded",function(){for(var e,t,s=l.querySelectorAll("iframe.wp-embedded-content"),r=0;r<s.length;r++)(t=(e=s[r]).getAttribute("data-secret"))||(t=Math.random().toString(36).substring(2,12),e.src+="#?secret="+t,e.setAttribute("data-secret",t)),e.contentWindow.postMessage({message:"ready",secret:t},"*")},!1)))}(window,document);
//# sourceURL=https://mwc-cmm.org/wp-includes/js/wp-embed.min.js
</script>

Las campanas resonaron por toda la ciudad llena de anabautistas. Se estima que más de 3.500 personas colmaron las calles del casco antiguo de Zúrich el 29 de mayo del 2025, Día de la Ascensión, para conmemorar el&nbsp;quincentenario&nbsp;del&nbsp;anabautismo.&nbsp; “Hoy en día, como menonitas de Suiza, somos una comunidad pequeña”, afirmaron Gladys Geiser y Lukas&nbsp;Amstutz, copresidentes [&hellip;]
