{"version":"1.0","provider_name":"Mennonite World Conference","provider_url":"https:\/\/mwc-cmm.org\/es\/","author_name":"mennworldcon","author_url":"https:\/\/mwc-cmm.org\/es\/stories\/author\/mennworldcon\/","title":"Parte de una familia m\u00e1s grande - Mennonite World Conference","type":"rich","width":600,"height":338,"html":"<blockquote class=\"wp-embedded-content\" data-secret=\"N0uu0qFCHC\"><a href=\"https:\/\/mwc-cmm.org\/es\/stories\/part-of-a-bigger-family\/\">Parte de una familia m\u00e1s grande<\/a><\/blockquote><iframe sandbox=\"allow-scripts\" security=\"restricted\" src=\"https:\/\/mwc-cmm.org\/es\/stories\/part-of-a-bigger-family\/embed\/#?secret=N0uu0qFCHC\" width=\"600\" height=\"338\" title=\"\u00abParte de una familia m\u00e1s grande\u00bb \u2014 Mennonite World Conference\" data-secret=\"N0uu0qFCHC\" frameborder=\"0\" marginwidth=\"0\" marginheight=\"0\" scrolling=\"no\" class=\"wp-embedded-content\"><\/iframe><script>\n\/*! This file is auto-generated *\/\n!function(d,l){\"use strict\";l.querySelector&&d.addEventListener&&\"undefined\"!=typeof URL&&(d.wp=d.wp||{},d.wp.receiveEmbedMessage||(d.wp.receiveEmbedMessage=function(e){var t=e.data;if((t||t.secret||t.message||t.value)&&!\/[^a-zA-Z0-9]\/.test(t.secret)){for(var s,r,n,a=l.querySelectorAll('iframe[data-secret=\"'+t.secret+'\"]'),o=l.querySelectorAll('blockquote[data-secret=\"'+t.secret+'\"]'),c=new RegExp(\"^https?:$\",\"i\"),i=0;i<o.length;i++)o[i].style.display=\"none\";for(i=0;i<a.length;i++)s=a[i],e.source===s.contentWindow&&(s.removeAttribute(\"style\"),\"height\"===t.message?(1e3<(r=parseInt(t.value,10))?r=1e3:~~r<200&&(r=200),s.height=r):\"link\"===t.message&&(r=new URL(s.getAttribute(\"src\")),n=new URL(t.value),c.test(n.protocol))&&n.host===r.host&&l.activeElement===s&&(d.top.location.href=t.value))}},d.addEventListener(\"message\",d.wp.receiveEmbedMessage,!1),l.addEventListener(\"DOMContentLoaded\",function(){for(var e,t,s=l.querySelectorAll(\"iframe.wp-embedded-content\"),r=0;r<s.length;r++)(t=(e=s[r]).getAttribute(\"data-secret\"))||(t=Math.random().toString(36).substring(2,12),e.src+=\"#?secret=\"+t,e.setAttribute(\"data-secret\",t)),e.contentWindow.postMessage({message:\"ready\",secret:t},\"*\")},!1)))}(window,document);\n\/\/# sourceURL=https:\/\/mwc-cmm.org\/wp-includes\/js\/wp-embed.min.js\n<\/script>\n","thumbnail_url":"https:\/\/mwc-cmm.org\/wp-content\/uploads\/2026\/03\/ythprgrm-1-scaled.jpg","thumbnail_width":2560,"thumbnail_height":1920,"description":"Programa de j\u00f3venes fomenta interacciones llenas de confianza Por Laura Kraybill \u201cPero el Se\u00f1or me dijo, \u2018No digas \u201csoy demasiado joven,\u201d\u2019 proclam\u00f3 un coro de j\u00f3venes voces el 24 de julio de 2015 en el programa de j\u00f3venes del CMM para PA 2015. Extendidos sobre el piso de hormig\u00f3n del sal\u00f3n de j\u00f3venes, varios centenares [&hellip;]"}

Parte de una familia más grande - Mennonite World Conference

<blockquote class="wp-embedded-content" data-secret="N0uu0qFCHC"><a href="https://mwc-cmm.org/es/stories/part-of-a-bigger-family/">Parte de una familia más grande</a></blockquote><iframe sandbox="allow-scripts" security="restricted" src="https://mwc-cmm.org/es/stories/part-of-a-bigger-family/embed/#?secret=N0uu0qFCHC" width="600" height="338" title="«Parte de una familia más grande» — Mennonite World Conference" data-secret="N0uu0qFCHC" frameborder="0" marginwidth="0" marginheight="0" scrolling="no" class="wp-embedded-content"></iframe><script>
/*! This file is auto-generated */
!function(d,l){"use strict";l.querySelector&&d.addEventListener&&"undefined"!=typeof URL&&(d.wp=d.wp||{},d.wp.receiveEmbedMessage||(d.wp.receiveEmbedMessage=function(e){var t=e.data;if((t||t.secret||t.message||t.value)&&!/[^a-zA-Z0-9]/.test(t.secret)){for(var s,r,n,a=l.querySelectorAll('iframe[data-secret="'+t.secret+'"]'),o=l.querySelectorAll('blockquote[data-secret="'+t.secret+'"]'),c=new RegExp("^https?:$","i"),i=0;i<o.length;i++)o[i].style.display="none";for(i=0;i<a.length;i++)s=a[i],e.source===s.contentWindow&&(s.removeAttribute("style"),"height"===t.message?(1e3<(r=parseInt(t.value,10))?r=1e3:~~r<200&&(r=200),s.height=r):"link"===t.message&&(r=new URL(s.getAttribute("src")),n=new URL(t.value),c.test(n.protocol))&&n.host===r.host&&l.activeElement===s&&(d.top.location.href=t.value))}},d.addEventListener("message",d.wp.receiveEmbedMessage,!1),l.addEventListener("DOMContentLoaded",function(){for(var e,t,s=l.querySelectorAll("iframe.wp-embedded-content"),r=0;r<s.length;r++)(t=(e=s[r]).getAttribute("data-secret"))||(t=Math.random().toString(36).substring(2,12),e.src+="#?secret="+t,e.setAttribute("data-secret",t)),e.contentWindow.postMessage({message:"ready",secret:t},"*")},!1)))}(window,document);
//# sourceURL=https://mwc-cmm.org/wp-includes/js/wp-embed.min.js
</script>

Programa de jóvenes fomenta interacciones llenas de confianza Por Laura Kraybill “Pero el Señor me dijo, ‘No digas “soy demasiado joven,”’ proclamó un coro de jóvenes voces el 24 de julio de 2015 en el programa de jóvenes del CMM para PA 2015. Extendidos sobre el piso de hormigón del salón de jóvenes, varios centenares [&hellip;]
