{"version":"1.0","provider_name":"Mennonite World Conference","provider_url":"https:\/\/mwc-cmm.org\/es\/","author_name":"mennworldcon","author_url":"https:\/\/mwc-cmm.org\/es\/stories\/author\/mennworldcon\/","title":"\u201cLa renovaci\u00f3n vendr\u00e1 por la osad\u00eda\u201d - Mennonite World Conference","type":"rich","width":600,"height":338,"html":"<blockquote class=\"wp-embedded-content\" data-secret=\"zhCvChIiri\"><a href=\"https:\/\/mwc-cmm.org\/es\/stories\/la-renovacion-vendra-por-la-osadia\/\">\u201cLa renovaci\u00f3n vendr\u00e1 por la osad\u00eda\u201d<\/a><\/blockquote><iframe sandbox=\"allow-scripts\" security=\"restricted\" src=\"https:\/\/mwc-cmm.org\/es\/stories\/la-renovacion-vendra-por-la-osadia\/embed\/#?secret=zhCvChIiri\" width=\"600\" height=\"338\" title=\"\u00ab\u201cLa renovaci\u00f3n vendr\u00e1 por la osad\u00eda\u201d\u00bb \u2014 Mennonite World Conference\" data-secret=\"zhCvChIiri\" frameborder=\"0\" marginwidth=\"0\" marginheight=\"0\" scrolling=\"no\" class=\"wp-embedded-content\"><\/iframe><script>\n\/*! This file is auto-generated *\/\n!function(d,l){\"use strict\";l.querySelector&&d.addEventListener&&\"undefined\"!=typeof URL&&(d.wp=d.wp||{},d.wp.receiveEmbedMessage||(d.wp.receiveEmbedMessage=function(e){var t=e.data;if((t||t.secret||t.message||t.value)&&!\/[^a-zA-Z0-9]\/.test(t.secret)){for(var s,r,n,a=l.querySelectorAll('iframe[data-secret=\"'+t.secret+'\"]'),o=l.querySelectorAll('blockquote[data-secret=\"'+t.secret+'\"]'),c=new RegExp(\"^https?:$\",\"i\"),i=0;i<o.length;i++)o[i].style.display=\"none\";for(i=0;i<a.length;i++)s=a[i],e.source===s.contentWindow&&(s.removeAttribute(\"style\"),\"height\"===t.message?(1e3<(r=parseInt(t.value,10))?r=1e3:~~r<200&&(r=200),s.height=r):\"link\"===t.message&&(r=new URL(s.getAttribute(\"src\")),n=new URL(t.value),c.test(n.protocol))&&n.host===r.host&&l.activeElement===s&&(d.top.location.href=t.value))}},d.addEventListener(\"message\",d.wp.receiveEmbedMessage,!1),l.addEventListener(\"DOMContentLoaded\",function(){for(var e,t,s=l.querySelectorAll(\"iframe.wp-embedded-content\"),r=0;r<s.length;r++)(t=(e=s[r]).getAttribute(\"data-secret\"))||(t=Math.random().toString(36).substring(2,12),e.src+=\"#?secret=\"+t,e.setAttribute(\"data-secret\",t)),e.contentWindow.postMessage({message:\"ready\",secret:t},\"*\")},!1)))}(window,document);\n\/\/# sourceURL=https:\/\/mwc-cmm.org\/wp-includes\/js\/wp-embed.min.js\n<\/script>\n","thumbnail_url":"https:\/\/mwc-cmm.org\/wp-content\/uploads\/2024\/11\/201911-jnk-daring-astrid-walter-scaled.jpg","thumbnail_width":2560,"thumbnail_height":2107,"description":"No hubo \u201cteolog\u00eda anabautista\u201d en el siglo XVI \u2013 hubo muchas teolog\u00edas anabautistas, dice Astrid von Schlachta. La historiadora menonita encabeza la conmemoraci\u00f3n del 500 aniversario del anabautismo en el 2025. \u201cOsad\u00eda\u201d es el nombre de este proyecto conjunto de personas menonitas y bautistas, quienes comprenden lo que un movimiento anabautista significa para la iglesia hoy a la luz de su historia."}

“La renovación vendrá por la osadía” - Mennonite World Conference

<blockquote class="wp-embedded-content" data-secret="zhCvChIiri"><a href="https://mwc-cmm.org/es/stories/la-renovacion-vendra-por-la-osadia/">“La renovación vendrá por la osadía”</a></blockquote><iframe sandbox="allow-scripts" security="restricted" src="https://mwc-cmm.org/es/stories/la-renovacion-vendra-por-la-osadia/embed/#?secret=zhCvChIiri" width="600" height="338" title="«“La renovación vendrá por la osadía”» — Mennonite World Conference" data-secret="zhCvChIiri" frameborder="0" marginwidth="0" marginheight="0" scrolling="no" class="wp-embedded-content"></iframe><script>
/*! This file is auto-generated */
!function(d,l){"use strict";l.querySelector&&d.addEventListener&&"undefined"!=typeof URL&&(d.wp=d.wp||{},d.wp.receiveEmbedMessage||(d.wp.receiveEmbedMessage=function(e){var t=e.data;if((t||t.secret||t.message||t.value)&&!/[^a-zA-Z0-9]/.test(t.secret)){for(var s,r,n,a=l.querySelectorAll('iframe[data-secret="'+t.secret+'"]'),o=l.querySelectorAll('blockquote[data-secret="'+t.secret+'"]'),c=new RegExp("^https?:$","i"),i=0;i<o.length;i++)o[i].style.display="none";for(i=0;i<a.length;i++)s=a[i],e.source===s.contentWindow&&(s.removeAttribute("style"),"height"===t.message?(1e3<(r=parseInt(t.value,10))?r=1e3:~~r<200&&(r=200),s.height=r):"link"===t.message&&(r=new URL(s.getAttribute("src")),n=new URL(t.value),c.test(n.protocol))&&n.host===r.host&&l.activeElement===s&&(d.top.location.href=t.value))}},d.addEventListener("message",d.wp.receiveEmbedMessage,!1),l.addEventListener("DOMContentLoaded",function(){for(var e,t,s=l.querySelectorAll("iframe.wp-embedded-content"),r=0;r<s.length;r++)(t=(e=s[r]).getAttribute("data-secret"))||(t=Math.random().toString(36).substring(2,12),e.src+="#?secret="+t,e.setAttribute("data-secret",t)),e.contentWindow.postMessage({message:"ready",secret:t},"*")},!1)))}(window,document);
//# sourceURL=https://mwc-cmm.org/wp-includes/js/wp-embed.min.js
</script>

No hubo “teología anabautista” en el siglo XVI – hubo muchas teologías anabautistas, dice Astrid von Schlachta. La historiadora menonita encabeza la conmemoración del 500 aniversario del anabautismo en el 2025. “Osadía” es el nombre de este proyecto conjunto de personas menonitas y bautistas, quienes comprenden lo que un movimiento anabautista significa para la iglesia hoy a la luz de su historia.
