{"version":"1.0","provider_name":"Mennonite World Conference","provider_url":"https:\/\/mwc-cmm.org\/es\/","author_name":"mennworldcon","author_url":"https:\/\/mwc-cmm.org\/es\/stories\/author\/mennworldcon\/","title":"El gozo de la unidad cristiana - Mennonite World Conference","type":"rich","width":600,"height":338,"html":"<blockquote class=\"wp-embedded-content\" data-secret=\"95VY0sJQ7F\"><a href=\"https:\/\/mwc-cmm.org\/es\/stories\/el-gozo-de-la-unidad-cristiana\/\">El gozo de la unidad cristiana<\/a><\/blockquote><iframe sandbox=\"allow-scripts\" security=\"restricted\" src=\"https:\/\/mwc-cmm.org\/es\/stories\/el-gozo-de-la-unidad-cristiana\/embed\/#?secret=95VY0sJQ7F\" width=\"600\" height=\"338\" title=\"\u00abEl gozo de la unidad cristiana\u00bb \u2014 Mennonite World Conference\" data-secret=\"95VY0sJQ7F\" frameborder=\"0\" marginwidth=\"0\" marginheight=\"0\" scrolling=\"no\" class=\"wp-embedded-content\"><\/iframe><script>\n\/*! This file is auto-generated *\/\n!function(d,l){\"use strict\";l.querySelector&&d.addEventListener&&\"undefined\"!=typeof URL&&(d.wp=d.wp||{},d.wp.receiveEmbedMessage||(d.wp.receiveEmbedMessage=function(e){var t=e.data;if((t||t.secret||t.message||t.value)&&!\/[^a-zA-Z0-9]\/.test(t.secret)){for(var s,r,n,a=l.querySelectorAll('iframe[data-secret=\"'+t.secret+'\"]'),o=l.querySelectorAll('blockquote[data-secret=\"'+t.secret+'\"]'),c=new RegExp(\"^https?:$\",\"i\"),i=0;i<o.length;i++)o[i].style.display=\"none\";for(i=0;i<a.length;i++)s=a[i],e.source===s.contentWindow&&(s.removeAttribute(\"style\"),\"height\"===t.message?(1e3<(r=parseInt(t.value,10))?r=1e3:~~r<200&&(r=200),s.height=r):\"link\"===t.message&&(r=new URL(s.getAttribute(\"src\")),n=new URL(t.value),c.test(n.protocol))&&n.host===r.host&&l.activeElement===s&&(d.top.location.href=t.value))}},d.addEventListener(\"message\",d.wp.receiveEmbedMessage,!1),l.addEventListener(\"DOMContentLoaded\",function(){for(var e,t,s=l.querySelectorAll(\"iframe.wp-embedded-content\"),r=0;r<s.length;r++)(t=(e=s[r]).getAttribute(\"data-secret\"))||(t=Math.random().toString(36).substring(2,12),e.src+=\"#?secret=\"+t,e.setAttribute(\"data-secret\",t)),e.contentWindow.postMessage({message:\"ready\",secret:t},\"*\")},!1)))}(window,document);\n\/\/# sourceURL=https:\/\/mwc-cmm.org\/wp-includes\/js\/wp-embed.min.js\n<\/script>\n","thumbnail_url":"https:\/\/mwc-cmm.org\/wp-content\/uploads\/2024\/11\/dsc_7273.jpg","thumbnail_width":1000,"thumbnail_height":614,"description":"Celebrando la Semana de Oraci\u00f3n por la Unidad Cristiana en Alemania Por m\u00e1s de 10 a\u00f1os he estado sirviendo como pastor en la iglesia Evangelische Freikirche Mennonitengemeinde Regensburg, el barrio Burgweinting ha estado celebrando un culto ecum\u00e9nico durante la Semana de Oraci\u00f3n por la Unidad Cristiana.* Las congregaciones participantes hacen parte de la iglesia Cat\u00f3lica [&hellip;]"}

Celebrando la Semana de Oración por la Unidad Cristiana en Alemania Por más de 10 años he estado sirviendo como pastor en la iglesia Evangelische Freikirche Mennonitengemeinde Regensburg, el barrio Burgweinting ha estado celebrando un culto ecuménico durante la Semana de Oración por la Unidad Cristiana.* Las congregaciones participantes hacen parte de la iglesia Católica [&hellip;]
