{"version":"1.0","provider_name":"Mennonite World Conference","provider_url":"https:\/\/mwc-cmm.org\/es\/","author_name":"Stephanie Setiawan","author_url":"https:\/\/mwc-cmm.org\/es\/stories\/author\/stephanie\/","title":"Contribuyan lo que tengan - Mennonite World Conference","type":"rich","width":600,"height":338,"html":"<blockquote class=\"wp-embedded-content\" data-secret=\"Yv3DABbrCb\"><a href=\"https:\/\/mwc-cmm.org\/es\/stories\/contribuyan-lo-que-tengan\/\">Contribuyan lo que tengan<\/a><\/blockquote><iframe sandbox=\"allow-scripts\" security=\"restricted\" src=\"https:\/\/mwc-cmm.org\/es\/stories\/contribuyan-lo-que-tengan\/embed\/#?secret=Yv3DABbrCb\" width=\"600\" height=\"338\" title=\"\u00abContribuyan lo que tengan\u00bb \u2014 Mennonite World Conference\" data-secret=\"Yv3DABbrCb\" frameborder=\"0\" marginwidth=\"0\" marginheight=\"0\" scrolling=\"no\" class=\"wp-embedded-content\"><\/iframe><script>\n\/*! This file is auto-generated *\/\n!function(d,l){\"use strict\";l.querySelector&&d.addEventListener&&\"undefined\"!=typeof URL&&(d.wp=d.wp||{},d.wp.receiveEmbedMessage||(d.wp.receiveEmbedMessage=function(e){var t=e.data;if((t||t.secret||t.message||t.value)&&!\/[^a-zA-Z0-9]\/.test(t.secret)){for(var s,r,n,a=l.querySelectorAll('iframe[data-secret=\"'+t.secret+'\"]'),o=l.querySelectorAll('blockquote[data-secret=\"'+t.secret+'\"]'),c=new RegExp(\"^https?:$\",\"i\"),i=0;i<o.length;i++)o[i].style.display=\"none\";for(i=0;i<a.length;i++)s=a[i],e.source===s.contentWindow&&(s.removeAttribute(\"style\"),\"height\"===t.message?(1e3<(r=parseInt(t.value,10))?r=1e3:~~r<200&&(r=200),s.height=r):\"link\"===t.message&&(r=new URL(s.getAttribute(\"src\")),n=new URL(t.value),c.test(n.protocol))&&n.host===r.host&&l.activeElement===s&&(d.top.location.href=t.value))}},d.addEventListener(\"message\",d.wp.receiveEmbedMessage,!1),l.addEventListener(\"DOMContentLoaded\",function(){for(var e,t,s=l.querySelectorAll(\"iframe.wp-embedded-content\"),r=0;r<s.length;r++)(t=(e=s[r]).getAttribute(\"data-secret\"))||(t=Math.random().toString(36).substring(2,12),e.src+=\"#?secret=\"+t,e.setAttribute(\"data-secret\",t)),e.contentWindow.postMessage({message:\"ready\",secret:t},\"*\")},!1)))}(window,document);\n\/\/# sourceURL=https:\/\/mwc-cmm.org\/wp-includes\/js\/wp-embed.min.js\n<\/script>\n","thumbnail_url":"https:\/\/mwc-cmm.org\/wp-content\/uploads\/2024\/12\/202404IrmaSulistyorini20240408_103318-scaled.jpg","thumbnail_width":2560,"thumbnail_height":1920,"description":"La iglesia como cuerpo de Cristo ocupa un lugar central en la actividad de reconciliaci\u00f3n de Dios en el mundo. Quisi\u00e9ramos encarnar esta idea en nuestra estructura\u202fmundial. El Congreso Mundial Menonita (CMM) es una comunidad org\u00e1nica y no una instituci\u00f3n burocr\u00e1tica. Como iglesia mundial, estamos comprometidos a servir a la gente, y no a crear [&hellip;]"}

La iglesia como cuerpo de Cristo ocupa un lugar central en la actividad de reconciliación de Dios en el mundo. Quisiéramos encarnar esta idea en nuestra estructura mundial. El Congreso Mundial Menonita (CMM) es una comunidad orgánica y no una institución burocrática. Como iglesia mundial, estamos comprometidos a servir a la gente, y no a crear [&hellip;]
