{"version":"1.0","provider_name":"Mennonite World Conference","provider_url":"https:\/\/mwc-cmm.org\/es\/","author_name":"mennworldcon","author_url":"https:\/\/mwc-cmm.org\/es\/stories\/author\/mennworldcon\/","title":"Agua alta y manos amigas - Mennonite World Conference","type":"rich","width":600,"height":338,"html":"<blockquote class=\"wp-embedded-content\" data-secret=\"TcTuRLEDTI\"><a href=\"https:\/\/mwc-cmm.org\/es\/stories\/agua-alta-y-manos-amigas\/\">Agua alta y manos amigas<\/a><\/blockquote><iframe sandbox=\"allow-scripts\" security=\"restricted\" src=\"https:\/\/mwc-cmm.org\/es\/stories\/agua-alta-y-manos-amigas\/embed\/#?secret=TcTuRLEDTI\" width=\"600\" height=\"338\" title=\"\u00abAgua alta y manos amigas\u00bb \u2014 Mennonite World Conference\" data-secret=\"TcTuRLEDTI\" frameborder=\"0\" marginwidth=\"0\" marginheight=\"0\" scrolling=\"no\" class=\"wp-embedded-content\"><\/iframe><script>\n\/*! This file is auto-generated *\/\n!function(d,l){\"use strict\";l.querySelector&&d.addEventListener&&\"undefined\"!=typeof URL&&(d.wp=d.wp||{},d.wp.receiveEmbedMessage||(d.wp.receiveEmbedMessage=function(e){var t=e.data;if((t||t.secret||t.message||t.value)&&!\/[^a-zA-Z0-9]\/.test(t.secret)){for(var s,r,n,a=l.querySelectorAll('iframe[data-secret=\"'+t.secret+'\"]'),o=l.querySelectorAll('blockquote[data-secret=\"'+t.secret+'\"]'),c=new RegExp(\"^https?:$\",\"i\"),i=0;i<o.length;i++)o[i].style.display=\"none\";for(i=0;i<a.length;i++)s=a[i],e.source===s.contentWindow&&(s.removeAttribute(\"style\"),\"height\"===t.message?(1e3<(r=parseInt(t.value,10))?r=1e3:~~r<200&&(r=200),s.height=r):\"link\"===t.message&&(r=new URL(s.getAttribute(\"src\")),n=new URL(t.value),c.test(n.protocol))&&n.host===r.host&&l.activeElement===s&&(d.top.location.href=t.value))}},d.addEventListener(\"message\",d.wp.receiveEmbedMessage,!1),l.addEventListener(\"DOMContentLoaded\",function(){for(var e,t,s=l.querySelectorAll(\"iframe.wp-embedded-content\"),r=0;r<s.length;r++)(t=(e=s[r]).getAttribute(\"data-secret\"))||(t=Math.random().toString(36).substring(2,12),e.src+=\"#?secret=\"+t,e.setAttribute(\"data-secret\",t)),e.contentWindow.postMessage({message:\"ready\",secret:t},\"*\")},!1)))}(window,document);\n\/\/# sourceURL=https:\/\/mwc-cmm.org\/wp-includes\/js\/wp-embed.min.js\n<\/script>\n","thumbnail_url":"https:\/\/mwc-cmm.org\/wp-content\/uploads\/2024\/11\/3._foto_yang_viral_di_medsos_2.jpg","thumbnail_width":1600,"thumbnail_height":1200,"description":"En diciembre del 2022, fuertes lluvias provocaron inundaciones en varias ciudades de Java Central, Indonesia. Una de las \u00e1reas m\u00e1s afectadas fue la Aldea de Tanjung Karang, Kudus. El r\u00edo Wulan se desbord\u00f3, lo que oblig\u00f3 a cientos de personas residentes a evacuar sus hogares.&nbsp;Unas 130 personas se refugiaron en el sal\u00f3n del \u2018GKMI\u2019 Tanjung Karang (por sus siglas en indonesio), una iglesia local miembro del Congreso Mundial Menonita.*&nbsp;"}

En diciembre del 2022, fuertes lluvias provocaron inundaciones en varias ciudades de Java Central, Indonesia. Una de las áreas más afectadas fue la Aldea de Tanjung Karang, Kudus. El río Wulan se desbordó, lo que obligó a cientos de personas residentes a evacuar sus hogares.&nbsp;Unas 130 personas se refugiaron en el salón del ‘GKMI’ Tanjung Karang (por sus siglas en indonesio), una iglesia local miembro del Congreso Mundial Menonita.*&nbsp;
